Results for 4.1.0 20050711 (experimental) testsuite on i686-pc-linux-gnu
Laurent GUERBY
laurent@guerby.net
Tue Jul 12 09:49:00 GMT 2005
With patch from http://gcc.gnu.org/bugzilla/show_bug.cgi?id=22336
LAST_UPDATED: Mon Jul 11 22:29:49 UTC 2005
=== acats tests ===
FAIL: c32001e
FAIL: c34007p
FAIL: c34007r
FAIL: c45282b
FAIL: c64105b
FAIL: c95086b
FAIL: cd10002
FAIL: cdd2a02
=== acats Summary ===
# of expected passes 2311
# of unexpected failures 8
Native configuration is i686-pc-linux-gnu
=== gcc tests ===
Running target unix
XPASS: gcc.dg/vect/vect-22.c scan-tree-dump-times vectorized 3 loops 1
XPASS: gcc.dg/vect/vect-67.c scan-tree-dump-times vectorized 1 loops 1
=== gcc Summary ===
# of expected passes 36480
# of unexpected successes 2
# of expected failures 94
# of untested testcases 28
# of unsupported tests 330
/home/guerby/work/gcc/build/build-20050712T004840/gcc/xgcc version 4.1.0 20050711 (experimental)
Compiler version: 4.1.0 20050711 (experimental)
Platform: i686-pc-linux-gnu
configure flags: --prefix=/home/guerby/work/gcc/install/install-20050712T004840 --enable-__cxa_atexit --disable-nls --enable-threads=posix --disable-multilib --enable-checking --enable-languages=c,ada
More information about the Gcc-testresults
mailing list