Results for 4.1.0 20050709 (experimental) testsuite on i686-pc-linux-gnu
Laurent GUERBY
laurent@guerby.net
Sun Jul 10 09:29:00 GMT 2005
LAST_UPDATED: Sat Jul 9 23:06:33 UTC 2005
=== acats tests ===
FAIL: c32001e
FAIL: c34007p
FAIL: c34007r
FAIL: c45282b
FAIL: c52102b
FAIL: c52102d
FAIL: c64105b
FAIL: c95086b
FAIL: cd10002
FAIL: cdd2a02
=== acats Summary ===
# of expected passes 2309
# of unexpected failures 10
Native configuration is i686-pc-linux-gnu
=== gcc tests ===
Running target unix
XPASS: gcc.dg/vect/vect-22.c scan-tree-dump-times vectorized 3 loops 1
XPASS: gcc.dg/vect/vect-67.c scan-tree-dump-times vectorized 1 loops 1
=== gcc Summary ===
# of expected passes 36480
# of unexpected successes 2
# of expected failures 94
# of untested testcases 28
# of unsupported tests 330
/home/guerby/work/gcc/build/build-20050710T022634/gcc/xgcc version 4.1.0 20050709 (experimental)
Compiler version: 4.1.0 20050709 (experimental)
Platform: i686-pc-linux-gnu
configure flags: --prefix=/home/guerby/work/gcc/install/install-20050710T022634 --enable-__cxa_atexit --disable-nls --enable-threads=posix --disable-multilib --enable-checking --enable-languages=c,ada
More information about the Gcc-testresults
mailing list