Results for 4.1.0 20050709 (experimental) testsuite on powerpc-apple-darwin7.9.0
Andrew Pinski
pinskia@physics.uc.edu
Sat Jul 9 23:25:00 GMT 2005
LAST_UPDATED: Sat Jul 9 21:33:33 UTC 2005
Native configuration is powerpc-apple-darwin7.9.0
=== acats support ===
Generating support files... done.
Compiling support files... done.
=== acats tests ===
Running chapter a ...
Running chapter c2 ...
FAIL: c250002
Running chapter c3 ...
FAIL: c32001e
FAIL: c34007p
FAIL: c34007r
Running chapter c4 ...
FAIL: c45282b
Running chapter c5 ...
FAIL: c52102b
FAIL: c52102d
FAIL: c52103x
Running chapter c6 ...
FAIL: c64105b
Running chapter c7 ...
Running chapter c8 ...
Running chapter c9 ...
FAIL: c95086b
Running chapter ca ...
Running chapter cb ...
Running chapter cc ...
FAIL: cc3224a
Running chapter cd ...
FAIL: cd10002
FAIL: cdd2a02
Running chapter ce ...
Running chapter cxa ...
FAIL: cxaca01
Running chapter cxb ...
Running chapter cxf ...
Running chapter cxg ...
Running chapter cxh ...
Running chapter cz ...
Running chapter d ...
Running chapter e ...
Running chapter gcc ...
Running chapter l ...
=== acats Summary ===
# of expected passes 2305
# of unexpected failures 14
*** FAILURES: c250002 c32001e c34007p c34007r c45282b c52102b c52102d
c52103x c64105b c95086b cc3224a cd10002 cdd2a02 cxaca01
More information about the Gcc-testresults
mailing list