Results for 4.1.0 20050707 (experimental) testsuite on hppa2.0w-hp-hpux11.11
CodeSourcery Automatic Testing System
gcc@codesourcery.com
Thu Jul 7 19:09:00 GMT 2005
LAST_UPDATED: Thu Jul 7 09:36:36 UTC 2005
Native configuration is hppa2.0w-hp-hpux11.11
=== g++ tests ===
Running target unix
FAIL: g++.dg/opt/inline4.C (test for excess errors)
FAIL: g++.dg/tree-ssa/pr14814.C scan-tree-dump-times &this 0
=== g++ Summary ===
# of expected passes 10767
# of unexpected failures 2
# of expected failures 66
# of unsupported tests 136
/scratch/gcc/nightly-2005-07-07-mainline/hppa2.0w-hp-hpux11.11/build_gcc/install/bin/c++ version 4.1.0 20050707 (experimental)
=== gcc tests ===
Running target unix
FAIL: gcc.c-torture/execute/simd-2.c compilation, -O2
UNRESOLVED: gcc.c-torture/execute/simd-2.c execution, -O2
FAIL: gcc.c-torture/execute/simd-2.c compilation, -O3 -fomit-frame-pointer
UNRESOLVED: gcc.c-torture/execute/simd-2.c execution, -O3 -fomit-frame-pointer
FAIL: gcc.c-torture/execute/simd-2.c compilation, -O3 -g
UNRESOLVED: gcc.c-torture/execute/simd-2.c execution, -O3 -g
FAIL: gcc.c-torture/execute/simd-2.c compilation, -Os
UNRESOLVED: gcc.c-torture/execute/simd-2.c execution, -Os
FAIL: gcc.dg/special/weak-1.c execution test
FAIL: gcc.dg/tree-ssa/vrp17.c scan-tree-dump-times == 3 1
=== gcc Summary ===
# of expected passes 34916
# of unexpected failures 6
# of expected failures 71
# of unresolved testcases 4
# of untested testcases 28
# of unsupported tests 581
/scratch/gcc/nightly-2005-07-07-mainline/hppa2.0w-hp-hpux11.11/build_gcc/install/bin/gcc version 4.1.0 20050707 (experimental)
=== libstdc++ tests ===
Running target unix
FAIL: 23_containers/vector/bool/6886.cc (test for excess errors)
WARNING: 23_containers/vector/bool/6886.cc compilation failed to produce executable
=== libstdc++ Summary ===
# of expected passes 2467
# of unexpected failures 1
# of expected failures 12
# of unsupported tests 153
Compiler version: 4.1.0 20050707 (experimental)
Platform: hppa2.0w-hp-hpux11.11
configure flags: --disable-nls --build=hppa2.0w-hp-hpux11.11 --host=hppa2.0w-hp-hpux11.11 --target=hppa2.0w-hp-hpux11.11 --enable-threads=posix --disable-libmudflap --disable-libssp --with-gnu-as --with-as=/scratch/gcc/nightly-2005-07-07-mainline/hppa2.0w-hp-hpux11.11/build_gcc/install/bin/as --without-gnu-ld --with-ld=/usr/ccs/bin/ld --prefix=/scratch/gcc/nightly-2005-07-07-mainline/hppa2.0w-hp-hpux11.11/build_gcc/install --enable-languages=c,c++
More information about the Gcc-testresults
mailing list