Results for 4.1.0 20050702 (experimental) testsuite on i686-pc-linux-gnu
rasky@develer.com
rasky@develer.com
Sat Jul 2 19:09:00 GMT 2005
LAST_UPDATED: Fri Oct 15 01:15:32 UTC 2004
=== acats tests ===
FAIL: c32001e
FAIL: c37213j
FAIL: c37213l
FAIL: c52011a
FAIL: c52102b
FAIL: c52102d
FAIL: c64105b
FAIL: c95086b
FAIL: cd10002
FAIL: cd2b11a
FAIL: cd2b11b
FAIL: cdd2a02
=== acats Summary ===
# of expected passes 2307
# of unexpected failures 12
Native configuration is i686-pc-linux-gnu
=== gcc tests ===
Running target unix
XPASS: gcc.dg/vect/vect-22.c scan-tree-dump-times vectorized 3 loops 1
XPASS: gcc.dg/vect/vect-67.c scan-tree-dump-times vectorized 1 loops 1
=== gcc Summary ===
# of expected passes 36336
# of unexpected successes 2
# of expected failures 94
# of untested testcases 28
# of unsupported tests 329
/home/rasky/gcc/mainline/out/gcc/xgcc version 4.1.0 20050702 (experimental)
=== gfortran tests ===
Running target unix
=== gfortran Summary ===
# of expected passes 7471
# of expected failures 17
# of unsupported tests 8
/home/rasky/gcc/mainline/out/gcc/testsuite/../gfortran version 4.1.0 20050702 (experimental)
=== g++ tests ===
Running target unix
FAIL: g++.dg/tree-ssa/pr14814.C scan-tree-dump-times &this 0
=== objc tests ===
Running target unix
FAIL: objc/execute/string1.m compilation, -O0
UNRESOLVED: objc/execute/string1.m execution, -O0
FAIL: objc/execute/string1.m compilation, -O1
UNRESOLVED: objc/execute/string1.m execution, -O1
FAIL: objc/execute/string1.m compilation, -O2
UNRESOLVED: objc/execute/string1.m execution, -O2
FAIL: objc/execute/string1.m compilation, -O3 -fomit-frame-pointer
UNRESOLVED: objc/execute/string1.m execution, -O3 -fomit-frame-pointer
FAIL: objc/execute/string1.m compilation, -O3 -g
UNRESOLVED: objc/execute/string1.m execution, -O3 -g
FAIL: objc/execute/string1.m compilation, -Os
UNRESOLVED: objc/execute/string1.m execution, -Os
FAIL: objc/execute/string2.m compilation, -O0
UNRESOLVED: objc/execute/string2.m execution, -O0
FAIL: objc/execute/string2.m compilation, -O1
UNRESOLVED: objc/execute/string2.m execution, -O1
FAIL: objc/execute/string2.m compilation, -O2
UNRESOLVED: objc/execute/string2.m execution, -O2
FAIL: objc/execute/string2.m compilation, -O3 -fomit-frame-pointer
UNRESOLVED: objc/execute/string2.m execution, -O3 -fomit-frame-pointer
FAIL: objc/execute/string2.m compilation, -O3 -g
UNRESOLVED: objc/execute/string2.m execution, -O3 -g
FAIL: objc/execute/string2.m compilation, -Os
UNRESOLVED: objc/execute/string2.m execution, -Os
FAIL: objc/execute/string3.m compilation, -O0
UNRESOLVED: objc/execute/string3.m execution, -O0
FAIL: objc/execute/string3.m compilation, -O1
UNRESOLVED: objc/execute/string3.m execution, -O1
FAIL: objc/execute/string3.m compilation, -O2
UNRESOLVED: objc/execute/string3.m execution, -O2
FAIL: objc/execute/string3.m compilation, -O3 -fomit-frame-pointer
UNRESOLVED: objc/execute/string3.m execution, -O3 -fomit-frame-pointer
FAIL: objc/execute/string3.m compilation, -O3 -g
UNRESOLVED: objc/execute/string3.m execution, -O3 -g
FAIL: objc/execute/string3.m compilation, -Os
UNRESOLVED: objc/execute/string3.m execution, -Os
FAIL: objc/execute/string4.m compilation, -O0
UNRESOLVED: objc/execute/string4.m execution, -O0
FAIL: objc/execute/string4.m compilation, -O1
UNRESOLVED: objc/execute/string4.m execution, -O1
FAIL: objc/execute/string4.m compilation, -O2
UNRESOLVED: objc/execute/string4.m execution, -O2
FAIL: objc/execute/string4.m compilation, -O3 -fomit-frame-pointer
UNRESOLVED: objc/execute/string4.m execution, -O3 -fomit-frame-pointer
FAIL: objc/execute/string4.m compilation, -O3 -g
UNRESOLVED: objc/execute/string4.m execution, -O3 -g
FAIL: objc/execute/string4.m compilation, -Os
UNRESOLVED: objc/execute/string4.m execution, -Os
FAIL: objc.dg/const-str-5.m (test for excess errors)
=== objc Summary ===
# of expected passes 1539
# of unexpected failures 25
# of unresolved testcases 24
# of unsupported tests 23
/home/rasky/gcc/mainline/out/gcc/xgcc version 4.1.0 20050702 (experimental)
=== treelang tests ===
Running target unix
FAIL: treelang/compile/var_defs.tree (test for warnings, line 18)
FAIL: treelang/compile/var_defs.tree (test for warnings, line 23)
=== treelang Summary ===
# of expected passes 46
# of unexpected failures 2
=== libffi tests ===
Running target unix
=== libffi Summary ===
# of expected passes 219
# of unsupported tests 2
=== libjava tests ===
Running target unix
FAIL: Divide_1 execution - source compiled test
FAIL: Divide_1 output - gij test
FAIL: Divide_1 execution - bytecode->native test
FAIL: Divide_1 -O3 output - source compiled test
FAIL: Divide_1 output - gij test
FAIL: Divide_1 -O3 output - bytecode->native test
=== libjava Summary ===
# of expected passes 3897
# of unexpected failures 6
# of expected failures 10
# of untested testcases 10
=== libmudflap tests ===
Running target unix
FAIL: libmudflap.cth/pass40-frag.c execution test
FAIL: libmudflap.cth/pass40-frag.c output pattern test
FAIL: libmudflap.cth/pass40-frag.c (-O2) execution test
FAIL: libmudflap.cth/pass40-frag.c (-O2) output pattern test
FAIL: libmudflap.cth/pass40-frag.c (-O3) execution test
FAIL: libmudflap.cth/pass40-frag.c (-O3) output pattern test
=== libmudflap Summary ===
# of expected passes 1765
# of unexpected failures 6
=== libstdc++ tests ===
Running target unix
FAIL: abi_check
FAIL: 22_locale/locale/cons/12658_thread-1.cc execution test
FAIL: 22_locale/locale/cons/12658_thread-2.cc execution test
XPASS: 26_numerics/cmath/c99_classification_macros_c.cc (test for excess errors)
WARNING: program timed out.
FAIL: thread/pthread1.cc execution test
=== libstdc++ Summary ===
# of expected passes 3847
# of unexpected failures 4
# of unexpected successes 1
# of expected failures 13
Compiler version: 4.1.0 20050702 (experimental)
Platform: i686-pc-linux-gnu
configure flags: --enable-languages=c,ada,c++,f95,java,objc,treelang
More information about the Gcc-testresults
mailing list