Results for 4.0.0 20050129 (experimental) testsuite on hppa64-hp-hpux11.11
John David Anglin
dave@hiauly3.hia.nrc.ca
Sat Jan 29 17:20:00 GMT 2005
LAST_UPDATED: Sat Jan 29 00:52:49 UTC 2005
Native configuration is hppa64-hp-hpux11.11
=== g++ tests ===
Running target unix
FAIL: g++.dg/abi/inline1.C scan-assembler-not _ZTV1S
WARNING: program timed out.
FAIL: g++.dg/eh/cleanup1.C (test for excess errors)
FAIL: g++.dg/rtti/tinfo1.C scan-assembler _ZTIP9CTemplateIhE[: \\t]
FAIL: g++.dg/warn/weak1.C (test for excess errors)
WARNING: g++.dg/warn/weak1.C compilation failed to produce executable
WARNING: g++.old-deja/g++.mike/p10769a.C compilation failed to produce executable
=== g++ Summary ===
# of expected passes 10104
# of unexpected failures 4
# of expected failures 73
# of unsupported tests 105
/test/gnu/gcc-3.3/objdir/gcc/testsuite/../g++ version 4.0.0 20050129 (experimental)
=== gcc tests ===
Running target unix
FAIL: gcc.c-torture/execute/builtins/strlen-3.c compilation, -O1
UNRESOLVED: gcc.c-torture/execute/builtins/strlen-3.c execution, -O1
FAIL: gcc.c-torture/execute/ieee/mzero6.c compilation, -O0
UNRESOLVED: gcc.c-torture/execute/ieee/mzero6.c execution, -O0
XPASS: gcc.dg/funcorder.c scan-assembler-not link_error,%r
FAIL: gcc.dg/sibcall-3.c execution test
FAIL: gcc.dg/sibcall-4.c execution test
FAIL: gcc.dg/titype-1.c (test for excess errors)
WARNING: gcc.dg/titype-1.c compilation failed to produce executable
FAIL: gcc.dg/uninit-C.c (test for excess errors)
=== gcc Summary ===
# of expected passes 31400
# of unexpected failures 6
# of unexpected successes 1
# of expected failures 65
# of unresolved testcases 2
# of untested testcases 28
# of unsupported tests 483
/test/gnu/gcc-3.3/objdir/gcc/xgcc version 4.0.0 20050129 (experimental)
=== gfortran tests ===
Running target unix
XPASS: gfortran.dg/ret_pointer_1.f90 -O0 execution test
XPASS: gfortran.dg/ret_pointer_1.f90 -O1 execution test
XPASS: gfortran.dg/ret_pointer_1.f90 -O2 execution test
XPASS: gfortran.dg/ret_pointer_1.f90 -O3 -fomit-frame-pointer execution test
XPASS: gfortran.dg/ret_pointer_1.f90 -O3 -fomit-frame-pointer -funroll-loops execution test
XPASS: gfortran.dg/ret_pointer_1.f90 -O3 -fomit-frame-pointer -funroll-all-loops -finline-functions execution test
XPASS: gfortran.dg/ret_pointer_1.f90 -O3 -g execution test
XPASS: gfortran.dg/ret_pointer_1.f90 -Os execution test
FAIL: gfortran.fortran-torture/execute/forall_3.f90 execution, -O0
FAIL: gfortran.fortran-torture/execute/forall_3.f90 execution, -O1
FAIL: gfortran.fortran-torture/execute/forall_3.f90 execution, -O2
FAIL: gfortran.fortran-torture/execute/forall_3.f90 execution, -O3 -fomit-frame-pointer
FAIL: gfortran.fortran-torture/execute/forall_3.f90 execution, -O3 -fomit-frame-pointer -funroll-loops
FAIL: gfortran.fortran-torture/execute/forall_3.f90 execution, -O3 -fomit-frame-pointer -funroll-all-loops -finline-functions
FAIL: gfortran.fortran-torture/execute/forall_3.f90 execution, -O3 -g
FAIL: gfortran.fortran-torture/execute/forall_3.f90 execution, -Os
=== gfortran Summary ===
# of expected passes 5193
# of unexpected failures 8
# of unexpected successes 8
# of expected failures 18
# of unsupported tests 8
/test/gnu/gcc-3.3/objdir/gcc/testsuite/../gfortran version 4.0.0 20050129 (experimental)
=== objc tests ===
Running target unix
FAIL: objc.dg/stabs-1.m (test for excess errors)
ERROR: objc.dg/stabs-1.m: error executing dg-final: couldn't open "stabs-1.s": no such file or directory
UNRESOLVED: objc.dg/stabs-1.m: error executing dg-final: couldn't open "stabs-1.s": no such file or directory
=== objc Summary ===
# of expected passes 1532
# of unexpected failures 1
# of unresolved testcases 1
# of unsupported tests 10
/test/gnu/gcc-3.3/objdir/gcc/xgcc version 4.0.0 20050129 (experimental)
=== libstdc++ tests ===
Running target unix
=== libstdc++ Summary ===
# of expected passes 3442
# of expected failures 5
# of unsupported tests 19
Compiler version: 4.0.0 20050129 (experimental)
Platform: hppa64-hp-hpux11.11
configure flags: --with-gnu-as --with-as=/opt/gnu64/bin/as --with-ld=/usr/ccs/bin/ld --enable-shared --disable-nls --with-local-prefix=/opt/gnu64 --prefix=/opt/gnu64/gcc/gcc-4.0.0 --host=hppa64-hp-hpux11.11 --enable-threads=posix --disable-libmudflap --enable-languages=c,c++,f95,java,objc
More information about the Gcc-testresults
mailing list