Results for 4.0.0 20050124 (experimental) gfortran testsuite on sparc-sun-solaris2.9
Francois-Xavier Coudert
coudert@lcp.u-psud.fr
Mon Jan 24 14:51:00 GMT 2005
LAST_UPDATED:
Native configuration is sparc-sun-solaris2.9
=== gfortran tests ===
Running target unix
XPASS: gfortran.dg/ret_pointer_1.f90 -O0 execution test
XPASS: gfortran.dg/ret_pointer_1.f90 -O1 execution test
XPASS: gfortran.dg/ret_pointer_1.f90 -O2 execution test
XPASS: gfortran.dg/ret_pointer_1.f90 -O3 -fomit-frame-pointer execution test
XPASS: gfortran.dg/ret_pointer_1.f90 -O3 -fomit-frame-pointer -funroll-loops execution test
XPASS: gfortran.dg/ret_pointer_1.f90 -O3 -fomit-frame-pointer -funroll-all-loops -finline-functions execution test
XPASS: gfortran.dg/ret_pointer_1.f90 -O3 -g execution test
FAIL: gfortran.fortran-torture/execute/forall_3.f90 execution, -O1
FAIL: gfortran.fortran-torture/execute/intrinsic_nearest.f90 execution, -O0
FAIL: gfortran.fortran-torture/execute/intrinsic_nearest.f90 execution, -O1
FAIL: gfortran.fortran-torture/execute/intrinsic_nearest.f90 execution, -O2
FAIL: gfortran.fortran-torture/execute/intrinsic_nearest.f90 execution, -O3 -fomit-frame-pointer
FAIL: gfortran.fortran-torture/execute/intrinsic_nearest.f90 execution, -O3 -fomit-frame-pointer -funroll-loops
FAIL: gfortran.fortran-torture/execute/intrinsic_nearest.f90 execution, -O3 -fomit-frame-pointer -funroll-all-loops -finline-functions
FAIL: gfortran.fortran-torture/execute/intrinsic_nearest.f90 execution, -O3 -g
FAIL: gfortran.fortran-torture/execute/intrinsic_nearest.f90 execution, -Os
=== gfortran Summary ===
# of expected passes5192
# of unexpected failures9
# of unexpected successes7
# of expected failures19
# of unsupported tests8
/tmp/gfortran-20050124/ibin/gcc/testsuite/../gfortran version 4.0.0 20050124 (experimental)
Compiler version: 4.0.0 20050124 (experimental) gfortran
Platform: sparc-sun-solaris2.9
configure flags: --prefix=/tmp/gfortran-20050124/irun --enable-languages=c,f95,;t t
More information about the Gcc-testresults
mailing list