Results for 4.0.0 20050123 (experimental) testsuite on x86_64-unknown-linux-gnu
H.J. Lu
hjl@gnu-20.sc.intel.com
Mon Jan 24 00:10:00 GMT 2005
LAST_UPDATED: Sun Jan 23 19:31:40 UTC 2005
Native configuration is x86_64-unknown-linux-gnu
=== g++ tests ===
Running target unix/-m32
FAIL: g++.dg/eh/simd-1.C (test for excess errors)
FAIL: g++.dg/eh/simd-2.C (test for excess errors)
WARNING: g++.old-deja/g++.mike/p10769a.C compilation failed to produce executable
FAIL: g++.old-deja/g++.robertl/eb132.C (test for excess errors)
FAIL: g++.old-deja/g++.robertl/eb73.C (test for excess errors)
=== g++ Summary for unix/-m32 ===
# of expected passes 10549
# of unexpected failures 4
# of expected failures 72
# of unsupported tests 88
Running target unix
FAIL: g++.dg/init/vector1.C (test for excess errors)
WARNING: g++.dg/init/vector1.C compilation failed to produce executable
WARNING: g++.old-deja/g++.mike/p10769a.C compilation failed to produce executable
FAIL: g++.old-deja/g++.robertl/eb132.C (test for excess errors)
FAIL: g++.old-deja/g++.robertl/eb73.C (test for excess errors)
=== g++ Summary for unix ===
# of expected passes 10517
# of unexpected failures 3
# of expected failures 72
# of unsupported tests 90
=== g++ Summary ===
# of expected passes 21066
# of unexpected failures 7
# of expected failures 144
# of unsupported tests 178
/export/build/gnu/gcc/build-x86_64-linux/gcc/testsuite/../g++ version 4.0.0 20050123 (experimental)
=== gcc tests ===
Running target unix/-m32
FAIL: gcc.c-torture/execute/ieee/20010114-2.c execution, -O1
FAIL: gcc.c-torture/execute/ieee/20010114-2.c execution, -O2
FAIL: gcc.c-torture/execute/ieee/20010114-2.c execution, -Os
FAIL: gcc.c-torture/execute/ieee/20030331-1.c execution, -O1
FAIL: gcc.c-torture/execute/ieee/20030331-1.c execution, -O2
FAIL: gcc.c-torture/execute/ieee/20030331-1.c execution, -O3 -fomit-frame-pointer
FAIL: gcc.c-torture/execute/ieee/20030331-1.c execution, -O3 -g
FAIL: gcc.c-torture/execute/ieee/20030331-1.c execution, -Os
FAIL: gcc.c-torture/execute/ieee/980619-1.c execution, -O1
FAIL: gcc.c-torture/execute/ieee/980619-1.c execution, -O2
FAIL: gcc.c-torture/execute/ieee/980619-1.c execution, -O3 -fomit-frame-pointer
FAIL: gcc.c-torture/execute/ieee/980619-1.c execution, -O3 -fomit-frame-pointer -funroll-loops
FAIL: gcc.c-torture/execute/ieee/980619-1.c execution, -O3 -fomit-frame-pointer -funroll-all-loops -finline-functions
FAIL: gcc.c-torture/execute/ieee/980619-1.c execution, -O3 -g
FAIL: gcc.c-torture/execute/ieee/980619-1.c execution, -Os
XPASS: gcc.dg/vect/vect-22.c scan-tree-dump-times vectorized 3 loops 1
FAIL: gcc.misc-tests/shlib/protfunc-1.c execution, -O
=== gcc Summary for unix/-m32 ===
# of expected passes 32403
# of unexpected failures 16
# of unexpected successes 1
# of expected failures 95
# of untested testcases 28
# of unsupported tests 416
Running target unix
XPASS: gcc.dg/vect/vect-22.c scan-tree-dump-times vectorized 3 loops 1
FAIL: testsuite/protfunc-1-dso.o, -shared
FAIL: gcc.misc-tests/shlib/protfunc-1.c compilation, -O
UNRESOLVED: gcc.misc-tests/shlib/protfunc-1.c execution, -O
=== gcc Summary for unix ===
# of expected passes 32413
# of unexpected failures 2
# of unexpected successes 1
# of expected failures 99
# of unresolved testcases 1
# of untested testcases 28
# of unsupported tests 416
=== gcc Summary ===
# of expected passes 64816
# of unexpected failures 18
# of unexpected successes 2
# of expected failures 194
# of unresolved testcases 1
# of untested testcases 56
# of unsupported tests 832
/export/build/gnu/gcc/build-x86_64-linux/gcc/xgcc version 4.0.0 20050123 (experimental)
=== objc tests ===
Running target unix/-m32
=== objc Summary for unix/-m32 ===
# of expected passes 1531
# of unsupported tests 10
Running target unix
=== objc Summary for unix ===
# of expected passes 1531
# of unsupported tests 10
=== objc Summary ===
# of expected passes 3062
# of unsupported tests 20
/export/build/gnu/gcc/build-x86_64-linux/gcc/xgcc version 4.0.0 20050123 (experimental)
=== libffi tests ===
Running target unix/-m32
=== libffi Summary for unix/-m32 ===
# of expected passes 216
# of unsupported tests 2
Running target unix
=== libffi Summary for unix ===
# of expected passes 216
# of unsupported tests 2
=== libffi Summary ===
# of expected passes 432
# of unsupported tests 4
=== libjava tests ===
Running target unix/-m32
=== libjava Summary for unix/-m32 ===
# of expected passes 3720
# of expected failures 14
# of untested testcases 16
Running target unix
=== libjava Summary for unix ===
# of expected passes 3720
# of expected failures 14
# of untested testcases 16
=== libjava Summary ===
# of expected passes 7440
# of expected failures 28
# of untested testcases 32
=== libmudflap tests ===
Running target unix/-m32
=== libmudflap Summary for unix/-m32 ===
# of expected passes 1280
Running target unix
=== libmudflap Summary for unix ===
# of expected passes 1280
=== libmudflap Summary ===
# of expected passes 2560
=== libstdc++ tests ===
Running target unix/-m32
XPASS: 22_locale/locale/cons/12658_thread-1.cc execution test
FAIL: 22_locale/messages/members/char/1.cc execution test
FAIL: 22_locale/messages/members/char/2.cc execution test
FAIL: 22_locale/messages/members/char/wrapped_env.cc execution test
FAIL: 22_locale/messages/members/char/wrapped_locale.cc execution test
FAIL: 22_locale/messages_byname/named_equivalence.cc execution test
XPASS: 26_numerics/cmath/c99_classification_macros_c.cc (test for excess errors)
=== libstdc++ Summary for unix/-m32 ===
# of expected passes 3367
# of unexpected failures 5
# of unexpected successes 2
# of expected failures 5
Running target unix
XPASS: 22_locale/locale/cons/12658_thread-1.cc execution test
XPASS: 26_numerics/cmath/c99_classification_macros_c.cc (test for excess errors)
XPASS: 27_io/fpos/14320-1.cc execution test
=== libstdc++ Summary for unix ===
# of expected passes 3372
# of unexpected successes 3
# of expected failures 4
=== libstdc++ Summary ===
# of expected passes 6739
# of unexpected failures 5
# of unexpected successes 5
# of expected failures 9
Compiler version: 4.0.0 20050123 (experimental)
Platform: x86_64-unknown-linux-gnu
configure flags: --enable-clocale=gnu --with-system-zlib --with-demangler-in-ld --enable-shared --enable-threads=posix --enable-haifa --disable-checking --prefix=/usr/gcc-4.0 --with-local-prefix=/usr/local --enable-languages=c,c++,java,objc
More information about the Gcc-testresults
mailing list