Results for 4.0.0 20050122 (experimental) testsuite on powerpc-apple-darwin7.4.0
regress
regress@gcc-regress.apple.com
Sun Jan 23 07:31:00 GMT 2005
LAST_UPDATED:
Native configuration is powerpc-apple-darwin7.4.0
=== g++ tests ===
Running target unix
FAIL: g++.dg/ext/visibility/pragma-override1.C (test for excess errors)
FAIL: g++.dg/ext/visibility/pragma-override1.C scan-assembler \\\\.internal.*Foo.methodEv
FAIL: g++.dg/ext/visibility/pragma-override1.C (test for excess errors)
FAIL: g++.dg/ext/visibility/pragma-override1.C scan-assembler \\\\.internal.*Foo.methodEv
FAIL: g++.dg/ext/visibility/pragma-override2.C (test for excess errors)
FAIL: g++.dg/ext/visibility/pragma-override2.C scan-assembler \\\\.internal.*Foo.methodEv
FAIL: g++.dg/ext/visibility/pragma-override2.C (test for excess errors)
FAIL: g++.dg/ext/visibility/pragma-override2.C scan-assembler \\\\.internal.*Foo.methodEv
FAIL: g++.dg/warn/weak1.C (test for excess errors)
WARNING: g++.dg/warn/weak1.C compilation failed to produce executable
FAIL: g++.dg/special/conpr-3.C execution test
XPASS: g++.old-deja/g++.eh/badalloc1.C execution test
WARNING: g++.old-deja/g++.mike/p10769a.C compilation failed to produce executable
FAIL: g++.old-deja/g++.robertl/eb132.C (test for excess errors)
FAIL: g++.old-deja/g++.robertl/eb73.C (test for excess errors)
=== g++ Summary ===
# of expected passes 10553
# of unexpected failures 12
# of unexpected successes 1
# of expected failures 72
# of unsupported tests 98
/Users/regress/tbox/native/build/gcc/testsuite/../g++ version 4.0.0 20050122 (experimental)
=== gcc tests ===
Running target unix
FAIL: tmpdir-gcc.dg-struct-layout-1/t001 c_compat_x_tst.o-c_compat_y_tst.o execute
FAIL: tmpdir-gcc.dg-struct-layout-1/t024 c_compat_x_tst.o-c_compat_y_tst.o execute
FAIL: tmpdir-gcc.dg-struct-layout-1/t025 c_compat_x_tst.o-c_compat_y_tst.o execute
FAIL: tmpdir-gcc.dg-struct-layout-1/t026 c_compat_x_tst.o-c_compat_y_tst.o execute
FAIL: tmpdir-gcc.dg-struct-layout-1/t027 c_compat_x_tst.o-c_compat_y_tst.o execute
FAIL: tmpdir-gcc.dg-struct-layout-1/t028 c_compat_x_tst.o-c_compat_y_tst.o execute
FAIL: gcc.dg/darwin-longlong.c execution test
FAIL: gcc.dg/rs6000-power2-2.c scan-assembler-not lfd
FAIL: gcc.dg/rs6000-power2-2.c scan-assembler lfq
FAIL: gcc.dg/rs6000-power2-2.c scan-assembler stfq
XPASS: gcc.dg/tree-ssa/20040204-1.c scan-tree-dump-times link_error 0
FAIL: gcc.dg/vect/vect-82_64.c execution test
FAIL: gcc.dg/vect/vect-83_64.c execution test
FAIL: gcc.dg/vmx/darwin-abi-3.c execution test
FAIL: gcc.dg/vmx/darwin-abi-3.c execution test
FAIL: gcc.dg/vmx/darwin-abi-3.c execution test
FAIL: gcc.dg/vmx/darwin-abi-3.c execution test
FAIL: gcc.dg/vmx/darwin-abi-3.c execution test
FAIL: gcc.dg/vmx/darwin-abi-3.c execution test
=== gcc Summary ===
# of expected passes 34120
# of unexpected failures 18
# of unexpected successes 1
# of expected failures 94
# of untested testcases 28
# of unsupported tests 424
/Users/regress/tbox/native/build/gcc/xgcc version 4.0.0 20050122 (experimental)
=== objc tests ===
Running target unix
=== objc Summary ===
# of expected passes 1554
# of unsupported tests 1
/Users/regress/tbox/native/build/gcc/xgcc version 4.0.0 20050122 (experimental)
=== libffi tests ===
Running target unix
=== libffi Summary ===
# of expected passes 216
# of unsupported tests 2
=== libjava tests ===
Running target unix
=== libjava Summary ===
# of expected passes 3720
# of expected failures 14
# of untested testcases 16
=== libstdc++ tests ===
Running target unix
FAIL: 18_support/numeric_limits.cc execution test
FAIL: 22_locale/money_get/get/char/5.cc execution test
FAIL: 22_locale/money_get/get/wchar_t/5.cc execution test
FAIL: 22_locale/num_get/get/char/10.cc execution test
FAIL: 22_locale/num_get/get/char/4.cc execution test
FAIL: 22_locale/num_get/get/wchar_t/10.cc execution test
FAIL: 22_locale/num_get/get/wchar_t/4.cc execution test
FAIL: 26_numerics/complex/13450.cc (test for excess errors)
WARNING: 26_numerics/complex/13450.cc compilation failed to produce executable
FAIL: 27_io/basic_istream/extractors_arithmetic/char/01.cc execution test
FAIL: 27_io/basic_istream/extractors_arithmetic/wchar_t/01.cc execution test
FAIL: 27_io/ios_base/storage/11584.cc execution test
FAIL: ext/mt_allocator/check_new.cc execution test
FAIL: ext/pool_allocator/check_new.cc execution test
=== libstdc++ Summary ===
# of expected passes 3342
# of unexpected failures 13
# of expected failures 5
# of unsupported tests 9
Compiler version: 4.0.0 20050122 (experimental)
Platform: powerpc-apple-darwin7.4.0
configure flags: --prefix=/Users/regress/tbox/objs --target=powerpc-apple-darwin7.4.0 --enable-languages=c,c++,java,objc
More information about the Gcc-testresults
mailing list