Results for 4.0.020050121(experimental) gfortran testsuite on i686-pc-linux-gnu
Francois-Xavier Coudert
coudert@lcp.u-psud.fr
Fri Jan 21 08:53:00 GMT 2005
LAST_UPDATED:
Native configuration is i686-pc-linux-gnu
=== gfortran tests ===
Running target unix
XPASS: gfortran.dg/ret_pointer_1.f90 -O0 execution test
XPASS: gfortran.dg/ret_pointer_1.f90 -O1 execution test
XPASS: gfortran.dg/ret_pointer_1.f90 -O3 -fomit-frame-pointer execution test
XPASS: gfortran.dg/ret_pointer_1.f90 -O3 -fomit-frame-pointer -funroll-loops execution test
XPASS: gfortran.dg/ret_pointer_1.f90 -O3 -fomit-frame-pointer -funroll-all-loops -finline-functions execution test
FAIL: gfortran.fortran-torture/execute/forall_3.f90 execution, -O1
=== gfortran Summary ===
# of expected passes5131
# of unexpected failures1
# of unexpected successes5
# of expected failures21
/tmp/gfortran-20050121/ibin/gcc/testsuite/../gfortran version 4.0.0 20050121 (experimental)
Compiler version: 4.0.020050121(experimental) gfortran
Platform: i686-pc-linux-gnu
configure flags: --prefix=/tmp/gfortran-20050121/irun --enable-languages=c,f95,;t t
More information about the Gcc-testresults
mailing list