Results for 4.0.0 20050120 (experimental) gfortran testsuite on sparc-sun-solaris2.9
Francois-Xavier Coudert
coudert@clipper.ens.fr
Thu Jan 20 07:02:00 GMT 2005
LAST_UPDATED:
Native configuration is sparc-sun-solaris2.9
=== gfortran tests ===
Running target unix
XPASS: gfortran.dg/ret_pointer_1.f90 -O0 execution test
XPASS: gfortran.dg/ret_pointer_1.f90 -O1 execution test
XPASS: gfortran.dg/ret_pointer_1.f90 -O2 execution test
XPASS: gfortran.dg/ret_pointer_1.f90 -O3 -fomit-frame-pointer execution test
XPASS: gfortran.dg/ret_pointer_1.f90 -O3 -fomit-frame-pointer -funroll-loops execution test
XPASS: gfortran.dg/ret_pointer_1.f90 -O3 -fomit-frame-pointer -funroll-all-loops -finline-functions execution test
XPASS: gfortran.dg/ret_pointer_1.f90 -O3 -g execution test
FAIL: gfortran.dg/write_to_null.f90 -O0 execution test
FAIL: gfortran.dg/write_to_null.f90 -O1 execution test
FAIL: gfortran.dg/write_to_null.f90 -O2 execution test
FAIL: gfortran.dg/write_to_null.f90 -O3 -fomit-frame-pointer execution test
FAIL: gfortran.dg/write_to_null.f90 -O3 -fomit-frame-pointer -funroll-loops execution test
FAIL: gfortran.dg/write_to_null.f90 -O3 -fomit-frame-pointer -funroll-all-loops -finline-functions execution test
FAIL: gfortran.dg/write_to_null.f90 -O3 -g execution test
FAIL: gfortran.dg/write_to_null.f90 -Os execution test
FAIL: gfortran.dg/g77/980616-0.f -O cannot appear (test for errors, line 8)
FAIL: gfortran.dg/g77/980616-0.f -O end of file (test for errors, line )
FAIL: gfortran.dg/g77/980616-0.f -O (test for excess errors)
FAIL: gfortran.fortran-torture/execute/forall_3.f90 execution, -O1
FAIL: gfortran.fortran-torture/execute/intrinsic_nearest.f90 execution, -O0
FAIL: gfortran.fortran-torture/execute/intrinsic_nearest.f90 execution, -O1
FAIL: gfortran.fortran-torture/execute/intrinsic_nearest.f90 execution, -O2
FAIL: gfortran.fortran-torture/execute/intrinsic_nearest.f90 execution, -O3 -fomit-frame-pointer
FAIL: gfortran.fortran-torture/execute/intrinsic_nearest.f90 execution, -O3 -fomit-frame-pointer -funroll-loops
FAIL: gfortran.fortran-torture/execute/intrinsic_nearest.f90 execution, -O3 -fomit-frame-pointer -funroll-all-loops -finline-functions
FAIL: gfortran.fortran-torture/execute/intrinsic_nearest.f90 execution, -O3 -g
FAIL: gfortran.fortran-torture/execute/intrinsic_nearest.f90 execution, -Os
FAIL: gfortran.fortran-torture/execute/intrinsic_transpose.f90 execution, -O1
=== gfortran Summary ===
# of expected passes4990
# of unexpected failures21
# of unexpected successes7
# of expected failures19
# of unsupported tests8
/tmp/gfortran-20050120/ibin/gcc/testsuite/../gfortran version 4.0.0 20050120 (experimental)
Compiler version: 4.0.0 20050120 (experimental) gfortran
Platform: sparc-sun-solaris2.9
configure flags: --prefix=/tmp/gfortran-20050120/irun --enable-languages=c,f95,;t t
More information about the Gcc-testresults
mailing list