Results for 3.3.6 20050117 (prerelease) testsuite on i586-mandrake-linux-gnu
Eric Botcazou
eric@localhost.localhost
Mon Jan 17 18:50:00 GMT 2005
LAST_UPDATED: Mon Jan 17 05:43:36 UTC 2005
Native configuration is i586-mandrake-linux-gnu
=== g77 tests ===
Running target unix
=== g77 Summary ===
# of expected passes 1720
# of unsupported tests 8
/home/eric/build/gcc-3_3-branch/native32/gcc/testsuite/../g77 version 3.3.6 20050117 (prerelease)
=== gcc tests ===
Running target unix
FAIL: gcc.dg/duff-2.c (test for excess errors)
=== gcc Summary ===
# of expected passes 21471
# of unexpected failures 1
# of expected failures 69
# of unsupported tests 101
/home/eric/build/gcc-3_3-branch/native32/gcc/xgcc version 3.3.6 20050117 (prerelease)
=== g++ tests ===
Running target unix
FAIL: g++.other/decl5.C caused compiler crash
XPASS: g++.other/init5.C Execution test
=== g++ Summary ===
# of expected passes 8256
# of unexpected failures 1
# of unexpected successes 1
# of expected failures 91
# of untested testcases 9
# of unsupported tests 15
/home/eric/build/gcc-3_3-branch/native32/gcc/testsuite/../g++ version 3.3.6 20050117 (prerelease)
=== objc tests ===
Running target unix
=== objc Summary ===
# of expected passes 1166
/home/eric/build/gcc-3_3-branch/native32/gcc/xgcc version 3.3.6 20050117 (prerelease)
=== libstdc++-v3 check-abi Summary ===
# of added symbols: 97
# of missing symbols: 46
# of incompatible symbols: 92
using: /home/eric/cvs/gcc-3_3-branch/libstdc++-v3/config/abi/i486-linux-gnu/baseline_symbols.txt
=== libstdc++-v3 tests ===
Running target unix
FAIL: 22_locale/ctype_scan_wchar_t.cc execution test
=== libstdc++-v3 Summary ===
# of expected passes 452
# of unexpected failures 1
# of expected failures 28
Compiler version: 3.3.6 20050117 (prerelease)
Platform: i586-mandrake-linux-gnu
configure flags: --host=i586-mandrake-linux-gnu --prefix=/home/eric/install/gcc-3_3-branch/native32 --with-as=/usr/bin/i586-mandrake-linux-gnu-as --with-ld=/usr/bin/i586-mandrake-linux-gnu-ld --enable-__cxa_atexit --enable-languages=c,c++,objc,f77,java --enable-checking=misc,tree,rtlflag --disable-libgcj
More information about the Gcc-testresults
mailing list