Results for 4.0.0 20050117 (experimental) testsuite on powerpc-apple-darwin7.7.0
Andrew Pinski
pinskia@physics.uc.edu
Mon Jan 17 18:30:00 GMT 2005
LAST_UPDATED: Mon Jan 17 05:36:40 UTC 2005
=== acats tests ===
FAIL: c250002
FAIL: c32001e
FAIL: c34002a
FAIL: c37402a <-- timeout
FAIL: c391002
FAIL: c43214c
FAIL: c460007
FAIL: c52011a
FAIL: c52103m
FAIL: c64105b
FAIL: c95086b
FAIL: cc1221d
FAIL: cd10002
FAIL: cd2b11a
FAIL: cd2b11b
FAIL: cdd2a02
FAIL: cxaca01
=== acats Summary ===
# of expected passes 2305
# of unexpected failures 17
Native configuration is powerpc-apple-darwin7.7.0
=== gcc tests ===
Running target unix
FAIL: tmpdir-gcc.dg-struct-layout-1/t001
c_compat_x_tst.o-c_compat_y_tst.o execute
FAIL: tmpdir-gcc.dg-struct-layout-1/t024
c_compat_x_tst.o-c_compat_y_tst.o execute
FAIL: tmpdir-gcc.dg-struct-layout-1/t025
c_compat_x_tst.o-c_compat_y_tst.o execute
FAIL: tmpdir-gcc.dg-struct-layout-1/t026
c_compat_x_tst.o-c_compat_y_tst.o execute
FAIL: tmpdir-gcc.dg-struct-layout-1/t027
c_compat_x_tst.o-c_compat_y_tst.o execute
FAIL: tmpdir-gcc.dg-struct-layout-1/t028
c_compat_x_tst.o-c_compat_y_tst.o execute
FAIL: gcc.dg/darwin-longlong.c execution test
FAIL: gcc.dg/rs6000-power2-2.c scan-assembler-not lfd
FAIL: gcc.dg/rs6000-power2-2.c scan-assembler lfq
FAIL: gcc.dg/rs6000-power2-2.c scan-assembler stfq
XPASS: gcc.dg/tree-ssa/20040204-1.c scan-tree-dump-times link_error 0
FAIL: gcc.dg/vect/vect-82_64.c execution test
FAIL: gcc.dg/vect/vect-83_64.c execution test
XPASS: gcc.dg/vect/vect-85.c scan-tree-dump-times vectorized 1 loops 1
FAIL: gcc.dg/vmx/darwin-abi-3.c -O0 execution test
FAIL: gcc.dg/vmx/darwin-abi-3.c -O1 execution test
FAIL: gcc.dg/vmx/darwin-abi-3.c -O2 execution test
FAIL: gcc.dg/vmx/darwin-abi-3.c -O3 -fomit-frame-pointer execution
test
FAIL: gcc.dg/vmx/darwin-abi-3.c -O3 -g execution test
FAIL: gcc.dg/vmx/darwin-abi-3.c -Os execution test
=== gcc Summary ===
# of expected passes 32872
# of unexpected failures 18
# of unexpected successes 2
# of expected failures 98
# of untested testcases 28
# of unsupported tests 422
/Users/pinskia/src/local2/gcc/objdir/gcc/xgcc version 4.0.0 20050117
(experimental)
Compiler version: 4.0.0 20050117 (experimental)
Platform: powerpc-apple-darwin7.7.0
configure flags: --prefix=/Users/pinskia/local2 --enable-languages=c,ada
More information about the Gcc-testresults
mailing list