Results for 4.0.0 20050114 (experimental) testsuite on sparc-sun-solaris2.9
Bradley J Lucier
lucier@math.purdue.edu
Sat Jan 15 11:57:00 GMT 2005
LAST_UPDATED: Fri Jan 14 17:18:06 UTC 2005
Native configuration is sparc-sun-solaris2.9
=== g++ tests ===
Running target unix/-m64
FAIL: g++.old-deja/g++.benjamin/14664-1.C (test for errors, line 11)
FAIL: g++.old-deja/g++.benjamin/14664-1.C (test for excess errors)
FAIL: g++.old-deja/g++.brendan/array1.C (test for errors, line 6)
FAIL: g++.old-deja/g++.brendan/array1.C (test for excess errors)
FAIL: g++.old-deja/g++.brendan/bit-fields2.C (test for errors, line 10)
FAIL: g++.old-deja/g++.brendan/bit-fields2.C (test for errors, line 11)
FAIL: g++.old-deja/g++.brendan/bit-fields2.C (test for excess errors)
FAIL: g++.old-deja/g++.brendan/friend3.C (test for errors, line 8)
FAIL: g++.old-deja/g++.brendan/friend3.C (test for excess errors)
FAIL: g++.old-deja/g++.brendan/init4.C (test for errors, line 5)
FAIL: g++.old-deja/g++.brendan/init4.C (test for excess errors)
FAIL: g++.old-deja/g++.brendan/operators2.C (test for errors, line 4)
FAIL: g++.old-deja/g++.brendan/operators2.C (test for excess errors)
FAIL: g++.old-deja/g++.brendan/static1.C (test for errors, line 3)
FAIL: g++.old-deja/g++.brendan/static1.C (test for errors, line 4)
FAIL: g++.old-deja/g++.brendan/static1.C (test for excess errors)
FAIL: g++.old-deja/g++.bugs/900221_01.C (test for errors, line 19)
FAIL: g++.old-deja/g++.bugs/900221_01.C (test for excess errors)
FAIL: g++.old-deja/g++.jason/access17.C (test for errors, line 24)
FAIL: g++.old-deja/g++.jason/conversion11.C (test for errors, line 26)
FAIL: g++.old-deja/g++.jason/delete1.C (test for errors, line 4)
FAIL: g++.old-deja/g++.jason/delete1.C (test for errors, line 5)
FAIL: g++.old-deja/g++.jason/delete1.C (test for excess errors)
FAIL: g++.old-deja/g++.jason/delete3.C (test for errors, line 9)
FAIL: g++.old-deja/g++.jason/delete3.C (test for errors, line 18)
FAIL: g++.old-deja/g++.jason/delete3.C (test for excess errors)
FAIL: g++.old-deja/g++.jason/lineno5.C (test for errors, line 9)
FAIL: g++.old-deja/g++.jason/lineno5.C (test for excess errors)
FAIL: g++.old-deja/g++.jason/overload.C (test for errors, line 5)
FAIL: g++.old-deja/g++.jason/overload.C (test for excess errors)
FAIL: g++.old-deja/g++.jason/overload6.C (test for errors, line 14)
FAIL: g++.old-deja/g++.jason/overload6.C (test for excess errors)
FAIL: g++.old-deja/g++.jason/ref5.C (test for errors, line 4)
FAIL: g++.old-deja/g++.jason/ref5.C (test for errors, line 5)
FAIL: g++.old-deja/g++.jason/ref5.C (test for excess errors)
FAIL: g++.old-deja/g++.jason/rfg13.C (test for errors, line 11)
FAIL: g++.old-deja/g++.jason/rfg13.C (test for excess errors)
FAIL: g++.old-deja/g++.jason/rfg26.C (test for errors, line 9)
FAIL: g++.old-deja/g++.jason/rfg26.C (test for excess errors)
FAIL: g++.old-deja/g++.jason/scoping8.C (test for errors, line 4)
FAIL: g++.old-deja/g++.jason/scoping8.C (test for errors, line 7)
FAIL: g++.old-deja/g++.jason/scoping8.C (test for excess errors)
FAIL: g++.old-deja/g++.law/access5.C (test for errors, line 16)
FAIL: g++.old-deja/g++.law/access5.C (test for errors, line 22)
FAIL: g++.old-deja/g++.law/access5.C (test for excess errors)
FAIL: g++.old-deja/g++.law/casts3.C (test for errors, line 9)
FAIL: g++.old-deja/g++.law/casts3.C (test for excess errors)
FAIL: g++.old-deja/g++.law/cvt11.C (test for errors, line 13)
FAIL: g++.old-deja/g++.law/cvt11.C (test for excess errors)
FAIL: g++.old-deja/g++.law/init3.C (test for errors, line 11)
FAIL: g++.old-deja/g++.law/init3.C (test for excess errors)
WARNING: g++.old-deja/g++.mike/p10769a.C compilation failed to produce executable
FAIL: g++.old-deja/g++.mike/p4263.C (test for errors, line 8)
FAIL: g++.old-deja/g++.mike/p4263.C (test for errors, line 9)
FAIL: g++.old-deja/g++.mike/p4263.C (test for errors, line 10)
FAIL: g++.old-deja/g++.mike/p4263.C (test for excess errors)
FAIL: g++.old-deja/g++.mike/p438.C (test for errors, line 15)
FAIL: g++.old-deja/g++.mike/p438.C (test for errors, line 22)
FAIL: g++.old-deja/g++.mike/p438.C (test for excess errors)
FAIL: g++.old-deja/g++.mike/p7476.C (test for errors, line 19)
FAIL: g++.old-deja/g++.mike/p7476.C (test for excess errors)
FAIL: g++.old-deja/g++.mike/p9129.C (test for errors, line 11)
FAIL: g++.old-deja/g++.mike/p9129.C (test for errors, line 12)
FAIL: g++.old-deja/g++.mike/p9129.C (test for excess errors)
FAIL: g++.old-deja/g++.mike/pt4.C (test for errors, line 4)
FAIL: g++.old-deja/g++.mike/pt4.C (test for excess errors)
FAIL: g++.old-deja/g++.ns/bogus1.C (test for errors, line 5)
FAIL: g++.old-deja/g++.ns/bogus1.C (test for errors, line 9)
FAIL: g++.old-deja/g++.ns/bogus1.C (test for excess errors)
FAIL: g++.old-deja/g++.ns/overload4.C (test for errors, line 7)
FAIL: g++.old-deja/g++.ns/overload4.C (test for excess errors)
FAIL: g++.old-deja/g++.other/asm1.C (test for errors, line 5)
FAIL: g++.old-deja/g++.other/asm1.C (test for excess errors)
FAIL: g++.old-deja/g++.other/conv1.C (test for errors, line 5)
FAIL: g++.old-deja/g++.other/conv1.C (test for excess errors)
FAIL: g++.old-deja/g++.other/crash21.C (test for errors, line 12)
FAIL: g++.old-deja/g++.other/crash21.C (test for excess errors)
FAIL: g++.old-deja/g++.other/crash35.C (test for errors, line 6)
FAIL: g++.old-deja/g++.other/crash35.C (test for excess errors)
FAIL: g++.old-deja/g++.other/crash7.C (test for errors, line 7)
FAIL: g++.old-deja/g++.other/crash7.C (test for errors, line 10)
FAIL: g++.old-deja/g++.other/crash7.C (test for excess errors)
FAIL: g++.old-deja/g++.other/dtor4.C (test for errors, line 19)
FAIL: g++.old-deja/g++.other/dtor4.C (test for errors, line 30)
FAIL: g++.old-deja/g++.other/enum2.C (test for errors, line 8)
FAIL: g++.old-deja/g++.other/enum2.C (test for errors, line 13)
FAIL: g++.old-deja/g++.other/enum2.C (test for excess errors)
FAIL: g++.old-deja/g++.other/return1.C (test for errors, line 17)
FAIL: g++.old-deja/g++.other/return1.C (test for excess errors)
FAIL: g++.old-deja/g++.other/using1.C (test for errors, line 6)
FAIL: g++.old-deja/g++.other/using1.C (test for errors, line 13)
FAIL: g++.old-deja/g++.other/using1.C (test for errors, line 19)
FAIL: g++.old-deja/g++.other/using1.C (test for excess errors)
FAIL: g++.old-deja/g++.other/using3.C (test for errors, line 11)
FAIL: g++.old-deja/g++.other/using3.C (test for excess errors)
FAIL: g++.old-deja/g++.pt/crash59.C (test for errors, line 15)
FAIL: g++.old-deja/g++.pt/crash59.C (test for excess errors)
FAIL: g++.old-deja/g++.pt/deduct3.C (test for errors, line 15)
FAIL: g++.old-deja/g++.pt/deduct3.C (test for excess errors)
FAIL: g++.old-deja/g++.pt/explicit20.C (test for errors, line 7)
FAIL: g++.old-deja/g++.pt/explicit20.C (test for excess errors)
FAIL: g++.old-deja/g++.pt/friend11.C (test for errors, line 12)
FAIL: g++.old-deja/g++.pt/friend11.C (test for errors, line 24)
FAIL: g++.old-deja/g++.pt/friend11.C (test for excess errors)
FAIL: g++.old-deja/g++.pt/friend21.C (test for errors, line 10)
FAIL: g++.old-deja/g++.pt/friend21.C (test for errors, line 27)
FAIL: g++.old-deja/g++.pt/friend21.C (test for excess errors)
FAIL: g++.old-deja/g++.pt/lookup6.C (test for errors, line 14)
FAIL: g++.old-deja/g++.pt/lookup6.C (test for excess errors)
FAIL: g++.old-deja/g++.pt/shadow2.C (test for errors, line 4)
FAIL: g++.old-deja/g++.pt/shadow2.C (test for errors, line 6)
FAIL: g++.old-deja/g++.pt/shadow2.C (test for excess errors)
FAIL: g++.old-deja/g++.pt/spec23.C (test for errors, line 10)
FAIL: g++.old-deja/g++.pt/spec23.C (test for excess errors)
FAIL: g++.old-deja/g++.pt/spec4.C (test for errors, line 16)
FAIL: g++.old-deja/g++.pt/spec4.C (test for excess errors)
FAIL: g++.old-deja/g++.pt/static5.C (test for errors, line 6)
FAIL: g++.old-deja/g++.pt/static5.C (test for excess errors)
FAIL: g++.old-deja/g++.pt/typename23.C (test for errors, line 14)
FAIL: g++.old-deja/g++.pt/typename23.C (test for excess errors)
FAIL: g++.old-deja/g++.pt/unify6.C (test for errors, line 26)
FAIL: g++.old-deja/g++.pt/unify6.C (test for errors, line 27)
FAIL: g++.old-deja/g++.pt/unify6.C (test for excess errors)
=== g++ Summary for unix/-m64 ===
# of expected passes 10283
# of unexpected failures 122
# of expected failures 72
# of unsupported tests 143
Running target unix
FAIL: g++.old-deja/g++.benjamin/13478.C (test for errors, line 29)
FAIL: g++.old-deja/g++.benjamin/13478.C (test for errors, line 30)
FAIL: g++.old-deja/g++.benjamin/13478.C (test for excess errors)
FAIL: g++.old-deja/g++.bob/friend1.C (test for errors, line 4)
FAIL: g++.old-deja/g++.bob/friend1.C (test for excess errors)
FAIL: g++.old-deja/g++.bob/incomplete-cast1.C (test for errors, line 15)
FAIL: g++.old-deja/g++.bob/incomplete-cast1.C (test for excess errors)
FAIL: g++.old-deja/g++.bob/protected1.C (test for errors, line 41)
FAIL: g++.old-deja/g++.bob/protected1.C (test for excess errors)
FAIL: g++.old-deja/g++.brendan/anon-union1.C (test for errors, line 6)
FAIL: g++.old-deja/g++.brendan/anon-union1.C (test for excess errors)
FAIL: g++.old-deja/g++.brendan/bit-fields1.C (test for errors, line 4)
FAIL: g++.old-deja/g++.brendan/bit-fields1.C (test for excess errors)
FAIL: g++.old-deja/g++.brendan/crash60.C (test for errors, line 12)
FAIL: g++.old-deja/g++.brendan/crash60.C (test for excess errors)
FAIL: g++.old-deja/g++.brendan/init2.C (test for errors, line 5)
FAIL: g++.old-deja/g++.brendan/init2.C (test for excess errors)
FAIL: g++.old-deja/g++.brendan/line1.C (test for errors, line 3)
FAIL: g++.old-deja/g++.brendan/line1.C (test for errors, line 4)
FAIL: g++.old-deja/g++.brendan/line1.C (test for excess errors)
FAIL: g++.old-deja/g++.brendan/prepost3.C (test for errors, line 6)
FAIL: g++.old-deja/g++.brendan/prepost3.C (test for excess errors)
FAIL: g++.old-deja/g++.brendan/shadow1.C (test for errors, line 4)
FAIL: g++.old-deja/g++.brendan/shadow1.C (test for excess errors)
FAIL: g++.old-deja/g++.bugs/900324_04.C (test for errors, line 23)
FAIL: g++.old-deja/g++.bugs/900324_04.C (test for excess errors)
FAIL: g++.old-deja/g++.bugs/900403_04.C (test for errors, line 9)
FAIL: g++.old-deja/g++.bugs/900403_04.C (test for excess errors)
FAIL: g++.old-deja/g++.bugs/900511_03.C (test for errors, line 17)
FAIL: g++.old-deja/g++.jason/conversion2.C (test for errors, line 4)
FAIL: g++.old-deja/g++.jason/conversion2.C (test for errors, line 6)
FAIL: g++.old-deja/g++.jason/conversion2.C (test for excess errors)
FAIL: g++.old-deja/g++.jason/crash12.C (test for errors, line 8)
FAIL: g++.old-deja/g++.jason/crash12.C (test for excess errors)
FAIL: g++.old-deja/g++.jason/crash5.C (test for errors, line 4)
FAIL: g++.old-deja/g++.jason/crash5.C (test for excess errors)
FAIL: g++.old-deja/g++.jason/crash6.C (test for errors, line 8)
FAIL: g++.old-deja/g++.jason/crash6.C (test for excess errors)
FAIL: g++.old-deja/g++.jason/special.C (test for errors, line 6)
FAIL: g++.old-deja/g++.jason/special.C (test for excess errors)
FAIL: g++.old-deja/g++.law/arm8.C (test for errors, line 10)
FAIL: g++.old-deja/g++.law/arm8.C (test for errors, line 15)
FAIL: g++.old-deja/g++.law/arm8.C (test for excess errors)
FAIL: g++.old-deja/g++.law/init3.C (test for errors, line 11)
FAIL: g++.old-deja/g++.law/init3.C (test for excess errors)
FAIL: g++.old-deja/g++.law/nest1.C (test for errors, line 9)
FAIL: g++.old-deja/g++.law/nest1.C (test for errors, line 13)
FAIL: g++.old-deja/g++.law/nest1.C (test for excess errors)
FAIL: g++.old-deja/g++.law/typeck4.C (test for errors, line 18)
FAIL: g++.old-deja/g++.law/typeck4.C (test for excess errors)
FAIL: g++.old-deja/g++.law/visibility9.C (test for errors, line 11)
FAIL: g++.old-deja/g++.law/visibility9.C (test for errors, line 21)
FAIL: g++.old-deja/g++.law/visibility9.C (test for excess errors)
FAIL: g++.old-deja/g++.mike/err1.C (test for errors, line 5)
FAIL: g++.old-deja/g++.mike/err1.C (test for errors, line 8)
FAIL: g++.old-deja/g++.mike/err1.C (test for excess errors)
FAIL: g++.old-deja/g++.mike/misc5.C (test for errors, line 7)
FAIL: g++.old-deja/g++.mike/misc5.C (test for errors, line 10)
FAIL: g++.old-deja/g++.mike/misc5.C (test for excess errors)
FAIL: g++.old-deja/g++.mike/net44.C (test for errors, line 4)
FAIL: g++.old-deja/g++.mike/net44.C (test for errors, line 6)
FAIL: g++.old-deja/g++.mike/net44.C (test for excess errors)
WARNING: g++.old-deja/g++.mike/p10769a.C compilation failed to produce executable
FAIL: g++.old-deja/g++.mike/p418.C (test for errors, line 14)
FAIL: g++.old-deja/g++.mike/p418.C (test for errors, line 17)
FAIL: g++.old-deja/g++.mike/p418.C (test for excess errors)
FAIL: g++.old-deja/g++.oliva/nameret2.C (test for errors, line 10)
FAIL: g++.old-deja/g++.oliva/nameret2.C (test for excess errors)
FAIL: g++.old-deja/g++.oliva/partord1.C (test for errors, line 12)
FAIL: g++.old-deja/g++.oliva/partord1.C (test for errors, line 20)
FAIL: g++.old-deja/g++.oliva/partord1.C (test for excess errors)
FAIL: g++.old-deja/g++.oliva/template10.C (test for errors, line 22)
FAIL: g++.old-deja/g++.oliva/template10.C (test for excess errors)
FAIL: g++.old-deja/g++.other/conv2.C (test for errors, line 12)
FAIL: g++.old-deja/g++.other/conv2.C (test for errors, line 13)
FAIL: g++.old-deja/g++.other/conv2.C (test for excess errors)
FAIL: g++.old-deja/g++.other/crash26.C (test for errors, line 12)
FAIL: g++.old-deja/g++.other/crash26.C (test for excess errors)
FAIL: g++.old-deja/g++.other/crash31.C (test for errors, line 9)
FAIL: g++.old-deja/g++.other/crash31.C (test for excess errors)
FAIL: g++.old-deja/g++.other/crash37.C (test for errors, line 13)
FAIL: g++.old-deja/g++.other/crash37.C (test for excess errors)
FAIL: g++.old-deja/g++.other/deref1.C (test for errors, line 13)
FAIL: g++.old-deja/g++.other/redecl4.C (test for errors, line 5)
FAIL: g++.old-deja/g++.other/redecl4.C (test for excess errors)
FAIL: g++.old-deja/g++.other/refinit2.C (test for errors, line 17)
FAIL: g++.old-deja/g++.other/sc1.C (test for errors, line 9)
FAIL: g++.old-deja/g++.other/sc1.C (test for excess errors)
FAIL: g++.old-deja/g++.other/using1.C (test for errors, line 6)
FAIL: g++.old-deja/g++.other/using1.C (test for errors, line 13)
FAIL: g++.old-deja/g++.other/using1.C (test for errors, line 19)
FAIL: g++.old-deja/g++.other/using1.C (test for excess errors)
FAIL: g++.old-deja/g++.pt/crash28.C (test for errors, line 13)
FAIL: g++.old-deja/g++.pt/crash28.C (test for excess errors)
FAIL: g++.old-deja/g++.pt/crash66.C (test for errors, line 21)
FAIL: g++.old-deja/g++.pt/crash66.C (test for errors, line 38)
FAIL: g++.old-deja/g++.pt/crash66.C (test for excess errors)
FAIL: g++.old-deja/g++.pt/ctor2.C (test for errors, line 11)
FAIL: g++.old-deja/g++.pt/ctor2.C (test for excess errors)
FAIL: g++.old-deja/g++.pt/decl4.C (test for errors, line 6)
FAIL: g++.old-deja/g++.pt/decl4.C (test for excess errors)
FAIL: g++.old-deja/g++.pt/defarg13.C (test for errors, line 7)
FAIL: g++.old-deja/g++.pt/defarg13.C (test for excess errors)
FAIL: g++.old-deja/g++.pt/explicit34.C (test for errors, line 7)
FAIL: g++.old-deja/g++.pt/explicit34.C (test for errors, line 10)
FAIL: g++.old-deja/g++.pt/explicit34.C (test for excess errors)
XPASS: g++.old-deja/g++.pt/explicit76.C (test for bogus messages, line 10)
FAIL: g++.old-deja/g++.pt/explicit76.C (test for excess errors)
FAIL: g++.old-deja/g++.pt/export1.C (test for errors, line 9)
FAIL: g++.old-deja/g++.pt/export1.C (test for errors, line 12)
FAIL: g++.old-deja/g++.pt/export1.C (test for warnings, line 18)
FAIL: g++.old-deja/g++.pt/export1.C (test for excess errors)
FAIL: g++.old-deja/g++.pt/friend47.C (test for errors, line 11)
FAIL: g++.old-deja/g++.pt/friend47.C (test for excess errors)
FAIL: g++.old-deja/g++.pt/typename10.C (test for errors, line 7)
FAIL: g++.old-deja/g++.pt/typename10.C (test for excess errors)
FAIL: g++.old-deja/g++.pt/typename4.C (test for warnings, line 20)
FAIL: g++.old-deja/g++.pt/typename4.C (test for warnings, line 25)
FAIL: g++.old-deja/g++.pt/typename4.C (test for excess errors)
FAIL: g++.old-deja/g++.pt/unify6.C (test for errors, line 26)
FAIL: g++.old-deja/g++.pt/unify6.C (test for errors, line 27)
FAIL: g++.old-deja/g++.pt/unify6.C (test for excess errors)
FAIL: g++.old-deja/g++.robertl/eb49.C (test for errors, line 24)
FAIL: g++.old-deja/g++.robertl/eb49.C (test for excess errors)
=== g++ Summary for unix ===
# of expected passes 10315
# of unexpected failures 122
# of unexpected successes 1
# of expected failures 71
# of unsupported tests 141
=== g++ Summary ===
# of expected passes 20598
# of unexpected failures 244
# of unexpected successes 1
# of expected failures 143
# of unsupported tests 284
=== gcc tests ===
Running target unix/-m64
FAIL: gcc.dg/vect/vect-66.c scan-tree-dump-times Alignment of access forced using peeling 1
=== gcc Summary for unix/-m64 ===
# of expected passes 33265
# of unexpected failures 1
# of expected failures 104
# of untested testcases 28
# of unsupported tests 504
Running target unix
FAIL: gcc.dg/vect/vect-66.c scan-tree-dump-times Alignment of access forced using peeling 1
=== gcc Summary for unix ===
# of expected passes 33269
# of unexpected failures 1
# of expected failures 104
# of untested testcases 28
# of unsupported tests 503
=== gcc Summary ===
# of expected passes 66534
# of unexpected failures 2
# of expected failures 208
# of untested testcases 56
# of unsupported tests 1007
/export/users/lucier/programs/gcc/mainline/objdir/gcc/xgcc version 4.0.0 20050114 (experimental)
=== objc tests ===
Running target unix/-m64
=== objc Summary for unix/-m64 ===
# of expected passes 1528
# of unsupported tests 10
Running target unix
=== objc Summary for unix ===
# of expected passes 1528
# of unsupported tests 10
=== objc Summary ===
# of expected passes 3056
# of unsupported tests 20
=== libffi tests ===
Running target unix/-m64
=== libffi Summary for unix/-m64 ===
# of expected passes 216
# of unsupported tests 2
Running target unix
=== libffi Summary for unix ===
# of expected passes 216
# of unsupported tests 2
=== libffi Summary ===
# of expected passes 432
# of unsupported tests 4
=== libjava tests ===
Running target unix/-m64
ERROR: tcl error sourcing /homes/lucier/programs/gcc/mainline/libjava/testsuite/libjava.compile/compile.exp.
ERROR: can't read "x": no such variable
FAIL: Array_2 -O3 compilation from bytecode
FAIL: Array_3 execution - gij test
FAIL: Array_3 execution - gij test
FAIL: Class_1 -O3 compilation from bytecode
FAIL: Divide_1 compilation from bytecode
FAIL: Divide_1 -O3 compilation from bytecode
FAIL: FileHandleGcTest execution - source compiled test
FAIL: FileHandleGcTest execution - gij test
FAIL: FileHandleGcTest execution - bytecode->native test
FAIL: FileHandleGcTest -O3 execution - source compiled test
FAIL: FileHandleGcTest execution - gij test
FAIL: FileHandleGcTest -O3 execution - bytecode->native test
ERROR: No \`main' given in program Final
UNRESOLVED: Final -O3 compilation from source
FAIL: Float_1 compilation from bytecode
FAIL: G19990302_02 compilation from bytecode
ERROR: No \`main' given in program G19990303_02
UNRESOLVED: G19990304_01 compilation from source
ERROR: No \`main' given in program G19990310_01
UNRESOLVED: II compilation from source
FAIL: II -O3 compilation from bytecode
FAIL: InterfaceDispatch -O3 compilation from bytecode
FAIL: InvokeReturn -O3 compilation from bytecode
FAIL: Invoke_1 compilation from bytecode
ERROR: No \`main' given in program Invoke_2
UNRESOLVED: KeepInline compilation from source
ERROR: No \`main' given in program Matrix4f
UNRESOLVED: N19990310_02 compilation from source
ERROR: No \`main' given in program N19990310_02
UNRESOLVED: N19990310_02 -O3 compilation from source
ERROR: No \`main' given in program N19990310_02
UNRESOLVED: N19990310_3 compilation from source
ERROR: No \`main' given in program N19990310_5
UNRESOLVED: N19990310_5 -O3 compilation from source
FAIL: PR12416 compilation from bytecode
ERROR: No \`main' given in program PR141
UNRESOLVED: PR141 -O3 compilation from source
FAIL: PR141 -O3 compilation from bytecode
FAIL: PR162 compilation from bytecode
FAIL: PR162 -O3 compilation from bytecode
FAIL: PR18699 execution - gij test
ERROR: No \`main' given in program PR18699
UNRESOLVED: PR218 compilation from source
FAIL: PR218 compilation from bytecode
ERROR: No \`main' given in program PR218
UNRESOLVED: PR242 compilation from source
ERROR: No \`main' given in program PR260
UNRESOLVED: PR3096 compilation from source
FAIL: PR3731 compilation from bytecode
FAIL: PR5057 compilation from bytecode
FAIL: PR5057 -O3 compilation from bytecode
FAIL: PR56 -O3 compilation from bytecode
FAIL: PR6820 -O3 compilation from bytecode
WARNING: program timed out.
FAIL: Process_1 execution - source compiled test
WARNING: program timed out.
FAIL: Process_1 execution - gij test
WARNING: program timed out.
FAIL: Process_1 execution - bytecode->native test
WARNING: program timed out.
FAIL: Process_1 -O3 execution - source compiled test
WARNING: program timed out.
FAIL: Process_1 execution - gij test
WARNING: program timed out.
FAIL: Process_1 -O3 execution - bytecode->native test
WARNING: program timed out.
FAIL: Process_2 execution - source compiled test
ERROR: No \`main' given in program Process_2
UNRESOLVED: Process_2 -O3 compilation from source
WARNING: program timed out.
FAIL: Process_2 -O3 execution - source compiled test
ERROR: No \`main' given in program Process_2
UNRESOLVED: Process_3 compilation from source
WARNING: program timed out.
FAIL: Process_3 execution - source compiled test
WARNING: program timed out.
FAIL: Process_3 execution - gij test
WARNING: program timed out.
FAIL: Process_3 execution - bytecode->native test
WARNING: program timed out.
FAIL: Process_3 -O3 execution - source compiled test
WARNING: program timed out.
FAIL: Process_3 execution - gij test
WARNING: program timed out.
FAIL: Process_3 -O3 execution - bytecode->native test
WARNING: program timed out.
FAIL: Process_4 execution - source compiled test
WARNING: program timed out.
FAIL: Process_4 execution - gij test
FAIL: Process_4 compilation from bytecode
WARNING: program timed out.
FAIL: Process_4 -O3 execution - source compiled test
WARNING: program timed out.
FAIL: Process_4 execution - gij test
WARNING: program timed out.
FAIL: Process_4 -O3 execution - bytecode->native test
WARNING: program timed out.
FAIL: Process_5 execution - source compiled test
WARNING: program timed out.
FAIL: Process_5 execution - gij test
WARNING: program timed out.
FAIL: Process_5 execution - bytecode->native test
WARNING: program timed out.
FAIL: Process_5 -O3 execution - source compiled test
WARNING: program timed out.
FAIL: Process_5 execution - gij test
WARNING: program timed out.
FAIL: Process_5 -O3 execution - bytecode->native test
FAIL: StaticConstructor -O3 compilation from bytecode
FAIL: StringBuffer_overflow compilation from bytecode
FAIL: SyncGlobal compilation from bytecode
ERROR: No \`main' given in program SyncTest
UNRESOLVED: Synch compilation from source
ERROR: No \`main' given in program Synch
UNRESOLVED: Synch -O3 compilation from source
FAIL: Thread_HoldsLock -O3 compilation from bytecode
FAIL: Thread_Interrupt compilation from bytecode
ERROR: No \`main' given in program Thread_Interrupt
UNRESOLVED: Thread_Join compilation from source
FAIL: Thread_Join compilation from bytecode
ERROR: No \`main' given in program Thread_Monitor
UNRESOLVED: Thread_Monitor -O3 compilation from source
FAIL: Thread_Wait compilation from bytecode
FAIL: Thread_Wait -O3 compilation from bytecode
ERROR: No \`main' given in program Thread_Wait_Interrupt
UNRESOLVED: Thread_Wait_Interrupt -O3 compilation from source
ERROR: No \`main' given in program Thread_Wait_Interrupt
UNRESOLVED: Throw_1 compilation from source
FAIL: Throw_1 -O3 compilation from bytecode
FAIL: Throw_2 execution - gij test
FAIL: Throw_2 execution - gij test
ERROR: No \`main' given in program anon
UNRESOLVED: anon -O3 compilation from source
ERROR: No \`main' given in program anon2
UNRESOLVED: anon3 compilation from source
ERROR: No \`main' given in program anon_ctor_itf_arg
UNRESOLVED: anonarray compilation from source
FAIL: anonarray compilation from bytecode
FAIL: assign compilation from bytecode
FAIL: emptystring -O3 compilation from bytecode
FAIL: err1 -O3 compilation from bytecode
FAIL: err10 -O3 compilation from bytecode
FAIL: err3 -O3 compilation from bytecode
FAIL: err6 -O3 compilation from bytecode
ERROR: No \`main' given in program final_static_and_friend
UNRESOLVED: final_static_and_friend -O3 compilation from source
FAIL: indirect_read -O3 compilation from bytecode
ERROR: No \`main' given in program indirect_write
UNRESOLVED: indirect_write -O3 compilation from source
FAIL: initexc compilation from bytecode
ERROR: No \`main' given in program inline
UNRESOLVED: inline -O3 compilation from source
ERROR: No \`main' given in program inner1
UNRESOLVED: inner1 -O3 compilation from source
ERROR: No \`main' given in program inner2
UNRESOLVED: inner3 compilation from source
FAIL: inner4 compilation from bytecode
FAIL: inner_array -O3 compilation from bytecode
ERROR: No \`main' given in program instance
UNRESOLVED: instinit compilation from source
FAIL: instinit -O3 compilation from bytecode
ERROR: No \`main' given in program instinit2
UNRESOLVED: instinit2 -O3 compilation from source
ERROR: No \`main' given in program klass
UNRESOLVED: md5test compilation from source
ERROR: No \`main' given in program multiple_finit
UNRESOLVED: negzero compilation from source
FAIL: nested_with_ctor compilation from bytecode
FAIL: nested_with_ctor -O3 compilation from bytecode
ERROR: No \`main' given in program newarray_overflow
UNRESOLVED: newarray_overflow -O3 compilation from source
FAIL: override -O3 compilation from bytecode
ERROR: No \`main' given in program pr109
UNRESOLVED: pr109 -O3 compilation from source
ERROR: No \`main' given in program pr133
UNRESOLVED: pr133 -O3 compilation from source
ERROR: No \`main' given in program pr133
UNRESOLVED: pr16789 compilation from source
ERROR: No \`main' given in program pr8676
UNRESOLVED: pr8676 -O3 compilation from source
FAIL: pr8823 -O3 compilation from bytecode
FAIL: search_outer compilation from bytecode
FAIL: shatest compilation from bytecode
FAIL: shatest -O3 compilation from bytecode
FAIL: stringconst compilation from bytecode
ERROR: No \`main' given in program stringconst2
UNRESOLVED: stringconst2 -O3 compilation from source
ERROR: No \`main' given in program stringconst2
UNRESOLVED: stub compilation from source
FAIL: stub -O3 compilation from bytecode
ERROR: No \`main' given in program test_long
UNRESOLVED: test_long -O3 compilation from source
FAIL: tmi compilation from bytecode
ERROR: No \`main' given in program tmi
UNRESOLVED: tp compilation from source
ERROR: No \`main' given in program update_outer
UNRESOLVED: update_outer -O3 compilation from source
ERROR: No \`main' given in program utf8concat
UNRESOLVED: utf8concat -O3 compilation from source
ERROR: No \`main' given in program utilTest
UNRESOLVED: verify compilation from source
=== libjava Summary for unix/-m64 ===
# of expected passes 2649
# of unexpected failures 88
# of expected failures 10
# of unresolved testcases 44
# of untested testcases 148
Running target unix
ERROR: tcl error sourcing /homes/lucier/programs/gcc/mainline/libjava/testsuite/libjava.compile/compile.exp.
ERROR: can't read "x": no such variable
ERROR: No \`main' given in program ArrayStore
UNRESOLVED: ArrayStore -O3 compilation from source
FAIL: ArrayStore2 compilation from bytecode
ERROR: No \`main' given in program Array_1
UNRESOLVED: Array_2 compilation from source
ERROR: No \`main' given in program Array_2
UNRESOLVED: Array_2 -O3 compilation from source
ERROR: No \`main' given in program Array_2
UNRESOLVED: Array_3 compilation from source
FAIL: Array_3 execution - gij test
ERROR: No \`main' given in program Array_3
UNRESOLVED: Class_1 compilation from source
ERROR: No \`main' given in program Class_1
UNRESOLVED: CompareNaN compilation from source
ERROR: No \`main' given in program CompareNaN
UNRESOLVED: CompareNaN -O3 compilation from source
FAIL: Divide_1 compilation from bytecode
ERROR: No \`main' given in program EvaluationOrder
UNRESOLVED: FileHandleGcTest compilation from source
FAIL: FileHandleGcTest execution - source compiled test
FAIL: FileHandleGcTest execution - gij test
FAIL: FileHandleGcTest execution - bytecode->native test
FAIL: FileHandleGcTest -O3 execution - source compiled test
FAIL: FileHandleGcTest execution - gij test
FAIL: FileHandleGcTest -O3 execution - bytecode->native test
FAIL: Final compilation from bytecode
FAIL: Float_1 compilation from bytecode
ERROR: No \`main' given in program G19990301_01
UNRESOLVED: G19990302_02 compilation from source
ERROR: No \`main' given in program G19990302_02
UNRESOLVED: G19990303_01 compilation from source
FAIL: G19990303_02 -O3 compilation from bytecode
FAIL: InterfaceDispatch compilation from bytecode
ERROR: No \`main' given in program InvokeInterface
UNRESOLVED: InvokeInterface -O3 compilation from source
ERROR: No \`main' given in program InvokeReturn
UNRESOLVED: Invoke_1 compilation from source
ERROR: No \`main' given in program Invoke_1
UNRESOLVED: Invoke_2 compilation from source
FAIL: Matrix4f compilation from bytecode
ERROR: No \`main' given in program Matrix4f
UNRESOLVED: N19990310_02 compilation from source
FAIL: N19990310_02 -O3 compilation from bytecode
ERROR: No \`main' given in program N19990310_4
UNRESOLVED: N19990310_4 -O3 compilation from source
FAIL: N19990310_4 -O3 compilation from bytecode
ERROR: No \`main' given in program Overflow
UNRESOLVED: Overflow -O3 compilation from source
FAIL: PR12350 -O3 compilation from bytecode
FAIL: PR12416 compilation from bytecode
FAIL: PR12656 compilation from bytecode
ERROR: No \`main' given in program PR12656
UNRESOLVED: PR12915 compilation from source
FAIL: PR141 compilation from bytecode
FAIL: PR160 compilation from bytecode
ERROR: No \`main' given in program PR18699
UNRESOLVED: PR218 compilation from source
FAIL: PR3731 -O3 compilation from bytecode
FAIL: PR5057 -O3 compilation from bytecode
ERROR: No \`main' given in program PR5057_2
UNRESOLVED: PR55 compilation from source
FAIL: PR6085 compilation from bytecode
ERROR: No \`main' given in program PR6729
UNRESOLVED: PR6820 compilation from source
ERROR: No \`main' given in program PR7482
UNRESOLVED: PR7482 -O3 compilation from source
WARNING: program timed out.
FAIL: Process_1 execution - source compiled test
WARNING: program timed out.
FAIL: Process_1 execution - gij test
WARNING: program timed out.
FAIL: Process_1 execution - bytecode->native test
WARNING: program timed out.
FAIL: Process_1 -O3 execution - source compiled test
WARNING: program timed out.
FAIL: Process_1 execution - gij test
WARNING: program timed out.
FAIL: Process_1 -O3 execution - bytecode->native test
WARNING: program timed out.
FAIL: Process_2 execution - source compiled test
WARNING: program timed out.
FAIL: Process_2 execution - gij test
WARNING: program timed out.
FAIL: Process_2 execution - bytecode->native test
WARNING: program timed out.
FAIL: Process_2 -O3 execution - source compiled test
WARNING: program timed out.
FAIL: Process_2 execution - gij test
WARNING: program timed out.
FAIL: Process_2 -O3 execution - bytecode->native test
WARNING: program timed out.
FAIL: Process_3 execution - source compiled test
ERROR: No \`main' given in program Process_3
UNRESOLVED: Process_3 -O3 compilation from source
WARNING: program timed out.
FAIL: Process_3 -O3 execution - source compiled test
WARNING: program timed out.
FAIL: Process_3 execution - gij test
WARNING: program timed out.
FAIL: Process_3 -O3 execution - bytecode->native test
WARNING: program timed out.
FAIL: Process_4 execution - source compiled test
WARNING: program timed out.
FAIL: Process_4 execution - gij test
WARNING: program timed out.
FAIL: Process_4 execution - bytecode->native test
WARNING: program timed out.
FAIL: Process_4 -O3 execution - source compiled test
WARNING: program timed out.
FAIL: Process_4 execution - gij test
WARNING: program timed out.
FAIL: Process_4 -O3 execution - bytecode->native test
WARNING: program timed out.
FAIL: Process_5 execution - source compiled test
WARNING: program timed out.
FAIL: Process_5 execution - gij test
WARNING: program timed out.
FAIL: Process_5 execution - bytecode->native test
WARNING: program timed out.
FAIL: Process_5 -O3 execution - source compiled test
ERROR: No \`main' given in program Process_5
UNRESOLVED: Process_6 compilation from source
ERROR: No \`main' given in program Shazam
UNRESOLVED: StaticConstructor compilation from source
FAIL: StringBuffer_1 -O3 compilation from bytecode
ERROR: No \`main' given in program StringBuffer_overflow
UNRESOLVED: String_overflow compilation from source
FAIL: String_overflow compilation from bytecode
ERROR: No \`main' given in program SyncGlobal
UNRESOLVED: SyncGlobal -O3 compilation from source
ERROR: No \`main' given in program SyncGlobal
UNRESOLVED: SyncTest compilation from source
ERROR: No \`main' given in program SyncTest
UNRESOLVED: SyncTest -O3 compilation from source
FAIL: Synch compilation from bytecode
ERROR: No \`main' given in program TestProxy
UNRESOLVED: TestProxy -O3 compilation from source
ERROR: No \`main' given in program TestProxy
UNRESOLVED: Thread_Alive compilation from source
ERROR: No \`main' given in program Thread_Alive
UNRESOLVED: Thread_Alive -O3 compilation from source
FAIL: Thread_Alive -O3 compilation from bytecode
ERROR: No \`main' given in program Thread_HoldsLock
UNRESOLVED: Thread_HoldsLock -O3 compilation from source
FAIL: Thread_Sleep -O3 compilation from bytecode
ERROR: No \`main' given in program Thread_Wait_Interrupt
UNRESOLVED: Thread_Wait_Interrupt -O3 compilation from source
FAIL: Thread_Wait_Interrupt -O3 compilation from bytecode
FAIL: Throw_1 compilation from bytecode
FAIL: Throw_1 -O3 compilation from bytecode
FAIL: Throw_2 compilation from bytecode
FAIL: Throw_2 -O3 compilation from bytecode
FAIL: anon3 compilation from bytecode
FAIL: anon4 -O3 compilation from bytecode
ERROR: No \`main' given in program anon_ctor_itf_arg
UNRESOLVED: anonarray compilation from source
FAIL: assign compilation from bytecode
FAIL: direct_write compilation from bytecode
FAIL: direct_write -O3 compilation from bytecode
FAIL: emptystring -O3 compilation from bytecode
ERROR: No \`main' given in program err10
UNRESOLVED: err10 -O3 compilation from source
ERROR: No \`main' given in program err10
UNRESOLVED: err11 compilation from source
ERROR: No \`main' given in program err13
UNRESOLVED: err13 -O3 compilation from source
ERROR: No \`main' given in program err14
UNRESOLVED: err14 -O3 compilation from source
ERROR: No \`main' given in program err2
UNRESOLVED: err3 compilation from source
ERROR: No \`main' given in program err3
UNRESOLVED: err3 -O3 compilation from source
FAIL: err5 -O3 compilation from bytecode
ERROR: No \`main' given in program err7
UNRESOLVED: err7 -O3 compilation from source
ERROR: No \`main' given in program err9
UNRESOLVED: final_inner compilation from source
FAIL: final_inner compilation from bytecode
FAIL: final_int compilation from bytecode
ERROR: No \`main' given in program final_static_and_friend
UNRESOLVED: final_static_and_friend -O3 compilation from source
ERROR: No \`main' given in program indirect_read
UNRESOLVED: indirect_read -O3 compilation from source
ERROR: No \`main' given in program indirect_read
UNRESOLVED: indirect_write compilation from source
ERROR: No \`main' given in program indirect_write
UNRESOLVED: initexc compilation from source
ERROR: No \`main' given in program inner3
UNRESOLVED: inner3 -O3 compilation from source
ERROR: No \`main' given in program inner4
UNRESOLVED: inner_array compilation from source
FAIL: inner_interface compilation from bytecode
ERROR: No \`main' given in program instance
UNRESOLVED: instance -O3 compilation from source
FAIL: invoke_from_inner -O3 compilation from bytecode
FAIL: pr109 compilation from bytecode
FAIL: pr133 compilation from bytecode
ERROR: No \`main' given in program pr16789
UNRESOLVED: pr16789 -O3 compilation from source
ERROR: No \`main' given in program pr179
UNRESOLVED: pr184 compilation from source
FAIL: pr184 -O3 compilation from bytecode
ERROR: No \`main' given in program pr6388
UNRESOLVED: pr6388 -O3 compilation from source
FAIL: pr83 compilation from bytecode
FAIL: pr8415 compilation from bytecode
FAIL: pr8415 -O3 compilation from bytecode
ERROR: No \`main' given in program shatest
UNRESOLVED: stringconst compilation from source
FAIL: stub -O3 compilation from bytecode
ERROR: No \`main' given in program tp
UNRESOLVED: tp -O3 compilation from source
FAIL: update_outer compilation from bytecode
ERROR: No \`main' given in program utf8concat
UNRESOLVED: utf8concat -O3 compilation from source
ERROR: No \`main' given in program utilTest
UNRESOLVED: utilTest -O3 compilation from source
ERROR: No \`main' given in program utilTest
UNRESOLVED: verify compilation from source
=== libjava Summary for unix ===
# of expected passes 2596
# of unexpected failures 79
# of expected failures 9
# of unresolved testcases 57
# of untested testcases 133
=== libjava Summary ===
# of expected passes 5245
# of unexpected failures 167
# of expected failures 19
# of unresolved testcases 101
# of untested testcases 281
=== libstdc++ tests ===
Running target unix/-m64
FAIL: 22_locale/num_put/put/char/14220.cc execution test
FAIL: 22_locale/num_put/put/wchar_t/14220.cc execution test
FAIL: 26_numerics/complex/13450.cc (test for excess errors)
WARNING: 26_numerics/complex/13450.cc compilation failed to produce executable
FAIL: 26_numerics/complex/complex_value.cc (test for excess errors)
WARNING: 26_numerics/complex/complex_value.cc compilation failed to produce executable
FAIL: 26_numerics/complex/pow.cc (test for excess errors)
WARNING: 26_numerics/complex/pow.cc compilation failed to produce executable
WARNING: program timed out.
FAIL: thread/pthread7-rope.cc execution test
=== libstdc++ Summary for unix/-m64 ===
# of expected passes 3353
# of unexpected failures 6
# of expected failures 7
Running target unix
FAIL: 22_locale/num_put/put/char/14220.cc execution test
FAIL: 26_numerics/complex/13450.cc (test for excess errors)
WARNING: 26_numerics/complex/13450.cc compilation failed to produce executable
FAIL: 26_numerics/complex/complex_value.cc (test for excess errors)
WARNING: 26_numerics/complex/complex_value.cc compilation failed to produce executable
FAIL: 26_numerics/complex/pow.cc (test for excess errors)
WARNING: 26_numerics/complex/pow.cc compilation failed to produce executable
=== libstdc++ Summary for unix ===
# of expected passes 3355
# of unexpected failures 4
# of expected failures 7
=== libstdc++ Summary ===
# of expected passes 6708
# of unexpected failures 10
# of expected failures 14
Compiler version: 4.0.0 20050114 (experimental)
Platform: sparc-sun-solaris2.9
configure flags: --prefix=/export/users/lucier/local/gcc-mainline --enable-languages=c,c++,java,objc
BOOT_CFLAGS=-g -O2
Counting all warnings,
there are 25 warnings in stage3 of this bootstrap.
Number of warnings per file:
8 gcc/unwind-dw2.c
7 /pkgs/gnu/share/bison.simple
3 gengtype-lex.c
2 gcc/objc/lang-specs.h
2 gcc/gcc.c
2 gcc/config/sparc/sparc.md
1 gcc/java/jvspec.c
Number of warning types:
8 old-style function definition
4 missing braces around initializer
4 (near initialization for 'once_regsizes.__pthread_once_pad')
2 comparison between signed and unsigned
1 string length '844' is greater than the length '509' ISO C89 compilers are required to support
1 string length '834' is greater than the length '509' ISO C89 compilers are required to support
1 string length '783' is greater than the length '509' ISO C89 compilers are required to support
1 string length '608' is greater than the length '509' ISO C89 compilers are required to support
1 string length '603' is greater than the length '509' ISO C89 compilers are required to support
1 operand 2 missing mode?
1 operand 0 missing mode?
More information about the Gcc-testresults
mailing list