Results for 4.0.0 20050113 (experimental) testsuite on i686-unknown-openbsd3.1
Andrew Thomas Pinski
pinskia@physics.uc.edu
Thu Jan 13 09:35:00 GMT 2005
LAST_UPDATED: Thu Jan 13 05:02:07 UTC 2005
Native configuration is i686-unknown-openbsd3.1
=== g++ tests ===
Running target unix
FAIL: g++.dg/abi/local1.C execution test
FAIL: g++.dg/other/warning1.C (test for warnings, line 11)
FAIL: g++.dg/parse/error15.C (test for errors, line 34)
FAIL: g++.dg/parse/undefined2.C (test for errors, line 12)
FAIL: g++.dg/template/error10.C (test for errors, line 70)
FAIL: g++.dg/template/memclass1.C (test for errors, line 15)
FAIL: g++.dg/template/memclass1.C (test for excess errors)
FAIL: g++.dg/template/nested3.C (test for errors, line 8)
FAIL: g++.dg/template/nested3.C (test for errors, line 12)
FAIL: g++.dg/template/nested3.C (test for errors, line 14)
FAIL: g++.dg/template/nested3.C (test for errors, line 25)
FAIL: g++.dg/template/nontype8.C (test for errors, line 10)
FAIL: g++.dg/template/nontype8.C (test for errors, line 11)
FAIL: g++.old-deja/g++.brendan/crash34.C (test for errors, line 3)
FAIL: g++.old-deja/g++.brendan/crash34.C (test for excess errors)
FAIL: g++.old-deja/g++.bugs/900210_01.C (test for errors, line 105)
FAIL: g++.old-deja/g++.bugs/900210_01.C (test for errors, line 106)
FAIL: g++.old-deja/g++.bugs/900210_01.C (test for errors, line 107)
FAIL: g++.old-deja/g++.bugs/900210_01.C (test for errors, line 108)
FAIL: g++.old-deja/g++.bugs/900210_01.C (test for errors, line 109)
FAIL: g++.old-deja/g++.bugs/900210_01.C (test for errors, line 110)
FAIL: g++.old-deja/g++.bugs/900210_02.C (test for errors, line 85)
FAIL: g++.old-deja/g++.bugs/900210_02.C (test for errors, line 86)
FAIL: g++.old-deja/g++.bugs/900210_02.C (test for errors, line 87)
FAIL: g++.old-deja/g++.bugs/900210_02.C (test for errors, line 88)
FAIL: g++.old-deja/g++.bugs/900210_02.C (test for errors, line 89)
FAIL: g++.old-deja/g++.bugs/900210_02.C (test for errors, line 90)
FAIL: g++.old-deja/g++.bugs/900210_02.C (test for errors, line 91)
FAIL: g++.old-deja/g++.bugs/900210_02.C (test for errors, line 92)
FAIL: g++.old-deja/g++.bugs/900210_02.C (test for errors, line 93)
FAIL: g++.old-deja/g++.bugs/900210_02.C (test for errors, line 94)
FAIL: g++.old-deja/g++.bugs/900210_02.C (test for errors, line 95)
FAIL: g++.old-deja/g++.bugs/900210_02.C (test for errors, line 96)
FAIL: g++.old-deja/g++.bugs/900210_02.C (test for errors, line 97)
FAIL: g++.old-deja/g++.bugs/900210_02.C (test for errors, line 98)
FAIL: g++.old-deja/g++.bugs/900210_02.C (test for errors, line 99)
FAIL: g++.old-deja/g++.bugs/900210_02.C (test for errors, line 100)
FAIL: g++.old-deja/g++.bugs/900210_02.C (test for errors, line 101)
FAIL: g++.old-deja/g++.bugs/900210_02.C (test for errors, line 102)
FAIL: g++.old-deja/g++.bugs/900210_02.C (test for errors, line 103)
FAIL: g++.old-deja/g++.bugs/900210_02.C (test for errors, line 104)
FAIL: g++.old-deja/g++.bugs/900210_02.C (test for errors, line 105)
FAIL: g++.old-deja/g++.bugs/900210_02.C (test for errors, line 106)
FAIL: g++.old-deja/g++.bugs/900210_02.C (test for errors, line 107)
FAIL: g++.old-deja/g++.bugs/900210_02.C (test for errors, line 108)
FAIL: g++.old-deja/g++.bugs/900210_02.C (test for errors, line 109)
FAIL: g++.old-deja/g++.bugs/900210_02.C (test for errors, line 110)
FAIL: g++.old-deja/g++.bugs/900210_02.C (test for errors, line 111)
FAIL: g++.old-deja/g++.bugs/900322_01.C (test for errors, line 52)
FAIL: g++.old-deja/g++.ext/typeof2.C (test for errors, line 7)
FAIL: g++.old-deja/g++.law/profile1.C (test for excess errors)
WARNING: g++.old-deja/g++.law/profile1.C compilation failed to produce executable
WARNING: g++.old-deja/g++.mike/p10769a.C compilation failed to produce executable
FAIL: g++.old-deja/g++.mike/p3836.C (test for errors, line 4)
FAIL: g++.old-deja/g++.mike/p3836.C (test for errors, line 12)
FAIL: g++.old-deja/g++.mike/p3836.C (test for excess errors)
FAIL: g++.old-deja/g++.mike/p700.C (test for errors, line 630)
FAIL: g++.old-deja/g++.mike/p700.C (test for errors, line 631)
FAIL: g++.old-deja/g++.mike/p700.C (test for errors, line 632)
FAIL: g++.old-deja/g++.mike/p700.C (test for errors, line 633)
FAIL: g++.old-deja/g++.mike/p700.C (test for errors, line 634)
FAIL: g++.old-deja/g++.mike/p700.C (test for errors, line 635)
FAIL: g++.old-deja/g++.mike/p700.C (test for errors, line 636)
FAIL: g++.old-deja/g++.mike/p700.C (test for errors, line 637)
FAIL: g++.old-deja/g++.mike/p700.C (test for errors, line 638)
FAIL: g++.old-deja/g++.mike/p700.C (test for errors, line 640)
FAIL: g++.old-deja/g++.mike/p700.C (test for errors, line 641)
FAIL: g++.old-deja/g++.mike/p700.C (test for errors, line 642)
FAIL: g++.old-deja/g++.mike/p700.C (test for errors, line 643)
FAIL: g++.old-deja/g++.mike/p700.C (test for errors, line 644)
FAIL: g++.old-deja/g++.mike/p700.C (test for errors, line 645)
FAIL: g++.old-deja/g++.mike/p700.C (test for errors, line 646)
FAIL: g++.old-deja/g++.mike/p700.C (test for errors, line 647)
FAIL: g++.old-deja/g++.mike/p700.C (test for errors, line 648)
FAIL: g++.old-deja/g++.mike/p700.C (test for errors, line 649)
FAIL: g++.old-deja/g++.mike/p700.C (test for errors, line 650)
FAIL: g++.old-deja/g++.mike/p700.C (test for errors, line 651)
FAIL: g++.old-deja/g++.mike/p700.C (test for errors, line 652)
FAIL: g++.old-deja/g++.mike/p700.C (test for errors, line 653)
FAIL: g++.old-deja/g++.mike/p700.C (test for errors, line 654)
FAIL: g++.old-deja/g++.mike/p700.C (test for errors, line 655)
FAIL: g++.old-deja/g++.mike/p700.C (test for errors, line 656)
FAIL: g++.old-deja/g++.mike/p700.C (test for errors, line 657)
FAIL: g++.old-deja/g++.mike/p700.C (test for errors, line 658)
FAIL: g++.old-deja/g++.mike/p700.C (test for errors, line 659)
FAIL: g++.old-deja/g++.other/cond5.C (test for errors, line 38)
FAIL: g++.old-deja/g++.other/cond5.C (test for errors, line 39)
FAIL: g++.old-deja/g++.other/cond5.C (test for errors, line 40)
FAIL: g++.old-deja/g++.other/cond5.C (test for warnings, line 42)
FAIL: g++.old-deja/g++.other/cond5.C (test for warnings, line 43)
FAIL: g++.old-deja/g++.other/goto3.C (test for errors, line 9)
FAIL: g++.old-deja/g++.other/goto3.C (test for errors, line 11)
FAIL: g++.old-deja/g++.other/goto3.C (test for errors, line 12)
FAIL: g++.old-deja/g++.other/goto3.C (test for errors, line 14)
FAIL: g++.old-deja/g++.other/goto3.C (test for errors, line 15)
FAIL: g++.old-deja/g++.other/goto3.C (test for errors, line 16)
FAIL: g++.old-deja/g++.other/goto3.C (test for errors, line 17)
FAIL: g++.old-deja/g++.other/goto3.C (test for errors, line 18)
FAIL: g++.old-deja/g++.other/goto3.C (test for errors, line 19)
FAIL: g++.old-deja/g++.pt/ptrmem6.C (test for errors, line 29)
FAIL: g++.old-deja/g++.pt/ptrmem6.C (test for errors, line 30)
FAIL: g++.old-deja/g++.pt/ptrmem6.C (test for errors, line 31)
FAIL: g++.old-deja/g++.pt/spec35.C (test for errors, line 11)
FAIL: g++.old-deja/g++.pt/spec35.C (test for errors, line 12)
FAIL: g++.old-deja/g++.pt/spec35.C (test for errors, line 14)
FAIL: g++.old-deja/g++.pt/spec35.C (test for errors, line 15)
FAIL: g++.old-deja/g++.pt/spec35.C (test for errors, line 18)
FAIL: g++.old-deja/g++.pt/spec35.C (test for errors, line 19)
FAIL: g++.old-deja/g++.pt/spec35.C (test for errors, line 28)
FAIL: g++.old-deja/g++.pt/spec35.C (test for errors, line 29)
=== g++ Summary ===
# of expected passes 10205
# of unexpected failures 108
# of expected failures 72
# of unsupported tests 96
/export/gates/pinskia/src/gnu/gcc/src/objdir.openbsd/gcc/testsuite/../g++ version 4.0.0 20050113 (experimental)
=== gcc tests ===
Running target unix
FAIL: gcc.c-torture/execute/921215-1.c compilation, -O3 -g
UNRESOLVED: gcc.c-torture/execute/921215-1.c execution, -O3 -g
FAIL: gcc.c-torture/execute/conversion.c execution, -O0
FAIL: gcc.c-torture/execute/conversion.c execution, -O1
FAIL: gcc.c-torture/execute/conversion.c execution, -O2
FAIL: gcc.c-torture/execute/conversion.c execution, -Os
FAIL: gcc.c-torture/execute/ieee/rbug.c execution, -O0
FAIL: gcc.c-torture/execute/ieee/rbug.c execution, -O1
FAIL: gcc.c-torture/execute/ieee/rbug.c execution, -O2
FAIL: tmpdir-gcc.dg-struct-layout-1/t001 c_compat_x_tst.o-c_compat_y_tst.o execute
FAIL: tmpdir-gcc.dg-struct-layout-1/t025 c_compat_x_tst.o-c_compat_y_tst.o execute
FAIL: tmpdir-gcc.dg-struct-layout-1/t027 c_compat_x_tst.o-c_compat_y_tst.o execute
FAIL: tmpdir-gcc.dg-struct-layout-1/t028 c_compat_x_tst.o-c_compat_y_tst.o execute
FAIL: gcc.dg/20021014-1.c (test for excess errors)
WARNING: gcc.dg/20021014-1.c compilation failed to produce executable
FAIL: gcc.dg/i386-3dnow-1.c (test for excess errors)
FAIL: gcc.dg/i386-3dnow-2.c (test for excess errors)
FAIL: gcc.dg/i386-3dnowA-1.c (test for excess errors)
FAIL: gcc.dg/i386-3dnowA-2.c (test for excess errors)
FAIL: gcc.dg/i386-mmx-4.c (test for excess errors)
WARNING: gcc.dg/i386-mmx-4.c compilation failed to produce executable
FAIL: gcc.dg/i386-sse-10.c (test for excess errors)
WARNING: gcc.dg/i386-sse-10.c compilation failed to produce executable
FAIL: gcc.dg/i386-sse-6.c (test for excess errors)
WARNING: gcc.dg/i386-sse-6.c compilation failed to produce executable
FAIL: gcc.dg/i386-sse-7.c (test for excess errors)
WARNING: gcc.dg/i386-sse-7.c compilation failed to produce executable
FAIL: gcc.dg/i386-sse-9.c (test for excess errors)
WARNING: gcc.dg/i386-sse-9.c compilation failed to produce executable
FAIL: gcc.dg/intmax_t-1.c (test for excess errors)
FAIL: gcc.dg/nest.c (test for excess errors)
WARNING: gcc.dg/nest.c compilation failed to produce executable
FAIL: gcc.dg/pr17957.c (test for excess errors)
FAIL: gcc.dg/wchar_t-1.c (test for excess errors)
FAIL: gcc.dg/wint_t-1.c (test for excess errors)
FAIL: largefile.c (test for excess errors)
FAIL: largefile.c (test for excess errors)
FAIL: largefile.c (test for excess errors)
FAIL: largefile.c (test for excess errors)
FAIL: largefile.c (test for excess errors)
FAIL: largefile.c (test for excess errors)
FAIL: largefile.c (test for excess errors)
FAIL: gcc.dg/special/weak-1.c execution test
FAIL: gcc.dg/vect/pr18400.c (test for excess errors)
WARNING: gcc.dg/vect/pr18400.c compilation failed to produce executable
FAIL: gcc.dg/vect/pr18536.c (test for excess errors)
WARNING: gcc.dg/vect/pr18536.c compilation failed to produce executable
FAIL: gcc.dg/vect/vect-11.c (test for excess errors)
WARNING: gcc.dg/vect/vect-11.c compilation failed to produce executable
FAIL: gcc.dg/vect/vect-12.c (test for excess errors)
WARNING: gcc.dg/vect/vect-12.c compilation failed to produce executable
FAIL: gcc.dg/vect/vect-13.c (test for excess errors)
WARNING: gcc.dg/vect/vect-13.c compilation failed to produce executable
FAIL: gcc.dg/vect/vect-16.c (test for excess errors)
WARNING: gcc.dg/vect/vect-16.c compilation failed to produce executable
FAIL: gcc.dg/vect/vect-17.c (test for excess errors)
WARNING: gcc.dg/vect/vect-17.c compilation failed to produce executable
FAIL: gcc.dg/vect/vect-18.c (test for excess errors)
WARNING: gcc.dg/vect/vect-18.c compilation failed to produce executable
FAIL: gcc.dg/vect/vect-19.c (test for excess errors)
WARNING: gcc.dg/vect/vect-19.c compilation failed to produce executable
FAIL: gcc.dg/vect/vect-2.c (test for excess errors)
WARNING: gcc.dg/vect/vect-2.c compilation failed to produce executable
FAIL: gcc.dg/vect/vect-20.c (test for excess errors)
WARNING: gcc.dg/vect/vect-20.c compilation failed to produce executable
FAIL: gcc.dg/vect/vect-21.c (test for excess errors)
WARNING: gcc.dg/vect/vect-21.c compilation failed to produce executable
FAIL: gcc.dg/vect/vect-22.c (test for excess errors)
WARNING: gcc.dg/vect/vect-22.c compilation failed to produce executable
XPASS: gcc.dg/vect/vect-22.c scan-tree-dump-times vectorized 3 loops 1
FAIL: gcc.dg/vect/vect-25.c (test for excess errors)
WARNING: gcc.dg/vect/vect-25.c compilation failed to produce executable
FAIL: gcc.dg/vect/vect-26.c (test for excess errors)
WARNING: gcc.dg/vect/vect-26.c compilation failed to produce executable
FAIL: gcc.dg/vect/vect-27.c (test for excess errors)
WARNING: gcc.dg/vect/vect-27.c compilation failed to produce executable
FAIL: gcc.dg/vect/vect-28.c (test for excess errors)
WARNING: gcc.dg/vect/vect-28.c compilation failed to produce executable
FAIL: gcc.dg/vect/vect-29.c (test for excess errors)
WARNING: gcc.dg/vect/vect-29.c compilation failed to produce executable
FAIL: gcc.dg/vect/vect-3.c (test for excess errors)
WARNING: gcc.dg/vect/vect-3.c compilation failed to produce executable
FAIL: gcc.dg/vect/vect-30.c (test for excess errors)
WARNING: gcc.dg/vect/vect-30.c compilation failed to produce executable
FAIL: gcc.dg/vect/vect-31.c (test for excess errors)
WARNING: gcc.dg/vect/vect-31.c compilation failed to produce executable
FAIL: gcc.dg/vect/vect-32.c (test for excess errors)
WARNING: gcc.dg/vect/vect-32.c compilation failed to produce executable
FAIL: gcc.dg/vect/vect-34.c (test for excess errors)
WARNING: gcc.dg/vect/vect-34.c compilation failed to produce executable
FAIL: gcc.dg/vect/vect-36.c (test for excess errors)
WARNING: gcc.dg/vect/vect-36.c compilation failed to produce executable
FAIL: gcc.dg/vect/vect-38.c (test for excess errors)
WARNING: gcc.dg/vect/vect-38.c compilation failed to produce executable
FAIL: gcc.dg/vect/vect-4.c (test for excess errors)
WARNING: gcc.dg/vect/vect-4.c compilation failed to produce executable
FAIL: gcc.dg/vect/vect-40.c (test for excess errors)
WARNING: gcc.dg/vect/vect-40.c compilation failed to produce executable
FAIL: gcc.dg/vect/vect-42.c (test for excess errors)
WARNING: gcc.dg/vect/vect-42.c compilation failed to produce executable
FAIL: gcc.dg/vect/vect-43.c (test for excess errors)
WARNING: gcc.dg/vect/vect-43.c compilation failed to produce executable
FAIL: gcc.dg/vect/vect-44.c (test for excess errors)
WARNING: gcc.dg/vect/vect-44.c compilation failed to produce executable
FAIL: gcc.dg/vect/vect-46.c (test for excess errors)
WARNING: gcc.dg/vect/vect-46.c compilation failed to produce executable
FAIL: gcc.dg/vect/vect-48.c (test for excess errors)
WARNING: gcc.dg/vect/vect-48.c compilation failed to produce executable
FAIL: gcc.dg/vect/vect-5.c (test for excess errors)
WARNING: gcc.dg/vect/vect-5.c compilation failed to produce executable
FAIL: gcc.dg/vect/vect-50.c (test for excess errors)
WARNING: gcc.dg/vect/vect-50.c compilation failed to produce executable
FAIL: gcc.dg/vect/vect-52.c (test for excess errors)
WARNING: gcc.dg/vect/vect-52.c compilation failed to produce executable
FAIL: gcc.dg/vect/vect-54.c (test for excess errors)
WARNING: gcc.dg/vect/vect-54.c compilation failed to produce executable
FAIL: gcc.dg/vect/vect-56.c (test for excess errors)
WARNING: gcc.dg/vect/vect-56.c compilation failed to produce executable
FAIL: gcc.dg/vect/vect-58.c (test for excess errors)
WARNING: gcc.dg/vect/vect-58.c compilation failed to produce executable
FAIL: gcc.dg/vect/vect-6.c (test for excess errors)
WARNING: gcc.dg/vect/vect-6.c compilation failed to produce executable
FAIL: gcc.dg/vect/vect-60.c (test for excess errors)
WARNING: gcc.dg/vect/vect-60.c compilation failed to produce executable
FAIL: gcc.dg/vect/vect-62.c (test for excess errors)
WARNING: gcc.dg/vect/vect-62.c compilation failed to produce executable
FAIL: gcc.dg/vect/vect-64.c (test for excess errors)
WARNING: gcc.dg/vect/vect-64.c compilation failed to produce executable
FAIL: gcc.dg/vect/vect-65.c (test for excess errors)
WARNING: gcc.dg/vect/vect-65.c compilation failed to produce executable
FAIL: gcc.dg/vect/vect-66.c (test for excess errors)
WARNING: gcc.dg/vect/vect-66.c compilation failed to produce executable
FAIL: gcc.dg/vect/vect-68.c (test for excess errors)
WARNING: gcc.dg/vect/vect-68.c compilation failed to produce executable
FAIL: gcc.dg/vect/vect-69.c (test for excess errors)
WARNING: gcc.dg/vect/vect-69.c compilation failed to produce executable
FAIL: gcc.dg/vect/vect-7.c (test for excess errors)
WARNING: gcc.dg/vect/vect-7.c compilation failed to produce executable
FAIL: gcc.dg/vect/vect-70.c (test for excess errors)
WARNING: gcc.dg/vect/vect-70.c compilation failed to produce executable
FAIL: gcc.dg/vect/vect-72.c (test for excess errors)
WARNING: gcc.dg/vect/vect-72.c compilation failed to produce executable
FAIL: gcc.dg/vect/vect-73.c (test for excess errors)
WARNING: gcc.dg/vect/vect-73.c compilation failed to produce executable
FAIL: gcc.dg/vect/vect-74.c (test for excess errors)
WARNING: gcc.dg/vect/vect-74.c compilation failed to produce executable
FAIL: gcc.dg/vect/vect-75.c (test for excess errors)
WARNING: gcc.dg/vect/vect-75.c compilation failed to produce executable
FAIL: gcc.dg/vect/vect-76.c (test for excess errors)
WARNING: gcc.dg/vect/vect-76.c compilation failed to produce executable
FAIL: gcc.dg/vect/vect-77.c (test for excess errors)
WARNING: gcc.dg/vect/vect-77.c compilation failed to produce executable
FAIL: gcc.dg/vect/vect-78.c (test for excess errors)
WARNING: gcc.dg/vect/vect-78.c compilation failed to produce executable
FAIL: gcc.dg/vect/vect-8.c (test for excess errors)
WARNING: gcc.dg/vect/vect-8.c compilation failed to produce executable
FAIL: gcc.dg/vect/vect-80.c (test for excess errors)
WARNING: gcc.dg/vect/vect-80.c compilation failed to produce executable
FAIL: gcc.dg/vect/vect-86.c (test for excess errors)
WARNING: gcc.dg/vect/vect-86.c compilation failed to produce executable
FAIL: gcc.dg/vect/vect-87.c (test for excess errors)
WARNING: gcc.dg/vect/vect-87.c compilation failed to produce executable
FAIL: gcc.dg/vect/vect-88.c (test for excess errors)
WARNING: gcc.dg/vect/vect-88.c compilation failed to produce executable
FAIL: gcc.dg/vect/vect-89.c (test for excess errors)
WARNING: gcc.dg/vect/vect-89.c compilation failed to produce executable
FAIL: gcc.dg/vect/vect-9.c (test for excess errors)
WARNING: gcc.dg/vect/vect-9.c compilation failed to produce executable
FAIL: gcc.dg/vect/vect-all.c (test for excess errors)
WARNING: gcc.dg/vect/vect-all.c compilation failed to produce executable
=== gcc Summary ===
# of expected passes 32012
# of unexpected failures 98
# of unexpected successes 1
# of expected failures 99
# of unresolved testcases 1
# of untested testcases 35
# of unsupported tests 339
/export/gates/pinskia/src/gnu/gcc/src/objdir.openbsd/gcc/xgcc version 4.0.0 20050113 (experimental)
=== objc tests ===
Running target unix
FAIL: objc.dg/class-protocol-1.m (test for warnings, line 390)
FAIL: objc.dg/class-protocol-1.m (test for warnings, line 396)
FAIL: objc.dg/class-protocol-1.m (test for warnings, line 397)
FAIL: objc.dg/class-protocol-1.m (test for warnings, line 400)
FAIL: objc.dg/class-protocol-1.m (test for warnings, line 404)
FAIL: objc.dg/class-protocol-1.m (test for warnings, line 405)
FAIL: objc.dg/class-protocol-1.m (test for warnings, line 407)
FAIL: objc.dg/class-protocol-1.m (test for warnings, line 408)
FAIL: objc.dg/class-protocol-1.m (test for warnings, line 419)
FAIL: objc.dg/class-protocol-1.m (test for warnings, line 420)
FAIL: objc.dg/class-protocol-1.m (test for warnings, line 426)
FAIL: objc.dg/class-protocol-1.m (test for warnings, line 427)
FAIL: objc.dg/stabs-1.m scan-assembler .text"?\\n\\t.stabs.*100,0,0,(\\\\.)?L?Letext[0-9]*\\n(\\\\.)?L?Letext
=== objc Summary ===
# of expected passes 1515
# of unexpected failures 13
# of unsupported tests 10
/export/gates/pinskia/src/gnu/gcc/src/objdir.openbsd/gcc/xgcc version 4.0.0 20050113 (experimental)
=== libstdc++ tests ===
Running target unix
FAIL: 26_numerics/complex/13450.cc (test for excess errors)
WARNING: 26_numerics/complex/13450.cc compilation failed to produce executable
FAIL: 26_numerics/complex/complex_value.cc (test for excess errors)
WARNING: 26_numerics/complex/complex_value.cc compilation failed to produce executable
FAIL: 26_numerics/complex/pow.cc (test for excess errors)
WARNING: 26_numerics/complex/pow.cc compilation failed to produce executable
FAIL: 27_io/basic_filebuf/close/12790-1.cc execution test
FAIL: 27_io/basic_filebuf/close/char/1.cc execution test
WARNING: program timed out.
FAIL: 27_io/basic_filebuf/close/char/9964.cc execution test
FAIL: 27_io/basic_filebuf/imbue/char/2.cc execution test
FAIL: 27_io/basic_filebuf/is_open/char/1.cc execution test
FAIL: 27_io/basic_filebuf/open/char/1.cc execution test
WARNING: program timed out.
FAIL: 27_io/basic_filebuf/open/char/9507.cc execution test
FAIL: 27_io/basic_filebuf/sbumpc/char/9825.cc execution test
FAIL: 27_io/basic_filebuf/seekoff/12790-1.cc execution test
FAIL: 27_io/basic_filebuf/seekoff/12790-2.cc execution test
FAIL: 27_io/basic_filebuf/seekoff/12790-3.cc execution test
FAIL: 27_io/basic_filebuf/seekoff/12790-4.cc execution test
FAIL: 27_io/basic_filebuf/seekoff/char/1-in.cc execution test
FAIL: 27_io/basic_filebuf/seekoff/char/1-io.cc execution test
FAIL: 27_io/basic_filebuf/seekoff/char/1-out.cc execution test
FAIL: 27_io/basic_filebuf/seekoff/char/11543.cc execution test
FAIL: 27_io/basic_filebuf/seekoff/char/2-in.cc execution test
FAIL: 27_io/basic_filebuf/seekoff/char/2-io.cc execution test
FAIL: 27_io/basic_filebuf/seekoff/char/2-out.cc execution test
FAIL: 27_io/basic_filebuf/seekoff/char/3-in.cc execution test
FAIL: 27_io/basic_filebuf/seekoff/char/3-io.cc execution test
FAIL: 27_io/basic_filebuf/seekoff/char/3-out.cc execution test
FAIL: 27_io/basic_filebuf/seekpos/12790-1.cc execution test
FAIL: 27_io/basic_filebuf/seekpos/12790-2.cc execution test
FAIL: 27_io/basic_filebuf/seekpos/12790-3.cc execution test
FAIL: 27_io/basic_filebuf/seekpos/char/1-in.cc execution test
FAIL: 27_io/basic_filebuf/seekpos/char/1-io.cc execution test
FAIL: 27_io/basic_filebuf/seekpos/char/1-out.cc execution test
FAIL: 27_io/basic_filebuf/seekpos/char/2-in.cc execution test
FAIL: 27_io/basic_filebuf/seekpos/char/2-io.cc execution test
FAIL: 27_io/basic_filebuf/seekpos/char/2-out.cc execution test
FAIL: 27_io/basic_filebuf/seekpos/char/3-in.cc execution test
FAIL: 27_io/basic_filebuf/seekpos/char/3-io.cc execution test
FAIL: 27_io/basic_filebuf/seekpos/char/3-out.cc execution test
WARNING: program timed out.
FAIL: 27_io/basic_filebuf/showmanyc/char/9533-1.cc execution test
FAIL: 27_io/basic_filebuf/sputbackc/char/1-in.cc execution test
FAIL: 27_io/basic_filebuf/sputbackc/char/1-io.cc execution test
FAIL: 27_io/basic_filebuf/sputbackc/char/2-in.cc execution test
FAIL: 27_io/basic_filebuf/sputbackc/char/2-io.cc execution test
FAIL: 27_io/basic_filebuf/sungetc/char/1-in.cc execution test
FAIL: 27_io/basic_filebuf/sungetc/char/1-io.cc execution test
FAIL: 27_io/basic_filebuf/sungetc/char/2-in.cc execution test
FAIL: 27_io/basic_filebuf/sungetc/char/2-io.cc execution test
WARNING: program timed out.
FAIL: 27_io/basic_filebuf/underflow/char/10097.cc execution test
FAIL: 27_io/basic_istream/seekg/char/fstream.cc execution test
FAIL: 27_io/basic_istream/tellg/char/1.cc execution test
FAIL: 27_io/basic_istream/tellg/char/fstream.cc execution test
FAIL: 27_io/basic_ostream/seekp/char/2346-fstream.cc execution test
FAIL: 27_io/basic_ostream/tellp/char/1.cc execution test
FAIL: 27_io/basic_streambuf/in_avail/char/9701-3.cc execution test
WARNING: program timed out.
FAIL: 27_io/objects/char/7.cc execution test
FAIL: 27_io/objects/char/9661-1.cc execution test
=== libstdc++ Summary ===
# of expected passes 2299
# of unexpected failures 55
# of expected failures 4
Compiler version: 4.0.0 20050113 (experimental)
Platform: i686-unknown-openbsd3.1
configure flags: --target=i686-unknown-openbsd3.1 --host=i686-unknown-openbsd3.1 --build=i686-unknown-openbsd3.1 --disable-nls --verbose --enable-cpp --prefix=/home/gates/pinskia/openbsd --enable-shared --disable-libmudflap --enable-languages=c,c++,objc
More information about the Gcc-testresults
mailing list