Results for 4.0.0 20050110 (experimental) testsuite on i486-pc-linux-gnu
Matthias Klose
doko@debian.org
Wed Jan 12 00:54:00 GMT 2005
LAST_UPDATED: Tue Jan 11 00:09:12 UTC 2005
=== acats tests ===
FAIL: a26007a
FAIL: ad8011a
FAIL: c23003a
FAIL: c23003b
FAIL: c23003g
FAIL: c23003i
FAIL: c32001e
FAIL: c34002a
FAIL: c35502d
FAIL: c35502f
FAIL: c35503d
FAIL: c35503f
FAIL: c3a0004
FAIL: c43214c
FAIL: c45231d
FAIL: c460007
FAIL: c4a007a
FAIL: c52011a
FAIL: c64105b
FAIL: c87b62d
FAIL: c95086b
FAIL: c953003
FAIL: c954022
FAIL: c96005b
FAIL: c980002
FAIL: cc1221d
FAIL: cc1225a
FAIL: cd10001
FAIL: cd10002
FAIL: cd1009k
FAIL: cd1009t
FAIL: cd1009u
FAIL: cd1c03e
FAIL: cd1c06a
FAIL: cd2a83c
FAIL: cd2a91c
FAIL: cd2b11a
FAIL: cd2b11b
FAIL: cd2c11a
FAIL: cd2c11d
FAIL: cd30001
FAIL: cd4041a
FAIL: cd5003a
FAIL: cd5003b
FAIL: cd5003c
FAIL: cd5003d
FAIL: cd5003e
FAIL: cd5003f
FAIL: cd5003g
FAIL: cd5003h
FAIL: cd5003i
FAIL: cd5011a
FAIL: cd5011c
FAIL: cd5011e
FAIL: cd5011g
FAIL: cd5011i
FAIL: cd5011k
FAIL: cd5011m
FAIL: cd5011q
FAIL: cd5011s
FAIL: cd5012a
FAIL: cd5012b
FAIL: cd5012e
FAIL: cd5012f
FAIL: cd5012i
FAIL: cd5012m
FAIL: cd5013a
FAIL: cd5013c
FAIL: cd5013e
FAIL: cd5013g
FAIL: cd5013i
FAIL: cd5013k
FAIL: cd5013m
FAIL: cd5013o
FAIL: cd5014a
FAIL: cd5014c
FAIL: cd5014e
FAIL: cd5014g
FAIL: cd5014i
FAIL: cd5014k
FAIL: cd5014m
FAIL: cd5014o
FAIL: cd5014t
FAIL: cd5014v
FAIL: cd5014x
FAIL: cd5014y
FAIL: cd5014z
FAIL: cd7101g
FAIL: cdd2a02
FAIL: ce2102c
FAIL: ce2102h
FAIL: ce2103a
FAIL: ce2103b
FAIL: ce2203a
FAIL: ce2403a
FAIL: ce3002b
FAIL: ce3002c
FAIL: ce3102b
FAIL: ce3107a
FAIL: ce3304a
FAIL: cxg2022
=== acats Summary ===
# of expected passes 2220
# of unexpected failures 101
Native configuration is i486-pc-linux-gnu
=== g++ tests ===
Running target unix
XPASS: g++.dg/warn/Wunused-9.C (test for warnings, line 32)
WARNING: g++.old-deja/g++.mike/p10769a.C compilation failed to produce executable
XPASS: g++.old-deja/g++.other/init5.C execution test
=== g++ Summary ===
# of expected passes 10585
# of unexpected successes 2
# of expected failures 71
# of unsupported tests 56
/home/packages/gcc/snap/gcc-snapshot-20050110/build/gcc/testsuite/../g++ version 4.0.0 20050110 (experimental)
=== gcc tests ===
Running target unix
XPASS: gcc.dg/tree-ssa/20040204-1.c scan-tree-dump-times link_error 0
XPASS: gcc.dg/vect/vect-22.c scan-tree-dump-times vectorized 3 loops 1
=== gcc Summary ===
# of expected passes 32626
# of unexpected successes 2
# of expected failures 99
# of untested testcases 28
# of unsupported tests 305
/home/packages/gcc/snap/gcc-snapshot-20050110/build/gcc/xgcc version 4.0.0 20050110 (experimental)
=== objc tests ===
Running target unix
=== objc Summary ===
# of expected passes 1528
# of unsupported tests 10
/home/packages/gcc/snap/gcc-snapshot-20050110/build/gcc/xgcc version 4.0.0 20050110 (experimental)
=== libffi tests ===
Running target unix
=== libffi Summary ===
# of expected passes 216
# of unsupported tests 2
=== libjava tests ===
Running target unix
=== libjava Summary ===
# of expected passes 3720
# of expected failures 14
# of untested testcases 16
=== libmudflap tests ===
Running target unix
=== libmudflap Summary ===
# of expected passes 1280
=== libstdc++-v3 check-abi Summary ===
# of added symbols: 54
# of missing symbols: 0
# of incompatible symbols: 0
using: /home/packages/gcc/snap/gcc-snapshot-20050110/src/libstdc++-v3/config/abi/i486-linux-gnu/baseline_symbols.txt
=== libstdc++ tests ===
Running target unix
XPASS: 22_locale/locale/cons/12658_thread-1.cc execution test
XPASS: 26_numerics/cmath/c99_classification_macros_c.cc (test for excess errors)
=== libstdc++ Summary ===
# of expected passes 3360
# of unexpected successes 2
# of expected failures 5
Compiler version: 4.0.0 20050110 (experimental)
Platform: i486-pc-linux-gnu
configure flags: -v --prefix=/usr/lib/gcc-snapshot --enable-shared --with-system-zlib --enable-nls --enable-threads=posix --without-included-gettext --disable-werror --enable-__cxa_atexit --enable-libstdcxx-allocator=mt --enable-clocale=gnu --enable-libstdcxx-debug --enable-java-gc=boehm --enable-java-awt=gtk i486-linux-gnu --enable-languages=c,ada,c++,java,objc
BOOT_CFLAGS=-O2
Build Dependencies:
Desired=Unknown/Install/Remove/Purge/Hold
| Status=Not/Installed/Config-files/Unpacked/Failed-config/Half-installed
|/ Err?=(none)/Hold/Reinst-required/X=both-problems (Status,Err: uppercase=bad)
||/ Name Version Description
+++-==============-==============-============================================
ii binutils 2.15-5 The GNU assembler, linker and binary utiliti
ii libc6-dev 2.3.2.ds1-20 GNU C Library: Development Libraries and Hea
Patches that Debian applied in this version:
boehm-gc-nocheck:
Disable the boehm-gc testsuite. Hangs forever on this architecture
amd64-specs:
Use 64bits mode assembly except with -m32
libjava-mips:
libjava-mips patch from Thiemo Seufer <ica2_ts@csv.ica.uni-stuttgart.de>
pr19162:
PR1962
acats-expect:
Run the ACATS testsuite using expect
ada-s390:
Fix Ada on s390/s390x (Bastian Blank)
boehm-gc-nocheck:
Disable the boehm-gc testsuite. Hangs forever on this architecture
More information about the Gcc-testresults
mailing list