Results for 4.0.0 20050110 (experimental) testsuite on s390-ibm-linux-gnu
Ulrich Weigand
uweigand@de.ibm.com
Mon Jan 10 14:54:00 GMT 2005
LAST_UPDATED:
Native configuration is s390-ibm-linux-gnu
=== g++ tests ===
Running target unix
XPASS: g++.dg/warn/Wunused-9.C (test for warnings, line 32)
WARNING: g++.old-deja/g++.mike/p10769a.C compilation failed to produce executable
XPASS: g++.old-deja/g++.other/init5.C execution test
=== g++ Summary ===
# of expected passes 10516
# of unexpected successes 2
# of expected failures 71
# of unsupported tests 91
/mnt/dasdc1/fsf/gcc-head-build/gcc/testsuite/../g++ version 4.0.0 20050110 (experimental)
=== gcc tests ===
Running target unix
XPASS: gcc.dg/tree-ssa/20040204-1.c scan-tree-dump-times link_error 0
=== gcc Summary ===
# of expected passes 31847
# of unexpected successes 1
# of expected failures 74
# of untested testcases 28
# of unsupported tests 454
/mnt/dasdc1/fsf/gcc-head-build/gcc/xgcc version 4.0.0 20050110 (experimental)
=== gfortran tests ===
Running target unix
XPASS: gfortran.dg/ret_pointer_1.f90 -O0 execution test
XPASS: gfortran.dg/ret_pointer_1.f90 -O1 execution test
XPASS: gfortran.dg/ret_pointer_1.f90 -O2 execution test
XPASS: gfortran.dg/ret_pointer_1.f90 -O3 -fomit-frame-pointer execution test
XPASS: gfortran.dg/ret_pointer_1.f90 -O3 -fomit-frame-pointer -funroll-loops execution test
XPASS: gfortran.dg/ret_pointer_1.f90 -O3 -fomit-frame-pointer -funroll-all-loops -finline-functions execution test
XPASS: gfortran.dg/ret_pointer_1.f90 -O3 -g execution test
XPASS: gfortran.dg/ret_pointer_1.f90 -Os execution test
FAIL: gfortran.fortran-torture/execute/forall_3.f90 execution, -O0
FAIL: gfortran.fortran-torture/execute/forall_3.f90 execution, -O1
FAIL: gfortran.fortran-torture/execute/forall_3.f90 execution, -O2
FAIL: gfortran.fortran-torture/execute/forall_3.f90 execution, -O3 -fomit-frame-pointer
FAIL: gfortran.fortran-torture/execute/forall_3.f90 execution, -O3 -fomit-frame-pointer -funroll-loops
FAIL: gfortran.fortran-torture/execute/forall_3.f90 execution, -O3 -fomit-frame-pointer -funroll-all-loops -finline-functions
FAIL: gfortran.fortran-torture/execute/forall_3.f90 execution, -O3 -g
FAIL: gfortran.fortran-torture/execute/forall_3.f90 execution, -Os
=== gfortran Summary ===
# of expected passes 4927
# of unexpected failures 8
# of unexpected successes 8
# of expected failures 18
# of unsupported tests 8
/mnt/dasdc1/fsf/gcc-head-build/gcc/testsuite/../gfortran version 4.0.0 20050110 (experimental)
=== objc tests ===
Running target unix
=== objc Summary ===
# of expected passes 1528
# of unsupported tests 10
/mnt/dasdc1/fsf/gcc-head-build/gcc/xgcc version 4.0.0 20050110 (experimental)
=== libffi tests ===
Running target unix
=== libffi Summary ===
# of expected passes 216
# of unsupported tests 2
=== libjava tests ===
Running target unix
XPASS: pr13107_3 compilation from bytecode
XPASS: pr13107_3 -O3 compilation from bytecode
=== libjava Summary ===
# of expected passes 3720
# of unexpected successes 2
# of expected failures 12
# of untested testcases 12
=== libmudflap tests ===
Running target unix
FAIL: libmudflap.c/pass45-frag.c (-static) execution test
FAIL: libmudflap.c/pass45-frag.c (-static) output pattern test
=== libmudflap Summary ===
# of expected passes 1278
# of unexpected failures 2
=== libstdc++-v3 check-abi Summary ===
# of added symbols: 63
# of missing symbols: 0
# of incompatible symbols: 0
using: /home/uweigand/fsf/gcc-head/libstdc++-v3/config/abi/s390-linux-gnu/baseline_symbols.txt
=== libstdc++ tests ===
Running target unix
XPASS: 22_locale/locale/cons/12658_thread-1.cc execution test
XPASS: 26_numerics/cmath/c99_classification_macros_c.cc (test for excess errors)
=== libstdc++ Summary ===
# of expected passes 3360
# of unexpected successes 2
# of expected failures 5
Compiler version: 4.0.0 20050110 (experimental)
Platform: s390-ibm-linux-gnu
configure flags: --prefix=/home/uweigand/fsf/gcc-head-install --enable-__cxa_atexit --enable-languages=c,c++,f95,java,objc
More information about the Gcc-testresults
mailing list