Results for 4.0.0 20050108 (experimental) gfortran testsuite on powerpc-apple-darwin7.7.0
François-Xavier Coudert
coudert@quatramaran.ens.fr
Sat Jan 8 19:29:00 GMT 2005
tail: s,@gcc_config_arguments@,../gcc/LAST_UPDATED: No such file or directory
LAST_UPDATED:
Native configuration is powerpc-apple-darwin7.7.0
=== tests ===
Running target unix
=== Summary ===
=== gfortran tests ===
Running target unix
XPASS: gfortran.dg/ret_pointer_1.f90 -O0 execution test
XPASS: gfortran.dg/ret_pointer_1.f90 -O1 execution test
XPASS: gfortran.dg/ret_pointer_1.f90 -O2 execution test
XPASS: gfortran.dg/ret_pointer_1.f90 -O3 -fomit-frame-pointer execution test
XPASS: gfortran.dg/ret_pointer_1.f90 -O3 -fomit-frame-pointer -funroll-loops execution test
XPASS: gfortran.dg/ret_pointer_1.f90 -O3 -fomit-frame-pointer -funroll-all-loops -finline-functions execution test
XPASS: gfortran.dg/ret_pointer_1.f90 -O3 -g execution test
XPASS: gfortran.dg/ret_pointer_1.f90 -Os execution test
FAIL: gfortran.dg/g77/f90-intrinsic-bit.f -O1 (test for excess errors)
WARNING: gfortran.dg/g77/f90-intrinsic-bit.f -O1 compilation failed to produce executable
FAIL: gfortran.dg/g77/f90-intrinsic-bit.f -O2 (test for excess errors)
WARNING: gfortran.dg/g77/f90-intrinsic-bit.f -O2 compilation failed to produce executable
FAIL: gfortran.dg/g77/f90-intrinsic-bit.f -O3 -fomit-frame-pointer (test for excess errors)
WARNING: gfortran.dg/g77/f90-intrinsic-bit.f -O3 -fomit-frame-pointer compilation failed to produce executable
FAIL: gfortran.dg/g77/f90-intrinsic-bit.f -O3 -fomit-frame-pointer -funroll-loops (test for excess errors)
WARNING: gfortran.dg/g77/f90-intrinsic-bit.f -O3 -fomit-frame-pointer -funroll-loops compilation failed to produce executable
FAIL: gfortran.dg/g77/f90-intrinsic-bit.f -O3 -fomit-frame-pointer -funroll-all-loops -finline-functions (test for excess errors)
WARNING: gfortran.dg/g77/f90-intrinsic-bit.f -O3 -fomit-frame-pointer -funroll-all-loops -finline-functions compilation failed to produce executable
FAIL: gfortran.dg/g77/f90-intrinsic-bit.f -O3 -g (test for excess errors)
WARNING: gfortran.dg/g77/f90-intrinsic-bit.f -O3 -g compilation failed to produce executable
FAIL: gfortran.dg/g77/f90-intrinsic-bit.f -Os (test for excess errors)
WARNING: gfortran.dg/g77/f90-intrinsic-bit.f -Os compilation failed to produce executable
FAIL: gfortran.fortran-torture/execute/forall_3.f90 execution, -O1
FAIL: gfortran.fortran-torture/execute/forall_3.f90 execution, -O2
FAIL: gfortran.fortran-torture/execute/forall_3.f90 execution, -O3 -fomit-frame-pointer
FAIL: gfortran.fortran-torture/execute/forall_3.f90 execution, -O3 -fomit-frame-pointer -funroll-loops
FAIL: gfortran.fortran-torture/execute/forall_3.f90 execution, -O3 -fomit-frame-pointer -funroll-all-loops -finline-functions
FAIL: gfortran.fortran-torture/execute/forall_3.f90 execution, -O3 -g
FAIL: gfortran.fortran-torture/execute/forall_3.f90 execution, -Os
=== gfortran Summary ===
# of expected passes 4856
# of unexpected failures 14
# of unexpected successes 8
# of expected failures 18
# of unsupported tests 8
/private/tmp/gfortran-20050108/ibin/gcc/testsuite/../gfortran version 4.0.0 20050108 (experimental)
Compiler version: 4.0.0 20050108 (experimental) gfortran
Platform: powerpc-apple-darwin7.7.0
configure flags: --prefix=/tmp/gfortran-20050108/irun --enable-languages=c,f95,;t t
More information about the Gcc-testresults
mailing list