Results for 4.0.0 20050105 (experimental) testsuite on i686-pc-linux-gnu
Diego Novillo
dnovillo@redhat.com
Wed Jan 5 09:30:00 GMT 2005
LAST_UPDATED:
Native configuration is i686-pc-linux-gnu
=== g++ tests ===
Running target unix
XPASS: g++.dg/warn/Wunused-9.C (test for warnings, line 32)
WARNING: g++.old-deja/g++.mike/p10769a.C compilation failed to produce executable
=== g++ Summary ===
# of expected passes 10576
# of unexpected successes 1
# of expected failures 72
# of unsupported tests 56
/notnfs/dnovillo/sbox/gcc/bld.toribio/gcc/testsuite/../g++ version 4.0.0 20050105 (experimental)
=== gcc tests ===
Running target unix
=== gcc Summary ===
# of expected passes 32431
# of expected failures 104
# of untested testcases 28
# of unsupported tests 304
/notnfs/dnovillo/sbox/gcc/bld.toribio/gcc/xgcc version 4.0.0 20050105 (experimental)
=== gfortran tests ===
Running target unix
XPASS: gfortran.dg/ret_pointer_1.f90 execution test
XPASS: gfortran.dg/ret_pointer_1.f90 execution test
XPASS: gfortran.dg/ret_pointer_1.f90 execution test
XPASS: gfortran.dg/ret_pointer_1.f90 execution test
XPASS: gfortran.dg/ret_pointer_1.f90 execution test
FAIL: gfortran.fortran-torture/execute/forall_3.f90 execution, -O1
=== gfortran Summary ===
# of expected passes 4860
# of unexpected failures 1
# of unexpected successes 5
# of expected failures 21
/notnfs/dnovillo/sbox/gcc/bld.toribio/gcc/testsuite/../gfortran version 4.0.0 20050105 (experimental)
=== objc tests ===
Running target unix
=== objc Summary ===
# of expected passes 1528
# of unsupported tests 10
/notnfs/dnovillo/sbox/gcc/bld.toribio/gcc/xgcc version 4.0.0 20050105 (experimental)
=== libffi tests ===
Running target unix
=== libffi Summary ===
# of expected passes 216
# of unsupported tests 2
=== libjava tests ===
Running target unix
FAIL: LargeFile execution - source compiled test
FAIL: LargeFile execution - gij test
FAIL: LargeFile execution - bytecode->native test
FAIL: LargeFile -O3 execution - source compiled test
FAIL: LargeFile execution - gij test
FAIL: LargeFile -O3 execution - bytecode->native test
FAIL: String_overflow -O3 compilation from source
XPASS: pr13107_3 compilation from bytecode
XPASS: pr13107_3 -O3 compilation from bytecode
=== libjava Summary ===
# of expected passes 3691
# of unexpected failures 7
# of unexpected successes 2
# of expected failures 12
# of untested testcases 20
=== libmudflap tests ===
Running target unix
FAIL: libmudflap.c/pass32-frag.c (test for excess errors)
WARNING: libmudflap.c/pass32-frag.c compilation failed to produce executable
FAIL: libmudflap.c/pass32-frag.c (-static) (test for excess errors)
WARNING: libmudflap.c/pass32-frag.c (-static) compilation failed to produce executable
FAIL: libmudflap.c/pass32-frag.c (-O2) (test for excess errors)
WARNING: libmudflap.c/pass32-frag.c (-O2) compilation failed to produce executable
FAIL: libmudflap.c/pass32-frag.c (-O3) (test for excess errors)
WARNING: libmudflap.c/pass32-frag.c (-O3) compilation failed to produce executable
=== libmudflap Summary ===
# of expected passes 1272
# of unexpected failures 4
=== libstdc++-v3 check-abi Summary ===
# of added symbols: 54
# of missing symbols: 7
# of incompatible symbols: 7
using: /home/cygnus/dnovillo/perf/sbox/gcc/local.i686/src/libstdc++-v3/config/abi/i486-linux-gnu/baseline_symbols.txt
=== libstdc++ tests ===
Running target unix
FAIL: 21_strings/basic_string/find/char/3.cc execution test
XPASS: 22_locale/locale/cons/12658_thread-1.cc execution test
FAIL: 23_containers/bitset/input/1.cc (test for excess errors)
WARNING: 23_containers/bitset/input/1.cc compilation failed to produce executable
FAIL: 23_containers/bitset/to_ulong/1.cc (test for excess errors)
WARNING: 23_containers/bitset/to_ulong/1.cc compilation failed to produce executable
XPASS: 26_numerics/cmath/c99_classification_macros_c.cc (test for excess errors)
FAIL: 27_io/basic_iostream/4.cc (test for excess errors)
WARNING: 27_io/basic_iostream/4.cc compilation failed to produce executable
FAIL: 27_io/basic_stringstream/str/char/2.cc (test for excess errors)
WARNING: 27_io/basic_stringstream/str/char/2.cc compilation failed to produce executable
=== libstdc++ Summary ===
# of expected passes 3347
# of unexpected failures 5
# of unexpected successes 2
# of expected failures 5
Compiler version: 4.0.0 20050105 (experimental)
Platform: i686-pc-linux-gnu
configure flags: --prefix=/home/cygnus/dnovillo/perf/sbox/gcc/local.i686/inst.toribio --srcdir=/home/cygnus/dnovillo/perf/sbox/gcc/local.i686/src --disable-multilib --enable-mpfr --with-gmp=/home/cygnus/dnovillo/i686 --disable-checking --enable-languages=c,c++,f95,java,objc
More information about the Gcc-testresults
mailing list