Results for 4.0.0 20050104 (experimental) gfortran testsuite on i686-pc-linux-gnu
bud davis
bdavis@gfortran.org
Tue Jan 4 11:40:00 GMT 2005
LAST_UPDATED:
Native configuration is i686-pc-linux-gnu
=== gfortran tests ===
Running target unix
XPASS: gfortran.dg/ret_pointer_1.f90 execution test
XPASS: gfortran.dg/ret_pointer_1.f90 execution test
XPASS: gfortran.dg/ret_pointer_1.f90 execution test
XPASS: gfortran.dg/ret_pointer_1.f90 execution test
XPASS: gfortran.dg/ret_pointer_1.f90 execution test
FAIL: gfortran.fortran-torture/execute/forall_3.f90 execution, -O1
=== gfortran Summary ===
# of expected passes 4860
# of unexpected failures 1
# of unexpected successes 5
# of expected failures 21
/usr/work/2005004/ibin/gcc/testsuite/../gfortran version 4.0.0 20050104 (experimental)
Compiler version: 4.0.0 20050104 (experimental) gfortran
Platform: i686-pc-linux-gnu
configure flags: --enable-languages=c,f95 --prefix=/usr/work/2005004/irun,;t t
More information about the Gcc-testresults
mailing list