Results for 4.0.0 20050103 (experimental) testsuite on hppa-unknown-linux-gnu
John David Anglin
dave@hiauly6.hia.nrc.ca
Mon Jan 3 18:57:00 GMT 2005
LAST_UPDATED: Mon Jan 3 03:11:35 UTC 2005
=== acats tests ===
FAIL: c32001e
FAIL: c43214c
FAIL: c52011a
FAIL: c62003a
FAIL: c62003b
FAIL: c64103e
FAIL: c64103f
FAIL: c64104j
FAIL: c64104k
FAIL: c64104l
FAIL: c64104m
FAIL: c64104n
FAIL: c64105b
FAIL: c95086b
FAIL: c96005d
FAIL: cb3004a
FAIL: cb4001a
FAIL: cc1221d
FAIL: cc3017c
FAIL: cd2b11a
FAIL: cd2b11b
=== acats Summary ===
# of expected passes 1945
# of unexpected failures 21
# of unsupported tests 356
Native configuration is hppa-unknown-linux-gnu
=== g++ tests ===
Running target unix
XPASS: g++.dg/warn/Wunused-9.C (test for warnings, line 32)
FAIL: g++.old-deja/g++.ext/attrib5.C (test for excess errors)
WARNING: g++.old-deja/g++.mike/p10769a.C compilation failed to produce executable
XPASS: g++.old-deja/g++.other/init5.C execution test
=== g++ Summary ===
# of expected passes 10483
# of unexpected failures 1
# of unexpected successes 2
# of expected failures 71
# of unsupported tests 92
/home/dave/gnu/gcc-4.0/objdir/gcc/testsuite/../g++ version 4.0.0 20050103 (experimental)
=== gcc tests ===
Running target unix
FAIL: gcc.dg/debug/dwarf2/dwarf-die7.c scan-assembler 1.*DW_AT_inline
FAIL: gcc.dg/cleanup-10.c execution test
FAIL: gcc.dg/cleanup-11.c execution test
XPASS: gcc.dg/const-elim-1.c scan-assembler-not L\\\\\$?C[^A-Z]
ERROR: tcl error sourcing /home/dave/gnu/gcc-4.0/gcc/gcc/testsuite/gcc.dg/dg.exp.
ERROR: unmatched open brace in list
=== gcc Summary ===
# of expected passes 30149
# of unexpected failures 3
# of unexpected successes 1
# of expected failures 55
# of untested testcases 28
# of unsupported tests 390
/home/dave/gnu/gcc-4.0/objdir/gcc/xgcc version 4.0.0 20050103 (experimental)
=== gfortran tests ===
Running target unix
XPASS: gfortran.dg/ret_pointer_1.f90 -O0 execution test
XPASS: gfortran.dg/ret_pointer_1.f90 -O1 execution test
XPASS: gfortran.dg/ret_pointer_1.f90 -O2 execution test
XPASS: gfortran.dg/ret_pointer_1.f90 -O3 -fomit-frame-pointer execution test
XPASS: gfortran.dg/ret_pointer_1.f90 -O3 -fomit-frame-pointer -funroll-loops execution test
XPASS: gfortran.dg/ret_pointer_1.f90 -O3 -fomit-frame-pointer -funroll-all-loops -finline-functions execution test
XPASS: gfortran.dg/ret_pointer_1.f90 -O3 -g execution test
XPASS: gfortran.dg/ret_pointer_1.f90 -Os execution test
FAIL: gfortran.dg/g77/980628-0.f -O0 execution test
FAIL: gfortran.dg/g77/980628-0.f -O1 execution test
FAIL: gfortran.dg/g77/980628-0.f -O2 execution test
FAIL: gfortran.dg/g77/980628-0.f -O3 -fomit-frame-pointer execution test
FAIL: gfortran.dg/g77/980628-0.f -O3 -fomit-frame-pointer -funroll-loops execution test
FAIL: gfortran.dg/g77/980628-0.f -O3 -fomit-frame-pointer -funroll-all-loops -finline-functions execution test
FAIL: gfortran.dg/g77/980628-0.f -O3 -g execution test
FAIL: gfortran.dg/g77/980628-0.f -Os execution test
FAIL: gfortran.dg/g77/980628-1.f -O0 execution test
FAIL: gfortran.dg/g77/980628-1.f -O1 execution test
FAIL: gfortran.dg/g77/980628-1.f -O2 execution test
FAIL: gfortran.dg/g77/980628-1.f -O3 -fomit-frame-pointer execution test
FAIL: gfortran.dg/g77/980628-1.f -O3 -fomit-frame-pointer -funroll-loops execution test
FAIL: gfortran.dg/g77/980628-1.f -O3 -fomit-frame-pointer -funroll-all-loops -finline-functions execution test
FAIL: gfortran.dg/g77/980628-1.f -O3 -g execution test
FAIL: gfortran.dg/g77/980628-1.f -Os execution test
FAIL: gfortran.dg/g77/980628-10.f -O0 execution test
FAIL: gfortran.dg/g77/980628-10.f -O1 execution test
FAIL: gfortran.dg/g77/980628-10.f -O2 execution test
FAIL: gfortran.dg/g77/980628-10.f -O3 -fomit-frame-pointer execution test
FAIL: gfortran.dg/g77/980628-10.f -O3 -fomit-frame-pointer -funroll-loops execution test
FAIL: gfortran.dg/g77/980628-10.f -O3 -fomit-frame-pointer -funroll-all-loops -finline-functions execution test
FAIL: gfortran.dg/g77/980628-10.f -O3 -g execution test
FAIL: gfortran.dg/g77/980628-10.f -Os execution test
FAIL: gfortran.dg/g77/980628-2.f -O0 execution test
FAIL: gfortran.dg/g77/980628-2.f -O1 execution test
FAIL: gfortran.dg/g77/980628-2.f -O2 execution test
FAIL: gfortran.dg/g77/980628-2.f -O3 -fomit-frame-pointer execution test
FAIL: gfortran.dg/g77/980628-2.f -O3 -fomit-frame-pointer -funroll-loops execution test
FAIL: gfortran.dg/g77/980628-2.f -O3 -fomit-frame-pointer -funroll-all-loops -finline-functions execution test
FAIL: gfortran.dg/g77/980628-2.f -O3 -g execution test
FAIL: gfortran.dg/g77/980628-2.f -Os execution test
FAIL: gfortran.dg/g77/980628-3.f -O0 execution test
FAIL: gfortran.dg/g77/980628-3.f -O1 execution test
FAIL: gfortran.dg/g77/980628-3.f -O2 execution test
FAIL: gfortran.dg/g77/980628-3.f -O3 -fomit-frame-pointer execution test
FAIL: gfortran.dg/g77/980628-3.f -O3 -fomit-frame-pointer -funroll-loops execution test
FAIL: gfortran.dg/g77/980628-3.f -O3 -fomit-frame-pointer -funroll-all-loops -finline-functions execution test
FAIL: gfortran.dg/g77/980628-3.f -O3 -g execution test
FAIL: gfortran.dg/g77/980628-3.f -Os execution test
FAIL: gfortran.dg/g77/980628-7.f -O0 execution test
FAIL: gfortran.dg/g77/980628-7.f -O1 execution test
FAIL: gfortran.dg/g77/980628-7.f -O2 execution test
FAIL: gfortran.dg/g77/980628-7.f -O3 -fomit-frame-pointer execution test
FAIL: gfortran.dg/g77/980628-7.f -O3 -fomit-frame-pointer -funroll-loops execution test
FAIL: gfortran.dg/g77/980628-7.f -O3 -fomit-frame-pointer -funroll-all-loops -finline-functions execution test
FAIL: gfortran.dg/g77/980628-7.f -O3 -g execution test
FAIL: gfortran.dg/g77/980628-7.f -Os execution test
FAIL: gfortran.dg/g77/980628-8.f -O0 execution test
FAIL: gfortran.dg/g77/980628-8.f -O1 execution test
FAIL: gfortran.dg/g77/980628-8.f -O2 execution test
FAIL: gfortran.dg/g77/980628-8.f -O3 -fomit-frame-pointer execution test
FAIL: gfortran.dg/g77/980628-8.f -O3 -fomit-frame-pointer -funroll-loops execution test
FAIL: gfortran.dg/g77/980628-8.f -O3 -fomit-frame-pointer -funroll-all-loops -finline-functions execution test
FAIL: gfortran.dg/g77/980628-8.f -O3 -g execution test
FAIL: gfortran.dg/g77/980628-8.f -Os execution test
FAIL: gfortran.dg/g77/980628-9.f -O0 execution test
FAIL: gfortran.dg/g77/980628-9.f -O1 execution test
FAIL: gfortran.dg/g77/980628-9.f -O2 execution test
FAIL: gfortran.dg/g77/980628-9.f -O3 -fomit-frame-pointer execution test
FAIL: gfortran.dg/g77/980628-9.f -O3 -fomit-frame-pointer -funroll-loops execution test
FAIL: gfortran.dg/g77/980628-9.f -O3 -fomit-frame-pointer -funroll-all-loops -finline-functions execution test
FAIL: gfortran.dg/g77/980628-9.f -O3 -g execution test
FAIL: gfortran.dg/g77/980628-9.f -Os execution test
FAIL: gfortran.fortran-torture/execute/forall_3.f90 execution, -O1
FAIL: gfortran.fortran-torture/execute/forall_3.f90 execution, -Os
=== gfortran Summary ===
# of expected passes 4779
# of unexpected failures 66
# of unexpected successes 8
# of expected failures 18
# of unsupported tests 8
/home/dave/gnu/gcc-4.0/objdir/gcc/testsuite/../gfortran version 4.0.0 20050103 (experimental)
=== objc tests ===
Running target unix
=== objc Summary ===
# of expected passes 1528
# of unsupported tests 10
/home/dave/gnu/gcc-4.0/objdir/gcc/xgcc version 4.0.0 20050103 (experimental)
=== libffi tests ===
Running target unix
FAIL: libffi.call/cls_5byte.c output pattern test, is 127 120 1 12 128 9: 139 248 10
FAIL: libffi.call/cls_6byte.c output pattern test, is 127 120 1 128 12 128 9 127: 139 248 10 255
FAIL: libffi.call/cls_align_sint16.c output pattern test, is 12 4951 127 1 9320 13: 13 14271 140
FAIL: libffi.call/cls_align_uint16.c output pattern test, is 12 4951 127 1 9320 13: 13 14271 140
=== libffi Summary ===
# of expected passes 212
# of unexpected failures 4
# of unsupported tests 2
=== libjava tests ===
Running target unix
WARNING: program timed out.
FAIL: PR218 execution - source compiled test
WARNING: program timed out.
FAIL: PR218 execution - bytecode->native test
WARNING: program timed out.
FAIL: PR218 -O3 execution - source compiled test
WARNING: program timed out.
FAIL: PR218 -O3 execution - bytecode->native test
FAIL: Serialization output - gij test
FAIL: Serialization output - gij test
FAIL: negzero output - gij test
FAIL: negzero output - gij test
XPASS: pr13107_3 compilation from bytecode
XPASS: pr13107_3 -O3 compilation from bytecode
=== libjava Summary ===
# of expected passes 3694
# of unexpected failures 8
# of unexpected successes 2
# of expected failures 12
# of untested testcases 16
=== libmudflap tests ===
Running target unix
FAIL: libmudflap.c/fail1-frag.c output pattern test
FAIL: libmudflap.c/fail10-frag.c output pattern test
FAIL: libmudflap.c/fail13-frag.c output pattern test
FAIL: libmudflap.c/fail14-frag.c output pattern test
FAIL: libmudflap.c/fail15-frag.c output pattern test
FAIL: libmudflap.c/fail2-frag.c output pattern test
FAIL: libmudflap.c/fail23-frag.c output pattern test
FAIL: libmudflap.c/fail27-frag.c output pattern test
FAIL: libmudflap.c/fail3-frag.c output pattern test
FAIL: libmudflap.c/fail37-frag.c output pattern test
FAIL: libmudflap.c/fail38-frag.c output pattern test
FAIL: libmudflap.c/fail4-frag.c output pattern test
FAIL: libmudflap.c/fail5-frag.c output pattern test
FAIL: libmudflap.c/pass32-frag.c (test for excess errors)
WARNING: libmudflap.c/pass32-frag.c compilation failed to produce executable
FAIL: libmudflap.c/pass49-frag.c execution test
FAIL: libmudflap.c/pass49-frag.c output pattern test
FAIL: libmudflap.c/fail1-frag.c (-static) output pattern test
FAIL: libmudflap.c/fail10-frag.c (-static) output pattern test
FAIL: libmudflap.c/fail13-frag.c (-static) output pattern test
FAIL: libmudflap.c/fail14-frag.c (-static) output pattern test
FAIL: libmudflap.c/fail15-frag.c (-static) output pattern test
FAIL: libmudflap.c/fail2-frag.c (-static) output pattern test
FAIL: libmudflap.c/fail23-frag.c (-static) output pattern test
FAIL: libmudflap.c/fail27-frag.c (-static) output pattern test
FAIL: libmudflap.c/fail3-frag.c (-static) output pattern test
FAIL: libmudflap.c/fail37-frag.c (-static) output pattern test
FAIL: libmudflap.c/fail38-frag.c (-static) output pattern test
FAIL: libmudflap.c/fail4-frag.c (-static) output pattern test
FAIL: libmudflap.c/fail5-frag.c (-static) output pattern test
FAIL: libmudflap.c/pass32-frag.c (-static) (test for excess errors)
WARNING: libmudflap.c/pass32-frag.c (-static) compilation failed to produce executable
FAIL: libmudflap.c/pass49-frag.c (-static) execution test
FAIL: libmudflap.c/pass49-frag.c (-static) output pattern test
FAIL: libmudflap.c/fail1-frag.c (-O2) output pattern test
FAIL: libmudflap.c/fail10-frag.c (-O2) output pattern test
FAIL: libmudflap.c/fail13-frag.c (-O2) output pattern test
FAIL: libmudflap.c/fail14-frag.c (-O2) output pattern test
FAIL: libmudflap.c/fail15-frag.c (-O2) output pattern test
FAIL: libmudflap.c/fail2-frag.c (-O2) output pattern test
FAIL: libmudflap.c/fail23-frag.c (-O2) output pattern test
FAIL: libmudflap.c/fail27-frag.c (-O2) output pattern test
FAIL: libmudflap.c/fail3-frag.c (-O2) output pattern test
FAIL: libmudflap.c/fail37-frag.c (-O2) output pattern test
FAIL: libmudflap.c/fail38-frag.c (-O2) output pattern test
FAIL: libmudflap.c/fail4-frag.c (-O2) output pattern test
FAIL: libmudflap.c/fail5-frag.c (-O2) output pattern test
FAIL: libmudflap.c/pass32-frag.c (-O2) (test for excess errors)
WARNING: libmudflap.c/pass32-frag.c (-O2) compilation failed to produce executable
FAIL: libmudflap.c/pass49-frag.c (-O2) execution test
FAIL: libmudflap.c/pass49-frag.c (-O2) output pattern test
FAIL: libmudflap.c/fail1-frag.c (-O3) output pattern test
FAIL: libmudflap.c/fail10-frag.c (-O3) output pattern test
FAIL: libmudflap.c/fail13-frag.c (-O3) output pattern test
FAIL: libmudflap.c/fail14-frag.c (-O3) output pattern test
FAIL: libmudflap.c/fail15-frag.c (-O3) output pattern test
FAIL: libmudflap.c/fail2-frag.c (-O3) output pattern test
FAIL: libmudflap.c/fail23-frag.c (-O3) output pattern test
FAIL: libmudflap.c/fail27-frag.c (-O3) output pattern test
FAIL: libmudflap.c/fail3-frag.c (-O3) output pattern test
FAIL: libmudflap.c/fail37-frag.c (-O3) output pattern test
FAIL: libmudflap.c/fail38-frag.c (-O3) output pattern test
FAIL: libmudflap.c/fail4-frag.c (-O3) output pattern test
FAIL: libmudflap.c/fail5-frag.c (-O3) output pattern test
FAIL: libmudflap.c/pass32-frag.c (-O3) (test for excess errors)
WARNING: libmudflap.c/pass32-frag.c (-O3) compilation failed to produce executable
FAIL: libmudflap.c/pass49-frag.c (-O3) execution test
FAIL: libmudflap.c/pass49-frag.c (-O3) output pattern test
FAIL: libmudflap.cth/pass40-frag.c execution test
FAIL: libmudflap.cth/pass40-frag.c output pattern test
FAIL: libmudflap.cth/pass40-frag.c (-O2) execution test
FAIL: libmudflap.cth/pass40-frag.c (-O2) output pattern test
FAIL: libmudflap.cth/pass40-frag.c (-O3) execution test
FAIL: libmudflap.cth/pass40-frag.c (-O3) output pattern test
=== libmudflap Summary ===
# of expected passes 1206
# of unexpected failures 70
=== libstdc++-v3 check-abi Summary ===
# of added symbols: 63
# of missing symbols: 0
# of incompatible symbols: 0
using: /home/dave/gnu/gcc-4.0/gcc/libstdc++-v3/config/abi/hppa-linux-gnu/baseline_symbols.txt
=== libstdc++ tests ===
Running target unix
XPASS: 22_locale/locale/cons/12658_thread-1.cc execution test
XPASS: 26_numerics/cmath/c99_classification_macros_c.cc (test for excess errors)
FAIL: 27_io/basic_filebuf/sgetn/char/1-in.cc execution test
FAIL: 27_io/basic_filebuf/sgetn/char/1-io.cc execution test
FAIL: 27_io/basic_filebuf/sgetn/char/2-in.cc execution test
FAIL: 27_io/basic_filebuf/sgetn/char/2-io.cc execution test
FAIL: 27_io/basic_filebuf/underflow/wchar_t/11603.cc execution test
FAIL: 27_io/basic_istream/readsome/char/6746-2.cc execution test
FAIL: 27_io/basic_istream/readsome/wchar_t/6746-2.cc execution test
=== libstdc++ Summary ===
# of expected passes 3349
# of unexpected failures 7
# of unexpected successes 2
# of expected failures 5
Compiler version: 4.0.0 20050103 (experimental)
Platform: hppa-unknown-linux-gnu
configure flags: --with-gnu-as --with-as=/home/dave/opt/gnu/bin/as --with-gnu-ld --with-ld=/home/dave/opt/gnu/bin/ld --enable-shared --prefix=/home/dave/opt/gnu/gcc/gcc-4.0.0 --with-local-prefix=/home/dave/opt/gnu --enable-threads=posix --enable-__cxa_atexit --host=hppa-linux --enable-clocale=gnu --enable-java-gc=boehm --enable-java-awt=xlib --enable-languages=c,ada,c++,f95,java,objc
More information about the Gcc-testresults
mailing list