Results for 4.0.0 20050103 (experimental) gfortran testsuite on i386-unknown-freebsd5.1
Francois-Xavier Coudert
coudert@lcp.u-psud.fr
Mon Jan 3 17:03:00 GMT 2005
LAST_UPDATED:
Native configuration is i386-unknown-freebsd5.1
=== gfortran tests ===
Running target unix
XPASS: gfortran.dg/ret_pointer_1.f90 -O0 execution test
XPASS: gfortran.dg/ret_pointer_1.f90 -O1 execution test
XPASS: gfortran.dg/ret_pointer_1.f90 -O2 execution test
XPASS: gfortran.dg/ret_pointer_1.f90 -O3 -fomit-frame-pointer execution test
XPASS: gfortran.dg/ret_pointer_1.f90 -O3 -fomit-frame-pointer -funroll-loops execution test
XPASS: gfortran.dg/ret_pointer_1.f90 -O3 -fomit-frame-pointer -funroll-all-loops -finline-functions execution test
XPASS: gfortran.dg/ret_pointer_1.f90 -O3 -g execution test
XPASS: gfortran.dg/ret_pointer_1.f90 -Os execution test
FAIL: gfortran.fortran-torture/execute/forall_3.f90 execution, -O1
=== gfortran Summary ===
# of expected passes4844
# of unexpected failures1
# of unexpected successes8
# of expected failures18
# of unsupported tests/8
/tmp/gfortran-20050103/ibin/gcc/testsuite/../gfortran version 4.0.0 20050103 (experimental)
Compiler version: 4.0.0 20050103 (experimental) gfortran
Platform: i386-unknown-freebsd5.1
configure flags: --prefix=/tmp/gfortran-20050103/irun --enable-languages=c,f95,;t t
More information about the Gcc-testresults
mailing list