Results for 4.0.0 20050101 (experimental) testsuite on sparc-unknown-linux-gnu
Christian Joensson
chj@j-son.org
Sun Jan 2 15:27:00 GMT 2005
Aurora SPARC Linux Corona (FC3-ish) UltraSparc IIi (Sabre) sun4u:
binutils-2.15.92.0.2-5 - sparc
bison-1.875c-2 - sparc
dejagnu-1.4.4-1 - noarch
expect-5.42.1-1 - sparc
gcc-3.4.2-6.fc3 - sparc
gcc4-4.0.0-0.8sparc - sparc
glibc-2.3.3-99 - sparcv9
glibc-2.3.3-99 - sparc64
glibc-headers-2.3.3-99 - sparc64
glibc-kernheaders-2.6-17sparc - sparc
kernel-2.6.8-1.571sp1 - sparc64
kernel-2.6.9-1.1032sp1 - sparc64
package kernel-smp is not installed
make-3.80-3 - sparc
nptl-devel-2.3.3-99 - sparcv9
tcl-8.4.5-7 - sparc
LAST_UPDATED: Sat Jan 1 08:34:29 UTC 2005
Native configuration is sparc-unknown-linux-gnu
=== gcc tests ===
Running target unix
FAIL: gcc.dg/debug/dwarf2/dwarf-die7.c scan-assembler 1.*DW_AT_inline
FAIL: gcc.dg/vect/vect-65.c scan-tree-dump-times vectorized 2 loops 1
=== gcc Summary ===
# of expected passes 31987
# of unexpected failures 2
# of expected failures 93
# of untested testcases 28
# of unsupported tests 474
/usr/local/src/trunk/objdir32/gcc/xgcc version 4.0.0 20050101 (experimental)
=== gfortran tests ===
Running target unix
XPASS: gfortran.dg/ret_pointer_1.f90 -O0 execution test
XPASS: gfortran.dg/ret_pointer_1.f90 -O1 execution test
XPASS: gfortran.dg/ret_pointer_1.f90 -O2 execution test
XPASS: gfortran.dg/ret_pointer_1.f90 -O3 -fomit-frame-pointer execution test
XPASS: gfortran.dg/ret_pointer_1.f90 -O3 -fomit-frame-pointer -funroll-loops execution test
XPASS: gfortran.dg/ret_pointer_1.f90 -O3 -fomit-frame-pointer -funroll-all-loops -finline-functions execution test
XPASS: gfortran.dg/ret_pointer_1.f90 -O3 -g execution test
FAIL: gfortran.dg/g77/980628-10.f -O0 execution test
FAIL: gfortran.dg/g77/980628-10.f -O1 execution test
FAIL: gfortran.dg/g77/980628-10.f -O2 execution test
FAIL: gfortran.dg/g77/980628-10.f -O3 -fomit-frame-pointer execution test
FAIL: gfortran.dg/g77/980628-10.f -O3 -fomit-frame-pointer -funroll-loops execution test
FAIL: gfortran.dg/g77/980628-10.f -O3 -fomit-frame-pointer -funroll-all-loops -finline-functions execution test
FAIL: gfortran.dg/g77/980628-10.f -O3 -g execution test
FAIL: gfortran.dg/g77/980628-10.f -Os execution test
FAIL: gfortran.dg/g77/980628-2.f -O0 execution test
FAIL: gfortran.dg/g77/980628-2.f -O1 execution test
FAIL: gfortran.dg/g77/980628-2.f -O2 execution test
FAIL: gfortran.dg/g77/980628-2.f -O3 -fomit-frame-pointer execution test
FAIL: gfortran.dg/g77/980628-2.f -O3 -fomit-frame-pointer -funroll-loops execution test
FAIL: gfortran.dg/g77/980628-2.f -O3 -fomit-frame-pointer -funroll-all-loops -finline-functions execution test
FAIL: gfortran.dg/g77/980628-2.f -O3 -g execution test
FAIL: gfortran.dg/g77/980628-2.f -Os execution test
FAIL: gfortran.dg/g77/980628-3.f -O0 execution test
FAIL: gfortran.dg/g77/980628-3.f -O1 execution test
FAIL: gfortran.dg/g77/980628-3.f -O2 execution test
FAIL: gfortran.dg/g77/980628-3.f -O3 -fomit-frame-pointer execution test
FAIL: gfortran.dg/g77/980628-3.f -O3 -fomit-frame-pointer -funroll-loops execution test
FAIL: gfortran.dg/g77/980628-3.f -O3 -fomit-frame-pointer -funroll-all-loops -finline-functions execution test
FAIL: gfortran.dg/g77/980628-3.f -O3 -g execution test
FAIL: gfortran.dg/g77/980628-3.f -Os execution test
FAIL: gfortran.dg/g77/980628-9.f -O0 execution test
FAIL: gfortran.dg/g77/980628-9.f -O1 execution test
FAIL: gfortran.dg/g77/980628-9.f -O2 execution test
FAIL: gfortran.dg/g77/980628-9.f -O3 -fomit-frame-pointer execution test
FAIL: gfortran.dg/g77/980628-9.f -O3 -fomit-frame-pointer -funroll-loops execution test
FAIL: gfortran.dg/g77/980628-9.f -O3 -fomit-frame-pointer -funroll-all-loops -finline-functions execution test
FAIL: gfortran.dg/g77/980628-9.f -O3 -g execution test
FAIL: gfortran.dg/g77/980628-9.f -Os execution test
FAIL: gfortran.fortran-torture/execute/forall_3.f90 execution, -O1
FAIL: gfortran.fortran-torture/execute/intrinsic_transpose.f90 execution, -O0
FAIL: gfortran.fortran-torture/execute/intrinsic_transpose.f90 execution, -O1
=== gfortran Summary ===
# of expected passes 4810
# of unexpected failures 35
# of unexpected successes 7
# of expected failures 19
# of unsupported tests 8
/usr/local/src/trunk/objdir32/gcc/testsuite/../gfortran version 4.0.0 20050101 (experimental)
=== g++ tests ===
Running target unix
XPASS: g++.dg/warn/Wunused-9.C (test for warnings, line 32)
FAIL: g++.dg/pch/empty.C -g (test for excess errors)
FAIL: g++.dg/pch/empty.C -O2 -g (test for excess errors)
FAIL: g++.dg/pch/empty.C -O2 (test for excess errors)
FAIL: g++.dg/pch/externc-1.C -g (test for excess errors)
FAIL: g++.dg/pch/externc-1.C -O2 -g (test for excess errors)
FAIL: g++.dg/pch/externc-1.C -O2 (test for excess errors)
FAIL: g++.dg/pch/static-1.C -g (test for excess errors)
FAIL: g++.dg/pch/static-1.C -O2 -g (test for excess errors)
FAIL: g++.dg/pch/static-1.C -O2 (test for excess errors)
FAIL: g++.dg/pch/system-1.C -g (test for excess errors)
FAIL: g++.dg/pch/system-1.C -O2 -g (test for excess errors)
FAIL: g++.dg/pch/system-1.C -O2 (test for excess errors)
FAIL: g++.dg/pch/system-2.C -g (test for excess errors)
FAIL: g++.dg/pch/system-2.C -O2 -g (test for excess errors)
FAIL: g++.dg/pch/system-2.C -O2 (test for excess errors)
FAIL: g++.dg/pch/uninst.C -g (test for excess errors)
FAIL: g++.dg/pch/uninst.C -O2 -g (test for excess errors)
FAIL: g++.dg/pch/uninst.C -O2 (test for excess errors)
FAIL: g++.dg/pch/wchar-1.C -g (test for excess errors)
FAIL: g++.dg/pch/wchar-1.C -O2 -g (test for excess errors)
FAIL: g++.dg/pch/wchar-1.C -O2 (test for excess errors)
WARNING: g++.old-deja/g++.mike/p10769a.C compilation failed to produce executable
XPASS: g++.old-deja/g++.other/init5.C execution test
=== g++ Summary ===
# of expected passes 10448
# of unexpected failures 21
# of unexpected successes 2
# of expected failures 71
# of untested testcases 21
# of unsupported tests 89
/usr/local/src/trunk/objdir32/gcc/testsuite/../g++ version 4.0.0 20050101 (experimental)
=== objc tests ===
Running target unix
=== objc Summary ===
# of expected passes 1528
# of unsupported tests 10
/usr/local/src/trunk/objdir32/gcc/xgcc version 4.0.0 20050101 (experimental)
=== treelang tests ===
Running target unix
=== treelang Summary ===
# of expected passes 22
=== libmudflap tests ===
Running target unix
FAIL: libmudflap.c/pass54-frag.c execution test
FAIL: libmudflap.c/pass54-frag.c (-static) execution test
=== libmudflap Summary ===
# of expected passes 1242
# of unexpected failures 2
=== libstdc++-v3 check-abi Summary ===
# of added symbols: 63
# of missing symbols: 0
# of incompatible symbols: 0
using: /usr/local/src/trunk/gcc/libstdc++-v3/config/abi/sparc-linux-gnu/baseline_symbols.txt
=== libstdc++ tests ===
Running target unix
WARNING: program timed out.
WARNING: program timed out.
FAIL: 22_locale/locale/cons/12658_thread-2.cc execution test
FAIL: ext/array_allocator/2.cc execution test
FAIL: ext/enc_filebuf/char/13189.cc (test for excess errors)
WARNING: ext/enc_filebuf/char/13189.cc compilation failed to produce executable
FAIL: ext/enc_filebuf/wchar_t/13189.cc (test for excess errors)
WARNING: ext/enc_filebuf/wchar_t/13189.cc compilation failed to produce executable
=== libstdc++ Summary ===
# of expected passes 3350
# of unexpected failures 4
# of expected failures 7
Compiler version: 4.0.0 20050101 (experimental)
Platform: sparc-unknown-linux-gnu
configure flags: sparc-linux --enable-__cxa_atexit --enable-shared --enable-languages=c,c++,f95,objc,treelang
Counting all warnings,
there are 76 warnings in stage0 of this bootstrap.
Number of warnings per file:
25 libiberty/concat.c
15 libiberty/regex.c
6 libmudflap/mf-runtime.c
5 include/xregex2.h
2 libiberty/pex-unix.c
2 libgfortran/generated/matmul_r8.c
2 libgfortran/generated/matmul_r4.c
2 libgfortran/generated/matmul_i8.c
2 libgfortran/generated/matmul_i4.c
2 libgfortran/generated/matmul_c8.c
2 libgfortran/generated/matmul_c4.c
2 libcpp/macro.c
1 libobjc/thr.c
1 libobjc/sendmsg.c
1 libmath/stubs.c
1 libgfortran/generated/transpose_i8.c
1 libgfortran/generated/transpose_i4.c
1 libgfortran/generated/matmul_l8.c
1 libgfortran/generated/matmul_l4.c
1 libcpp/pch.c
1 gcc/coretypes.h
Number of warning types:
25 traditional C rejects ISO C style function definitions
16 passing argument 1 of 'size0' from incompatible pointer type
15 signed and unsigned type in conditional expression
3 ISO C90 does not support \`static' or type qualifiers in parameter array declarators
2 variable 'out' might be clobbered by 'longjmp' or 'vfork'
2 ISO C90 does not support 'static' or type qualifiers in parameter array declarators
2 format '%06lu' expects type 'long unsigned int', but argument 6 has type '__suseconds_t'
2 format '%06lu' expects type 'long unsigned int', but argument 4 has type '__suseconds_t'
2 format '%06lu' expects type 'long unsigned int', but argument 15 has type '__suseconds_t'
1 this is the location of the previous definition
1 \`rtx' redefined
1 pointer targets in passing arg ??? of \`???' differ in signedness
1 'noreturn' function does return
1 incompatible implicit declaration of built-in function 'fabsl'
1 assignment from incompatible pointer type
1 assignment discards qualifiers from pointer target type
Counting all warnings,
there are 13 warnings in stage3 of this bootstrap.
Number of warnings per file:
3 treelang/lex.c
3 gcc/gcc.c
3 gcc/config/sparc/sparc.md
2 gcc/objc/lang-specs.h
1 include/line-map.h
1 gcc/treelang/lex.l
Number of warning types:
3 old-style function definition
1 this is the location of the previous definition
1 string length '844' is greater than the length '509' ISO C89 compilers are required to support
1 string length '783' is greater than the length '509' ISO C89 compilers are required to support
1 string length '709' is greater than the length '509' ISO C89 compilers are required to support
1 string length '608' is greater than the length '509' ISO C89 compilers are required to support
1 string length '603' is greater than the length '509' ISO C89 compilers are required to support
1 source missing a mode?
1 operand 2 missing mode?
1 operand 0 missing mode?
1 \`LINEMAP_POSITION_FOR_COLUMN' redefined
More information about the Gcc-testresults
mailing list