Results for 4.0.0 20041231 (experimental) testsuite on ia64-unknown-linux-gnu
Matthias Klose
doko@debian.org
Sun Jan 2 00:56:00 GMT 2005
LAST_UPDATED: Fri Dec 31 22:11:04 UTC 2004
Native configuration is ia64-unknown-linux-gnu
=== g++ tests ===
Running target unix
XPASS: g++.dg/warn/Wunused-9.C (test for warnings, line 32)
WARNING: g++.old-deja/g++.mike/p10769a.C compilation failed to produce executable
XPASS: g++.old-deja/g++.other/init5.C execution test
=== g++ Summary ===
# of expected passes 10139
# of unexpected successes 2
# of expected failures 71
# of unsupported tests 90
/build/buildd/gcc-snapshot-20041231/build/gcc/testsuite/../g++ version 4.0.0 20041231 (experimental)
=== gcc tests ===
Running target unix
FAIL: gcc.c-torture/execute/20030928-1.c compilation, -O1
UNRESOLVED: gcc.c-torture/execute/20030928-1.c execution, -O1
FAIL: gcc.c-torture/execute/20030928-1.c compilation, -O2
UNRESOLVED: gcc.c-torture/execute/20030928-1.c execution, -O2
FAIL: gcc.c-torture/execute/20030928-1.c compilation, -O3 -fomit-frame-pointer
UNRESOLVED: gcc.c-torture/execute/20030928-1.c execution, -O3 -fomit-frame-pointer
FAIL: gcc.c-torture/execute/20030928-1.c compilation, -O3 -fomit-frame-pointer -funroll-loops
UNRESOLVED: gcc.c-torture/execute/20030928-1.c execution, -O3 -fomit-frame-pointer -funroll-loops
FAIL: gcc.c-torture/execute/20030928-1.c compilation, -O3 -fomit-frame-pointer -funroll-all-loops -finline-functions
UNRESOLVED: gcc.c-torture/execute/20030928-1.c execution, -O3 -fomit-frame-pointer -funroll-all-loops -finline-functions
FAIL: gcc.c-torture/execute/20030928-1.c compilation, -O3 -g
UNRESOLVED: gcc.c-torture/execute/20030928-1.c execution, -O3 -g
FAIL: gcc.c-torture/execute/20030928-1.c compilation, -Os
UNRESOLVED: gcc.c-torture/execute/20030928-1.c execution, -Os
FAIL: gcc.c-torture/execute/strct-pack-3.c execution, -O1
FAIL: gcc.c-torture/execute/strct-pack-3.c execution, -O2
FAIL: gcc.c-torture/execute/strct-pack-3.c execution, -O3 -fomit-frame-pointer
FAIL: gcc.c-torture/execute/strct-pack-3.c execution, -O3 -g
FAIL: gcc.c-torture/execute/strct-pack-3.c execution, -Os
FAIL: gcc.dg/debug/dwarf2/dwarf-die7.c scan-assembler 1.*DW_AT_inline
FAIL: gcc.dg/ftrapv-2.c execution test
=== gcc Summary ===
# of expected passes 31241
# of unexpected failures 14
# of expected failures 75
# of unresolved testcases 7
# of untested testcases 28
# of unsupported tests 435
/build/buildd/gcc-snapshot-20041231/build/gcc/xgcc version 4.0.0 20041231 (experimental)
=== objc tests ===
Running target unix
=== objc Summary ===
# of expected passes 1526
# of unsupported tests 11
/build/buildd/gcc-snapshot-20041231/build/gcc/xgcc version 4.0.0 20041231 (experimental)
=== libffi tests ===
Running target unix
=== libffi Summary ===
# of expected passes 216
# of unsupported tests 2
=== libjava tests ===
Running target unix
FAIL: PR18699 execution - gij test
XPASS: pr13107_3 compilation from bytecode
XPASS: pr13107_3 -O3 compilation from bytecode
=== libjava Summary ===
# of expected passes 3704
# of unexpected failures 1
# of unexpected successes 2
# of expected failures 12
# of untested testcases 13
=== libmudflap tests ===
Running target unix
FAIL: libmudflap.c/fail10-frag.c output pattern test
FAIL: libmudflap.c/fail27-frag.c output pattern test
FAIL: libmudflap.c/fail32-frag.c output pattern test
FAIL: libmudflap.c/fail5-frag.c output pattern test
FAIL: libmudflap.c/fail27-frag.c (-O2) output pattern test
FAIL: libmudflap.c/fail32-frag.c (-O2) output pattern test
FAIL: libmudflap.c/fail27-frag.c (-O3) output pattern test
FAIL: libmudflap.c/fail32-frag.c (-O3) output pattern test
=== libmudflap Summary ===
# of expected passes 1236
# of unexpected failures 8
=== libstdc++-v3 check-abi Summary ===
# of added symbols: 54
# of missing symbols: 0
# of incompatible symbols: 0
using: /build/buildd/gcc-snapshot-20041231/src/libstdc++-v3/config/abi/ia64-linux-gnu/baseline_symbols.txt
=== libstdc++ tests ===
Running target unix
XPASS: 22_locale/locale/cons/12658_thread-1.cc execution test
XPASS: 26_numerics/cmath/c99_classification_macros_c.cc (test for excess errors)
XPASS: 27_io/fpos/14320-1.cc execution test
=== libstdc++ Summary ===
# of expected passes 3356
# of unexpected successes 3
# of expected failures 4
Compiler version: 4.0.0 20041231 (experimental)
Platform: ia64-unknown-linux-gnu
configure flags: -v --prefix=/usr/lib/gcc-snapshot --enable-shared --with-system-zlib --enable-nls --enable-threads=posix --without-included-gettext --disable-werror --enable-__cxa_atexit --enable-libstdcxx-allocator=mt --enable-clocale=gnu --enable-libstdcxx-debug --enable-java-gc=boehm --enable-java-awt=gtk --with-system-libunwind ia64-linux-gnu --enable-languages=c,c++,java,objc
BOOT_CFLAGS=-O2
Build Dependencies:
Desired=Unknown/Install/Remove/Purge/Hold
| Status=Not/Installed/Config-files/Unpacked/Failed-config/Half-installed
|/ Err?=(none)/Hold/Reinst-required/X=both-problems (Status,Err: uppercase=bad)
||/ Name Version Description
+++-==============-==============-============================================
ii binutils 2.15-5 The GNU assembler, linker and binary utiliti
ii libc6.1-dev 2.3.2.ds1-20 GNU C Library: Development Libraries and Hea
Patches that Debian applied in this version:
boehm-gc-nocheck:
Disable the boehm-gc testsuite. Hangs forever on this architecture
amd64-specs:
Use 64bits mode assembly except with -m32
libjava-mips:
libjava-mips patch from Thiemo Seufer <ica2_ts@csv.ica.uni-stuttgart.de>
pr19162:
PR1962
boehm-gc-nocheck:
Disable the boehm-gc testsuite. Hangs forever on this architecture
More information about the Gcc-testresults
mailing list