Results for 4.0.0 20041231 (experimental) testsuite on ia64-unknown-linux-gnu
H.J. Lu
hjl@gnu-4.sc.intel.com
Sat Jan 1 17:40:00 GMT 2005
LAST_UPDATED: Fri Dec 31 20:35:43 UTC 2004
Native configuration is ia64-unknown-linux-gnu
=== g++ tests ===
Running target unix
WARNING: program timed out.
FAIL: g++.dg/opt/longbranch1.C (test for excess errors)
XPASS: g++.dg/warn/Wunused-9.C (test for warnings, line 32)
WARNING: g++.old-deja/g++.mike/p10769a.C compilation failed to produce executable
=== g++ Summary ===
# of expected passes 10138
# of unexpected failures 1
# of unexpected successes 1
# of expected failures 72
# of unsupported tests 90
/export/build/gnu/gcc/build-ia64-linux/gcc/testsuite/../g++ version 4.0.0 20041231 (experimental)
=== gcc tests ===
Running target unix
FAIL: gcc.dg/debug/dwarf2/dwarf-die7.c scan-assembler 1.*DW_AT_inline
FAIL: gcc.dg/ftrapv-2.c execution test
=== gcc Summary ===
# of expected passes 31260
# of unexpected failures 2
# of expected failures 75
# of untested testcases 28
# of unsupported tests 436
/export/build/gnu/gcc/build-ia64-linux/gcc/xgcc version 4.0.0 20041231 (experimental)
=== objc tests ===
Running target unix
=== objc Summary ===
# of expected passes 1526
# of unsupported tests 11
/export/build/gnu/gcc/build-ia64-linux/gcc/xgcc version 4.0.0 20041231 (experimental)
=== libffi tests ===
Running target unix
=== libffi Summary ===
# of expected passes 216
# of unsupported tests 2
=== libjava tests ===
Running target unix
XPASS: pr13107_3 compilation from bytecode
XPASS: pr13107_3 -O3 compilation from bytecode
=== libjava Summary ===
# of expected passes 3706
# of unexpected successes 2
# of expected failures 12
# of untested testcases 12
=== libmudflap tests ===
Running target unix
=== libmudflap Summary ===
# of expected passes 1244
=== libstdc++ tests ===
Running target unix
XPASS: 22_locale/locale/cons/12658_thread-1.cc execution test
XPASS: 26_numerics/cmath/c99_classification_macros_c.cc (test for excess errors)
XPASS: 27_io/fpos/14320-1.cc execution test
=== libstdc++ Summary ===
# of expected passes 3356
# of unexpected successes 3
# of expected failures 4
Compiler version: 4.0.0 20041231 (experimental)
Platform: ia64-unknown-linux-gnu
configure flags: --enable-clocale=gnu --with-system-zlib --with-demangler-in-ld --enable-threads=posix --enable-haifa --disable-checking --prefix=/usr/gcc-4.0 --with-local-prefix=/usr/local --enable-languages=c,c++,java,objc
More information about the Gcc-testresults
mailing list