Results for 3.4.4 20050226 (prerelease) testsuite on powerpc64-unknown-linux-gnu

Janis Johnson janis187@us.ibm.com
Mon Feb 28 20:06:00 GMT 2005


Linux 2.4.21-17.EL ppc64
GNU C Library stable release version 2.3.2
GNU ld version 2.15
GNU assembler 2.15
GNU Make version 3.79.1

DejaGnu:
	Expect version is	5.40.0
	Tcl version is		8.4
	Framework version is	1.4.4

32-bit biarch default32

CVS branch:  gcc-3_4-rhl-branch

This hardware does not support VMX instructions.

LAST_UPDATED: Sat Feb 26 09:20:21 UTC 2005

Native configuration is powerpc64-unknown-linux-gnu

		=== g++ tests ===


Running target unix/-m32
XPASS: g++.dg/rtti/tinfo1.C scan-assembler _ZTIP9CTemplateIhE:
XPASS: g++.dg/rtti/tinfo1.C scan-assembler-not .globl[ \\t]+_ZTIP9CTemplateIhE
WARNING: g++.old-deja/g++.mike/p10769a.C compilation failed to produce executable
WARNING: g++.old-deja/g++.other/enum5.C compilation failed to produce executable
XPASS: g++.old-deja/g++.other/init5.C execution test
WARNING: g++.old-deja/g++.pt/friend44.C compilation failed to produce executable

		=== g++ Summary for unix/-m32 ===

# of expected passes		9777
# of unexpected successes	3
# of expected failures		72
# of unsupported tests		71

Running target unix/-m64
XPASS: g++.dg/rtti/tinfo1.C scan-assembler _ZTIP9CTemplateIhE:
XPASS: g++.dg/rtti/tinfo1.C scan-assembler-not .globl[ \\t]+_ZTIP9CTemplateIhE
WARNING: g++.old-deja/g++.mike/p10769a.C compilation failed to produce executable
WARNING: g++.old-deja/g++.other/enum5.C compilation failed to produce executable
XPASS: g++.old-deja/g++.other/init5.C execution test
WARNING: g++.old-deja/g++.pt/friend44.C compilation failed to produce executable

		=== g++ Summary for unix/-m64 ===

# of expected passes		9777
# of unexpected successes	3
# of expected failures		72
# of unsupported tests		71

		=== g++ Summary ===

# of expected passes		19554
# of unexpected successes	6
# of expected failures		144
# of unsupported tests		142
/home/gccbuild/build/nightly/build-gcc-3.4rh/gcc/testsuite/../g++  version 3.4.4 20050226 (prerelease)

		=== g77 tests ===


Running target unix/-m32

		=== g77 Summary for unix/-m32 ===

# of expected passes		1812
# of unsupported tests		6

Running target unix/-m64

		=== g77 Summary for unix/-m64 ===

# of expected passes		1812
# of unsupported tests		6

		=== g77 Summary ===

# of expected passes		3624
# of unsupported tests		12
/home/gccbuild/build/nightly/build-gcc-3.4rh/gcc/testsuite/../g77  version 3.4.4 20050226 (prerelease)

		=== gcc tests ===


Running target unix/-m32
FAIL: gcc.dg/ppc64-abi-1.c execution test
FAIL: gcc.dg/ppc64-abi-2.c (test for excess errors)
WARNING: gcc.dg/ppc64-abi-2.c compilation failed to produce executable
FAIL: gcc.dg/ppc64-abi-3.c  (test for errors, line 11)
FAIL: gcc.dg/ppc64-abi-3.c  (test for errors, line 26)
FAIL: gcc.dg/ppc64-abi-3.c (test for excess errors)

		=== gcc Summary for unix/-m32 ===

# of expected passes		24704
# of unexpected failures	5
# of expected failures		69
# of untested testcases		7
# of unsupported tests		325

Running target unix/-m64
FAIL: gcc.dg/compat/vector-1 c_compat_x_tst.o compile
FAIL: gcc.dg/compat/vector-1 c_compat_y_tst.o compile
UNRESOLVED: gcc.dg/compat/vector-1 c_compat_x_tst.o-c_compat_y_tst.o link 
UNRESOLVED: gcc.dg/compat/vector-1 c_compat_x_tst.o-c_compat_y_tst.o execute 
FAIL: gcc.dg/compat/vector-2 c_compat_x_tst.o compile
FAIL: gcc.dg/compat/vector-2 c_compat_y_tst.o compile
UNRESOLVED: gcc.dg/compat/vector-2 c_compat_x_tst.o-c_compat_y_tst.o link 
UNRESOLVED: gcc.dg/compat/vector-2 c_compat_x_tst.o-c_compat_y_tst.o execute 
FAIL: gcc.dg/const-elim-1.c scan-assembler-not L\\\\\$?C[^A-Z]
FAIL: gcc.dg/funcorder.c scan-assembler-not link_error
FAIL: gcc.dg/ppc-eabi.c (test for excess errors)
FAIL: linkage.c

		=== gcc Summary for unix/-m64 ===

# of expected passes		24698
# of unexpected failures	8
# of expected failures		69
# of unresolved testcases	4
# of untested testcases		7
# of unsupported tests		325

		=== gcc Summary ===

# of expected passes		49402
# of unexpected failures	13
# of expected failures		138
# of unresolved testcases	4
# of untested testcases		14
# of unsupported tests		650
/home/gccbuild/build/nightly/build-gcc-3.4rh/gcc/xgcc version 3.4.4 20050226 (prerelease)

		=== objc tests ===


Running target unix/-m32

		=== objc Summary for unix/-m32 ===

# of expected passes		1352
# of unsupported tests		8

Running target unix/-m64

		=== objc Summary for unix/-m64 ===

# of expected passes		1352
# of unsupported tests		8

		=== objc Summary ===

# of expected passes		2704
# of unsupported tests		16
/home/gccbuild/build/nightly/build-gcc-3.4rh/gcc/xgcc  version 3.4.4 20050226 (prerelease)

		=== libffi tests ===


Running target unix/-m32
FAIL: libffi.call/cls_align_longdouble.c (test for excess errors)
WARNING: libffi.call/cls_align_longdouble.c compilation failed to produce executable
FAIL: libffi.call/float.c (test for excess errors)
WARNING: libffi.call/float.c compilation failed to produce executable
FAIL: libffi.call/float2.c (test for excess errors)
WARNING: libffi.call/float2.c compilation failed to produce executable

		=== libffi Summary for unix/-m32 ===

# of expected passes		205
# of unexpected failures	3
# of unsupported tests		2

Running target unix/-m64

		=== libffi Summary for unix/-m64 ===

# of expected passes		212
# of unsupported tests		2

		=== libffi Summary ===

# of expected passes		417
# of unexpected failures	3
# of unsupported tests		4
		=== libjava tests ===


Running target unix/-m32

		=== libjava Summary for unix/-m32 ===

# of expected passes		3271
# of expected failures		10
# of untested testcases		8

Running target unix/-m64
WARNING: program timed out.
FAIL: PR9577 run
WARNING: program timed out.
FAIL: longfield run
WARNING: program timed out.
FAIL: shortfield run
WARNING: program timed out.
FAIL: simple run
WARNING: program timed out.
FAIL: calls run
WARNING: program timed out.
FAIL: field run
WARNING: program timed out.
FAIL: iface run
WARNING: program timed out.
FAIL: martin run
WARNING: program timed out.
FAIL: overload run
WARNING: program timed out.
FAIL: pr11951 run
WARNING: program timed out.
FAIL: register run
WARNING: program timed out.
FAIL: throwit run
WARNING: program timed out.
FAIL: ArrayStore execution - source compiled test
WARNING: program timed out.
FAIL: ArrayStore execution - gij test
WARNING: program timed out.
FAIL: ArrayStore execution - bytecode->native test
WARNING: program timed out.
FAIL: ArrayStore -O3 execution - source compiled test
WARNING: program timed out.
FAIL: ArrayStore execution - gij test
WARNING: program timed out.
FAIL: ArrayStore -O3 execution - bytecode->native test
WARNING: program timed out.
FAIL: ArrayStore2 execution - source compiled test
WARNING: program timed out.
FAIL: ArrayStore2 execution - gij test
WARNING: program timed out.
FAIL: ArrayStore2 execution - bytecode->native test
WARNING: program timed out.
FAIL: ArrayStore2 -O3 execution - source compiled test
WARNING: program timed out.
FAIL: ArrayStore2 execution - gij test
WARNING: program timed out.
FAIL: ArrayStore2 -O3 execution - bytecode->native test
WARNING: program timed out.
FAIL: Array_1 execution - source compiled test
WARNING: program timed out.
FAIL: Array_1 execution - gij test
WARNING: program timed out.
FAIL: Array_1 execution - bytecode->native test
WARNING: program timed out.
FAIL: Array_1 -O3 execution - source compiled test
WARNING: program timed out.
FAIL: Array_1 execution - gij test
WARNING: program timed out.
FAIL: Array_1 -O3 execution - bytecode->native test
WARNING: program timed out.
FAIL: Array_2 execution - source compiled test
WARNING: program timed out.
FAIL: Array_2 execution - gij test
WARNING: program timed out.
FAIL: Array_2 execution - bytecode->native test
WARNING: program timed out.
FAIL: Array_2 -O3 execution - source compiled test
WARNING: program timed out.
FAIL: Array_2 execution - gij test
WARNING: program timed out.
FAIL: Array_2 -O3 execution - bytecode->native test
WARNING: program timed out.
FAIL: Array_3 execution - source compiled test
WARNING: program timed out.
FAIL: Array_3 execution - gij test
WARNING: program timed out.
FAIL: Array_3 execution - bytecode->native test
WARNING: program timed out.
FAIL: Array_3 -O3 execution - source compiled test
WARNING: program timed out.
FAIL: Array_3 execution - gij test
WARNING: program timed out.
FAIL: Array_3 -O3 execution - bytecode->native test
WARNING: program timed out.
FAIL: Class_1 execution - source compiled test
WARNING: program timed out.
FAIL: Class_1 execution - gij test
WARNING: program timed out.
FAIL: Class_1 execution - bytecode->native test
WARNING: program timed out.
FAIL: Class_1 -O3 execution - source compiled test
WARNING: program timed out.
FAIL: Class_1 execution - gij test
WARNING: program timed out.
FAIL: Class_1 -O3 execution - bytecode->native test
WARNING: program timed out.
FAIL: CompareNaN execution - source compiled test
WARNING: program timed out.
FAIL: CompareNaN execution - gij test
WARNING: program timed out.
FAIL: CompareNaN execution - bytecode->native test
WARNING: program timed out.
FAIL: CompareNaN -O3 execution - source compiled test
WARNING: program timed out.
FAIL: CompareNaN execution - gij test
WARNING: program timed out.
FAIL: CompareNaN -O3 execution - bytecode->native test
WARNING: program timed out.
FAIL: Divide_1 execution - source compiled test
WARNING: program timed out.
FAIL: Divide_1 execution - gij test
WARNING: program timed out.
FAIL: Divide_1 execution - bytecode->native test
WARNING: program timed out.
FAIL: Divide_1 -O3 execution - source compiled test
WARNING: program timed out.
FAIL: Divide_1 execution - gij test
WARNING: program timed out.
FAIL: Divide_1 -O3 execution - bytecode->native test
WARNING: program timed out.
FAIL: EvaluationOrder execution - gij test
WARNING: program timed out.
FAIL: EvaluationOrder execution - gij test
WARNING: program timed out.
FAIL: FileHandleGcTest execution - source compiled test
WARNING: program timed out.
FAIL: FileHandleGcTest execution - gij test
WARNING: program timed out.
FAIL: FileHandleGcTest execution - bytecode->native test
WARNING: program timed out.
FAIL: FileHandleGcTest -O3 execution - source compiled test
WARNING: program timed out.
FAIL: FileHandleGcTest execution - gij test
WARNING: program timed out.
FAIL: FileHandleGcTest -O3 execution - bytecode->native test
WARNING: program timed out.
FAIL: Final execution - source compiled test
WARNING: program timed out.
FAIL: Final execution - gij test
WARNING: program timed out.
FAIL: Final execution - bytecode->native test
WARNING: program timed out.
FAIL: Final -O3 execution - source compiled test
WARNING: program timed out.
FAIL: Final execution - gij test
WARNING: program timed out.
FAIL: Final -O3 execution - bytecode->native test
WARNING: program timed out.
FAIL: Float_1 execution - source compiled test
WARNING: program timed out.
FAIL: Float_1 execution - gij test
WARNING: program timed out.
FAIL: Float_1 execution - bytecode->native test
WARNING: program timed out.
FAIL: Float_1 -O3 execution - source compiled test
WARNING: program timed out.
FAIL: Float_1 execution - gij test
WARNING: program timed out.
FAIL: Float_1 -O3 execution - bytecode->native test
WARNING: program timed out.
FAIL: G19990301_01 execution - source compiled test
WARNING: program timed out.
FAIL: G19990301_01 execution - gij test
WARNING: program timed out.
FAIL: G19990301_01 execution - bytecode->native test
WARNING: program timed out.
FAIL: G19990301_01 -O3 execution - source compiled test
WARNING: program timed out.
FAIL: G19990301_01 execution - gij test
WARNING: program timed out.
FAIL: G19990301_01 -O3 execution - bytecode->native test
WARNING: program timed out.
FAIL: G19990302_02 execution - source compiled test
WARNING: program timed out.
FAIL: G19990302_02 execution - gij test
WARNING: program timed out.
FAIL: G19990302_02 execution - bytecode->native test
WARNING: program timed out.
FAIL: G19990302_02 -O3 execution - source compiled test
WARNING: program timed out.
FAIL: G19990302_02 execution - gij test
WARNING: program timed out.
FAIL: G19990302_02 -O3 execution - bytecode->native test
WARNING: program timed out.
FAIL: G19990303_01 execution - source compiled test
WARNING: program timed out.
FAIL: G19990303_01 execution - gij test
WARNING: program timed out.
FAIL: G19990303_01 execution - bytecode->native test
WARNING: program timed out.
FAIL: G19990303_01 -O3 execution - source compiled test
WARNING: program timed out.
FAIL: G19990303_01 execution - gij test
WARNING: program timed out.
FAIL: G19990303_01 -O3 execution - bytecode->native test
WARNING: program timed out.
FAIL: G19990303_02 execution - source compiled test
WARNING: program timed out.
FAIL: G19990303_02 execution - gij test
WARNING: program timed out.
FAIL: G19990303_02 execution - bytecode->native test
WARNING: program timed out.
FAIL: G19990303_02 -O3 execution - source compiled test
WARNING: program timed out.
FAIL: G19990303_02 execution - gij test
WARNING: program timed out.
FAIL: G19990303_02 -O3 execution - bytecode->native test
WARNING: program timed out.
FAIL: G19990304_01 execution - source compiled test
WARNING: program timed out.
FAIL: G19990304_01 execution - gij test
WARNING: program timed out.
FAIL: G19990304_01 execution - bytecode->native test
WARNING: program timed out.
FAIL: G19990304_01 -O3 execution - source compiled test
WARNING: program timed out.
FAIL: G19990304_01 execution - gij test
WARNING: program timed out.
FAIL: G19990304_01 -O3 execution - bytecode->native test
WARNING: program timed out.
FAIL: G19990310_01 execution - source compiled test
WARNING: program timed out.
FAIL: G19990310_01 execution - gij test
WARNING: program timed out.
FAIL: G19990310_01 execution - bytecode->native test
WARNING: program timed out.
FAIL: G19990310_01 -O3 execution - source compiled test
WARNING: program timed out.
FAIL: G19990310_01 execution - gij test
WARNING: program timed out.
FAIL: G19990310_01 -O3 execution - bytecode->native test
WARNING: program timed out.
FAIL: II execution - source compiled test
WARNING: program timed out.
FAIL: II execution - gij test
WARNING: program timed out.
FAIL: II execution - bytecode->native test
WARNING: program timed out.
FAIL: II -O3 execution - source compiled test
WARNING: program timed out.
FAIL: II execution - gij test
WARNING: program timed out.
FAIL: II -O3 execution - bytecode->native test
WARNING: program timed out.
FAIL: InterfaceDispatch execution - gij test
WARNING: program timed out.
FAIL: InterfaceDispatch execution - gij test
WARNING: program timed out.
FAIL: InvokeReturn execution - source compiled test
WARNING: program timed out.
FAIL: InvokeReturn execution - gij test
WARNING: program timed out.
FAIL: InvokeReturn execution - bytecode->native test
WARNING: program timed out.
FAIL: InvokeReturn -O3 execution - source compiled test
WARNING: program timed out.
FAIL: InvokeReturn execution - gij test
WARNING: program timed out.
FAIL: InvokeReturn -O3 execution - bytecode->native test
WARNING: program timed out.
FAIL: Invoke_1 execution - source compiled test
WARNING: program timed out.
FAIL: Invoke_1 execution - gij test
WARNING: program timed out.
FAIL: Invoke_1 execution - bytecode->native test
WARNING: program timed out.
FAIL: Invoke_1 -O3 execution - source compiled test
WARNING: program timed out.
FAIL: Invoke_1 execution - gij test
WARNING: program timed out.
FAIL: Invoke_1 -O3 execution - bytecode->native test
WARNING: program timed out.
FAIL: Invoke_2 execution - source compiled test
WARNING: program timed out.
FAIL: Invoke_2 execution - gij test
WARNING: program timed out.
FAIL: Invoke_2 execution - bytecode->native test
WARNING: program timed out.
FAIL: Invoke_2 -O3 execution - source compiled test
WARNING: program timed out.
FAIL: Invoke_2 execution - gij test
WARNING: program timed out.
FAIL: Invoke_2 -O3 execution - bytecode->native test
WARNING: program timed out.
FAIL: KeepInline execution - source compiled test
WARNING: program timed out.
FAIL: KeepInline execution - gij test
WARNING: program timed out.
FAIL: KeepInline execution - bytecode->native test
WARNING: program timed out.
FAIL: KeepInline -O3 execution - source compiled test
WARNING: program timed out.
FAIL: KeepInline execution - gij test
WARNING: program timed out.
FAIL: KeepInline -O3 execution - bytecode->native test
WARNING: program timed out.
FAIL: MathBuiltin execution - source compiled test
WARNING: program timed out.
FAIL: MathBuiltin execution - gij test
WARNING: program timed out.
FAIL: MathBuiltin execution - bytecode->native test
WARNING: program timed out.
FAIL: MathBuiltin -O3 execution - source compiled test
WARNING: program timed out.
FAIL: MathBuiltin execution - gij test
WARNING: program timed out.
FAIL: MathBuiltin -O3 execution - bytecode->native test
WARNING: program timed out.
FAIL: Matrix4f execution - source compiled test
WARNING: program timed out.
FAIL: Matrix4f execution - gij test
WARNING: program timed out.
FAIL: Matrix4f execution - bytecode->native test
WARNING: program timed out.
FAIL: Matrix4f -O3 execution - source compiled test
WARNING: program timed out.
FAIL: Matrix4f execution - gij test
WARNING: program timed out.
FAIL: Matrix4f -O3 execution - bytecode->native test
WARNING: program timed out.
FAIL: N19990310_02 execution - source compiled test
WARNING: program timed out.
FAIL: N19990310_02 execution - gij test
WARNING: program timed out.
FAIL: N19990310_02 execution - bytecode->native test
WARNING: program timed out.
FAIL: N19990310_02 -O3 execution - source compiled test
WARNING: program timed out.
FAIL: N19990310_02 execution - gij test
WARNING: program timed out.
FAIL: N19990310_02 -O3 execution - bytecode->native test
WARNING: program timed out.
FAIL: N19990310_3 execution - source compiled test
WARNING: program timed out.
FAIL: N19990310_3 execution - gij test
WARNING: program timed out.
FAIL: N19990310_3 execution - bytecode->native test
WARNING: program timed out.
FAIL: N19990310_3 -O3 execution - source compiled test
WARNING: program timed out.
FAIL: N19990310_3 execution - gij test
WARNING: program timed out.
FAIL: N19990310_3 -O3 execution - bytecode->native test
WARNING: program timed out.
FAIL: N19990310_4 execution - source compiled test
WARNING: program timed out.
FAIL: N19990310_4 execution - gij test
WARNING: program timed out.
FAIL: N19990310_4 execution - bytecode->native test
WARNING: program timed out.
FAIL: N19990310_4 -O3 execution - source compiled test
WARNING: program timed out.
FAIL: N19990310_4 execution - gij test
WARNING: program timed out.
FAIL: N19990310_4 -O3 execution - bytecode->native test
WARNING: program timed out.
FAIL: N19990310_5 execution - source compiled test
WARNING: program timed out.
FAIL: N19990310_5 execution - gij test
WARNING: program timed out.
FAIL: N19990310_5 execution - bytecode->native test
WARNING: program timed out.
FAIL: N19990310_5 -O3 execution - source compiled test
WARNING: program timed out.
FAIL: N19990310_5 execution - gij test
WARNING: program timed out.
FAIL: N19990310_5 -O3 execution - bytecode->native test
WARNING: program timed out.
FAIL: Overflow execution - source compiled test
WARNING: program timed out.
FAIL: Overflow execution - gij test
WARNING: program timed out.
FAIL: Overflow execution - bytecode->native test
WARNING: program timed out.
FAIL: Overflow -O3 execution - source compiled test
WARNING: program timed out.
FAIL: Overflow execution - gij test
WARNING: program timed out.
FAIL: Overflow -O3 execution - bytecode->native test
WARNING: program timed out.
FAIL: PR12350 execution - source compiled test
WARNING: program timed out.
FAIL: PR12350 execution - gij test
WARNING: program timed out.
FAIL: PR12350 execution - bytecode->native test
WARNING: program timed out.
FAIL: PR12350 -O3 execution - source compiled test
WARNING: program timed out.
FAIL: PR12350 execution - gij test
WARNING: program timed out.
FAIL: PR12350 -O3 execution - bytecode->native test
WARNING: program timed out.
FAIL: PR12416 execution - source compiled test
WARNING: program timed out.
FAIL: PR12416 execution - gij test
WARNING: program timed out.
FAIL: PR12416 execution - bytecode->native test
WARNING: program timed out.
FAIL: PR12416 -O3 execution - source compiled test
WARNING: program timed out.
FAIL: PR12416 execution - gij test
WARNING: program timed out.
FAIL: PR12416 -O3 execution - bytecode->native test
WARNING: program timed out.
FAIL: PR12656 execution - source compiled test
WARNING: program timed out.
FAIL: PR12656 execution - gij test
WARNING: program timed out.
FAIL: PR12656 execution - bytecode->native test
WARNING: program timed out.
FAIL: PR12656 -O3 execution - source compiled test
WARNING: program timed out.
FAIL: PR12656 execution - gij test
WARNING: program timed out.
FAIL: PR12656 -O3 execution - bytecode->native test
WARNING: program timed out.
FAIL: PR12915 execution - source compiled test
WARNING: program timed out.
FAIL: PR12915 execution - gij test
WARNING: program timed out.
FAIL: PR12915 execution - bytecode->native test
WARNING: program timed out.
FAIL: PR12915 -O3 execution - source compiled test
WARNING: program timed out.
FAIL: PR12915 execution - gij test
WARNING: program timed out.
FAIL: PR12915 -O3 execution - bytecode->native test
WARNING: program timed out.
FAIL: PR141 execution - source compiled test
WARNING: program timed out.
FAIL: PR141 execution - gij test
WARNING: program timed out.
FAIL: PR141 execution - bytecode->native test
WARNING: program timed out.
FAIL: PR141 -O3 execution - source compiled test
WARNING: program timed out.
FAIL: PR141 execution - gij test
WARNING: program timed out.
FAIL: PR141 -O3 execution - bytecode->native test
WARNING: program timed out.
FAIL: PR160 execution - source compiled test
WARNING: program timed out.
FAIL: PR160 execution - gij test
WARNING: program timed out.
FAIL: PR160 execution - bytecode->native test
WARNING: program timed out.
FAIL: PR160 -O3 execution - source compiled test
WARNING: program timed out.
FAIL: PR160 execution - gij test
WARNING: program timed out.
FAIL: PR160 -O3 execution - bytecode->native test
WARNING: program timed out.
FAIL: PR162 execution - source compiled test
WARNING: program timed out.
FAIL: PR162 execution - gij test
WARNING: program timed out.
FAIL: PR162 execution - bytecode->native test
WARNING: program timed out.
FAIL: PR162 -O3 execution - source compiled test
WARNING: program timed out.
FAIL: PR162 execution - gij test
WARNING: program timed out.
FAIL: PR162 -O3 execution - bytecode->native test
WARNING: program timed out.
FAIL: PR218 execution - source compiled test
WARNING: program timed out.
FAIL: PR218 execution - gij test
WARNING: program timed out.
FAIL: PR218 execution - bytecode->native test
WARNING: program timed out.
FAIL: PR218 -O3 execution - source compiled test
WARNING: program timed out.
FAIL: PR218 execution - gij test
WARNING: program timed out.
FAIL: PR218 -O3 execution - bytecode->native test
WARNING: program timed out.
FAIL: PR242 execution - source compiled test
WARNING: program timed out.
FAIL: PR242 execution - gij test
WARNING: program timed out.
FAIL: PR242 execution - bytecode->native test
WARNING: program timed out.
FAIL: PR242 -O3 execution - source compiled test
WARNING: program timed out.
FAIL: PR242 execution - gij test
WARNING: program timed out.
FAIL: PR242 -O3 execution - bytecode->native test
WARNING: program timed out.
FAIL: PR260 execution - source compiled test
WARNING: program timed out.
FAIL: PR260 execution - gij test
WARNING: program timed out.
FAIL: PR260 execution - bytecode->native test
WARNING: program timed out.
FAIL: PR260 -O3 execution - source compiled test
WARNING: program timed out.
FAIL: PR260 execution - gij test
WARNING: program timed out.
FAIL: PR260 -O3 execution - bytecode->native test
WARNING: program timed out.
FAIL: PR3096 execution - source compiled test
WARNING: program timed out.
FAIL: PR3096 execution - gij test
WARNING: program timed out.
FAIL: PR3096 execution - bytecode->native test
WARNING: program timed out.
FAIL: PR3096 -O3 execution - source compiled test
WARNING: program timed out.
FAIL: PR3096 execution - gij test
WARNING: program timed out.
FAIL: PR3096 -O3 execution - bytecode->native test
WARNING: program timed out.
FAIL: PR3731 execution - source compiled test
WARNING: program timed out.
FAIL: PR3731 execution - gij test
WARNING: program timed out.
FAIL: PR3731 execution - bytecode->native test
WARNING: program timed out.
FAIL: PR3731 -O3 execution - source compiled test
WARNING: program timed out.
FAIL: PR3731 execution - gij test
WARNING: program timed out.
FAIL: PR3731 -O3 execution - bytecode->native test
WARNING: program timed out.
FAIL: PR5057 execution - source compiled test
WARNING: program timed out.
FAIL: PR5057 execution - gij test
WARNING: program timed out.
FAIL: PR5057 execution - bytecode->native test
WARNING: program timed out.
FAIL: PR5057 -O3 execution - source compiled test
WARNING: program timed out.
FAIL: PR5057 execution - gij test
WARNING: program timed out.
FAIL: PR5057 -O3 execution - bytecode->native test
WARNING: program timed out.
FAIL: PR5057_2 execution - source compiled test
WARNING: program timed out.
FAIL: PR5057_2 execution - gij test
WARNING: program timed out.
FAIL: PR5057_2 execution - bytecode->native test
WARNING: program timed out.
FAIL: PR5057_2 -O3 execution - source compiled test
WARNING: program timed out.
FAIL: PR5057_2 execution - gij test
WARNING: program timed out.
FAIL: PR5057_2 -O3 execution - bytecode->native test
WARNING: program timed out.
FAIL: PR55 execution - source compiled test
WARNING: program timed out.
FAIL: PR55 execution - gij test
WARNING: program timed out.
FAIL: PR55 execution - bytecode->native test
WARNING: program timed out.
FAIL: PR55 -O3 execution - source compiled test
WARNING: program timed out.
FAIL: PR55 execution - gij test
WARNING: program timed out.
FAIL: PR55 -O3 execution - bytecode->native test
WARNING: program timed out.
FAIL: PR56 execution - source compiled test
WARNING: program timed out.
FAIL: PR56 execution - gij test
WARNING: program timed out.
FAIL: PR56 execution - bytecode->native test
WARNING: program timed out.
FAIL: PR56 -O3 execution - source compiled test
WARNING: program timed out.
FAIL: PR56 execution - gij test
WARNING: program timed out.
FAIL: PR56 -O3 execution - bytecode->native test
WARNING: program timed out.
FAIL: PR6085 execution - source compiled test
WARNING: program timed out.
FAIL: PR6085 execution - gij test
WARNING: program timed out.
FAIL: PR6085 execution - bytecode->native test
WARNING: program timed out.
FAIL: PR6085 -O3 execution - source compiled test
WARNING: program timed out.
FAIL: PR6085 execution - gij test
WARNING: program timed out.
FAIL: PR6085 -O3 execution - bytecode->native test
WARNING: program timed out.
FAIL: PR6204 execution - source compiled test
WARNING: program timed out.
FAIL: PR6204 execution - gij test
WARNING: program timed out.
FAIL: PR6204 execution - bytecode->native test
WARNING: program timed out.
FAIL: PR6204 -O3 execution - source compiled test
WARNING: program timed out.
FAIL: PR6204 execution - gij test
WARNING: program timed out.
FAIL: PR6204 -O3 execution - bytecode->native test
WARNING: program timed out.
FAIL: PR6729 execution - source compiled test
WARNING: program timed out.
FAIL: PR6729 execution - gij test
WARNING: program timed out.
FAIL: PR6729 execution - bytecode->native test
WARNING: program timed out.
FAIL: PR6729 -O3 execution - source compiled test
WARNING: program timed out.
FAIL: PR6729 execution - gij test
WARNING: program timed out.
FAIL: PR6729 -O3 execution - bytecode->native test
WARNING: program timed out.
FAIL: PR6820 execution - source compiled test
WARNING: program timed out.
FAIL: PR6820 execution - gij test
WARNING: program timed out.
FAIL: PR6820 execution - bytecode->native test
WARNING: program timed out.
FAIL: PR6820 -O3 execution - source compiled test
WARNING: program timed out.
FAIL: PR6820 execution - gij test
WARNING: program timed out.
FAIL: PR6820 -O3 execution - bytecode->native test
WARNING: program timed out.
FAIL: PR7482 execution - source compiled test
WARNING: program timed out.
FAIL: PR7482 execution - gij test
WARNING: program timed out.
FAIL: PR7482 execution - bytecode->native test
WARNING: program timed out.
FAIL: PR7482 -O3 execution - source compiled test
WARNING: program timed out.
FAIL: PR7482 execution - gij test
WARNING: program timed out.
FAIL: PR7482 -O3 execution - bytecode->native test
WARNING: program timed out.
FAIL: Shazam execution - source compiled test
WARNING: program timed out.
FAIL: Shazam execution - gij test
WARNING: program timed out.
FAIL: Shazam execution - bytecode->native test
WARNING: program timed out.
FAIL: Shazam -O3 execution - source compiled test
WARNING: program timed out.
FAIL: Shazam execution - gij test
WARNING: program timed out.
FAIL: Shazam -O3 execution - bytecode->native test
WARNING: program timed out.
FAIL: StaticConstructor execution - gij test
WARNING: program timed out.
FAIL: StaticConstructor execution - gij test
WARNING: program timed out.
FAIL: StringBuffer_1 execution - gij test
WARNING: program timed out.
FAIL: StringBuffer_1 execution - gij test
WARNING: program timed out.
FAIL: StringBuffer_overflow execution - gij test
WARNING: program timed out.
FAIL: StringBuffer_overflow execution - gij test
WARNING: program timed out.
FAIL: String_overflow execution - gij test
WARNING: program timed out.
FAIL: String_overflow execution - gij test
WARNING: program timed out.
FAIL: SyncGlobal execution - source compiled test
WARNING: program timed out.
FAIL: SyncGlobal execution - gij test
WARNING: program timed out.
FAIL: SyncGlobal execution - bytecode->native test
WARNING: program timed out.
FAIL: SyncGlobal -O3 execution - source compiled test
WARNING: program timed out.
FAIL: SyncGlobal execution - gij test
WARNING: program timed out.
FAIL: SyncGlobal -O3 execution - bytecode->native test
WARNING: program timed out.
FAIL: SyncTest execution - source compiled test
WARNING: program timed out.
FAIL: SyncTest execution - gij test
WARNING: program timed out.
FAIL: SyncTest execution - bytecode->native test
WARNING: program timed out.
FAIL: SyncTest -O3 execution - source compiled test
WARNING: program timed out.
FAIL: SyncTest execution - gij test
WARNING: program timed out.
FAIL: SyncTest -O3 execution - bytecode->native test
WARNING: program timed out.
FAIL: Synch execution - source compiled test
WARNING: program timed out.
FAIL: Synch execution - gij test
WARNING: program timed out.
FAIL: Synch execution - bytecode->native test
WARNING: program timed out.
FAIL: Synch -O3 execution - source compiled test
WARNING: program timed out.
FAIL: Synch execution - gij test
WARNING: program timed out.
FAIL: Synch -O3 execution - bytecode->native test
WARNING: program timed out.
FAIL: TLtest execution - source compiled test
WARNING: program timed out.
FAIL: TLtest execution - gij test
WARNING: program timed out.
FAIL: TLtest execution - bytecode->native test
WARNING: program timed out.
FAIL: TLtest -O3 execution - source compiled test
WARNING: program timed out.
FAIL: TLtest execution - gij test
WARNING: program timed out.
FAIL: TLtest -O3 execution - bytecode->native test
WARNING: program timed out.
FAIL: TestProxy execution - source compiled test
WARNING: program timed out.
FAIL: TestProxy execution - gij test
WARNING: program timed out.
FAIL: TestProxy execution - bytecode->native test
WARNING: program timed out.
FAIL: TestProxy -O3 execution - source compiled test
WARNING: program timed out.
FAIL: TestProxy execution - gij test
WARNING: program timed out.
FAIL: TestProxy -O3 execution - bytecode->native test
WARNING: program timed out.
FAIL: Thread_Alive execution - source compiled test
WARNING: program timed out.
FAIL: Thread_Alive execution - gij test
WARNING: program timed out.
FAIL: Thread_Alive execution - bytecode->native test
WARNING: program timed out.
FAIL: Thread_Alive -O3 execution - source compiled test
WARNING: program timed out.
FAIL: Thread_Alive execution - gij test
WARNING: program timed out.
FAIL: Thread_Alive -O3 execution - bytecode->native test
WARNING: program timed out.
FAIL: Thread_Interrupt execution - gij test
FAIL: Thread_Interrupt -O3 output - source compiled test
WARNING: program timed out.
FAIL: Thread_Interrupt execution - gij test
WARNING: program timed out.
FAIL: Thread_Join execution - source compiled test
WARNING: program timed out.
FAIL: Thread_Join execution - gij test
WARNING: program timed out.
FAIL: Thread_Join execution - bytecode->native test
WARNING: program timed out.
FAIL: Thread_Join -O3 execution - source compiled test
WARNING: program timed out.
FAIL: Thread_Join execution - gij test
WARNING: program timed out.
FAIL: Thread_Join -O3 execution - bytecode->native test
WARNING: program timed out.
FAIL: Thread_Monitor execution - gij test
WARNING: program timed out.
FAIL: Thread_Monitor execution - gij test
WARNING: program timed out.
FAIL: Thread_Sleep execution - source compiled test
WARNING: program timed out.
FAIL: Thread_Sleep execution - gij test
WARNING: program timed out.
FAIL: Thread_Sleep execution - bytecode->native test
WARNING: program timed out.
FAIL: Thread_Sleep -O3 execution - source compiled test
WARNING: program timed out.
FAIL: Thread_Sleep execution - gij test
WARNING: program timed out.
FAIL: Thread_Sleep -O3 execution - bytecode->native test
WARNING: program timed out.
FAIL: Thread_Wait execution - source compiled test
WARNING: program timed out.
FAIL: Thread_Wait execution - gij test
WARNING: program timed out.
FAIL: Thread_Wait execution - bytecode->native test
WARNING: program timed out.
FAIL: Thread_Wait -O3 execution - source compiled test
WARNING: program timed out.
FAIL: Thread_Wait execution - gij test
WARNING: program timed out.
FAIL: Thread_Wait -O3 execution - bytecode->native test
WARNING: program timed out.
FAIL: Thread_Wait_2 execution - source compiled test
WARNING: program timed out.
FAIL: Thread_Wait_2 execution - gij test
WARNING: program timed out.
FAIL: Thread_Wait_2 execution - bytecode->native test
WARNING: program timed out.
FAIL: Thread_Wait_2 -O3 execution - source compiled test
WARNING: program timed out.
FAIL: Thread_Wait_2 execution - gij test
WARNING: program timed out.
FAIL: Thread_Wait_2 -O3 execution - bytecode->native test
WARNING: program timed out.
FAIL: Thread_Wait_Interrupt execution - gij test
WARNING: program timed out.
FAIL: Thread_Wait_Interrupt execution - gij test
WARNING: program timed out.
FAIL: Throw_1 execution - source compiled test
WARNING: program timed out.
FAIL: Throw_1 execution - gij test
WARNING: program timed out.
FAIL: Throw_1 execution - bytecode->native test
WARNING: program timed out.
FAIL: Throw_1 -O3 execution - source compiled test
WARNING: program timed out.
FAIL: Throw_1 execution - gij test
WARNING: program timed out.
FAIL: Throw_1 -O3 execution - bytecode->native test
WARNING: program timed out.
FAIL: Throw_2 execution - source compiled test
WARNING: program timed out.
FAIL: Throw_2 execution - gij test
WARNING: program timed out.
FAIL: Throw_2 execution - bytecode->native test
WARNING: program timed out.
FAIL: Throw_2 -O3 execution - source compiled test
WARNING: program timed out.
FAIL: Throw_2 execution - gij test
WARNING: program timed out.
FAIL: Throw_2 -O3 execution - bytecode->native test
WARNING: program timed out.
FAIL: anfi execution - source compiled test
WARNING: program timed out.
FAIL: anfi execution - gij test
WARNING: program timed out.
FAIL: anfi execution - bytecode->native test
WARNING: program timed out.
FAIL: anfi -O3 execution - source compiled test
WARNING: program timed out.
FAIL: anfi execution - gij test
WARNING: program timed out.
FAIL: anfi -O3 execution - bytecode->native test
WARNING: program timed out.
FAIL: anon execution - source compiled test
WARNING: program timed out.
FAIL: anon execution - gij test
WARNING: program timed out.
FAIL: anon execution - bytecode->native test
WARNING: program timed out.
FAIL: anon -O3 execution - source compiled test
WARNING: program timed out.
FAIL: anon execution - gij test
WARNING: program timed out.
FAIL: anon -O3 execution - bytecode->native test
WARNING: program timed out.
FAIL: anon2 execution - source compiled test
WARNING: program timed out.
FAIL: anon2 execution - gij test
WARNING: program timed out.
FAIL: anon2 execution - bytecode->native test
WARNING: program timed out.
FAIL: anon2 -O3 execution - source compiled test
WARNING: program timed out.
FAIL: anon2 execution - gij test
WARNING: program timed out.
FAIL: anon2 -O3 execution - bytecode->native test
WARNING: program timed out.
FAIL: anon3 execution - source compiled test
WARNING: program timed out.
FAIL: anon3 execution - gij test
WARNING: program timed out.
FAIL: anon3 execution - bytecode->native test
WARNING: program timed out.
FAIL: anon3 -O3 execution - source compiled test
WARNING: program timed out.
FAIL: anon3 execution - gij test
WARNING: program timed out.
FAIL: anon3 -O3 execution - bytecode->native test
WARNING: program timed out.
FAIL: anon4 execution - source compiled test
WARNING: program timed out.
FAIL: anon4 execution - gij test
WARNING: program timed out.
FAIL: anon4 execution - bytecode->native test
WARNING: program timed out.
FAIL: anon4 -O3 execution - source compiled test
WARNING: program timed out.
FAIL: anon4 execution - gij test
WARNING: program timed out.
FAIL: anon4 -O3 execution - bytecode->native test
WARNING: program timed out.
FAIL: anon_ctor_itf_arg execution - gij test
WARNING: program timed out.
FAIL: anon_ctor_itf_arg execution - gij test
WARNING: program timed out.
FAIL: anonarray execution - source compiled test
WARNING: program timed out.
FAIL: anonarray execution - gij test
WARNING: program timed out.
FAIL: anonarray execution - bytecode->native test
WARNING: program timed out.
FAIL: anonarray -O3 execution - source compiled test
WARNING: program timed out.
FAIL: anonarray execution - gij test
WARNING: program timed out.
FAIL: anonarray -O3 execution - bytecode->native test
WARNING: program timed out.
FAIL: anonarray2 execution - source compiled test
WARNING: program timed out.
FAIL: anonarray2 execution - gij test
WARNING: program timed out.
FAIL: anonarray2 execution - bytecode->native test
WARNING: program timed out.
FAIL: anonarray2 -O3 execution - source compiled test
WARNING: program timed out.
FAIL: anonarray2 execution - gij test
WARNING: program timed out.
FAIL: anonarray2 -O3 execution - bytecode->native test
WARNING: program timed out.
FAIL: anonarray3 execution - source compiled test
WARNING: program timed out.
FAIL: anonarray3 execution - gij test
WARNING: program timed out.
FAIL: anonarray3 execution - bytecode->native test
WARNING: program timed out.
FAIL: anonarray3 -O3 execution - source compiled test
WARNING: program timed out.
FAIL: anonarray3 execution - gij test
WARNING: program timed out.
FAIL: anonarray3 -O3 execution - bytecode->native test
WARNING: program timed out.
FAIL: assign execution - source compiled test
WARNING: program timed out.
FAIL: assign execution - gij test
WARNING: program timed out.
FAIL: assign execution - bytecode->native test
WARNING: program timed out.
FAIL: assign -O3 execution - source compiled test
WARNING: program timed out.
FAIL: assign execution - gij test
WARNING: program timed out.
FAIL: assign -O3 execution - bytecode->native test
WARNING: program timed out.
FAIL: direct_read execution - source compiled test
WARNING: program timed out.
FAIL: direct_read execution - gij test
WARNING: program timed out.
FAIL: direct_read execution - bytecode->native test
WARNING: program timed out.
FAIL: direct_read -O3 execution - source compiled test
WARNING: program timed out.
FAIL: direct_read execution - gij test
WARNING: program timed out.
FAIL: direct_read -O3 execution - bytecode->native test
WARNING: program timed out.
FAIL: direct_write execution - source compiled test
WARNING: program timed out.
FAIL: direct_write execution - gij test
WARNING: program timed out.
FAIL: direct_write execution - bytecode->native test
WARNING: program timed out.
FAIL: direct_write -O3 execution - source compiled test
WARNING: program timed out.
FAIL: direct_write execution - gij test
WARNING: program timed out.
FAIL: direct_write -O3 execution - bytecode->native test
WARNING: program timed out.
FAIL: emptystring execution - source compiled test
WARNING: program timed out.
FAIL: emptystring execution - gij test
WARNING: program timed out.
FAIL: emptystring execution - bytecode->native test
WARNING: program timed out.
FAIL: emptystring -O3 execution - source compiled test
WARNING: program timed out.
FAIL: emptystring execution - gij test
WARNING: program timed out.
FAIL: emptystring -O3 execution - bytecode->native test
WARNING: program timed out.
FAIL: err1 execution - source compiled test
WARNING: program timed out.
FAIL: err1 execution - gij test
WARNING: program timed out.
FAIL: err1 execution - bytecode->native test
WARNING: program timed out.
FAIL: err1 -O3 execution - source compiled test
WARNING: program timed out.
FAIL: err1 execution - gij test
WARNING: program timed out.
FAIL: err1 -O3 execution - bytecode->native test
WARNING: program timed out.
FAIL: err10 execution - source compiled test
WARNING: program timed out.
FAIL: err10 execution - gij test
WARNING: program timed out.
FAIL: err10 execution - bytecode->native test
WARNING: program timed out.
FAIL: err10 -O3 execution - source compiled test
WARNING: program timed out.
FAIL: err10 execution - gij test
WARNING: program timed out.
FAIL: err10 -O3 execution - bytecode->native test
WARNING: program timed out.
FAIL: err11 execution - source compiled test
WARNING: program timed out.
FAIL: err11 execution - gij test
WARNING: program timed out.
FAIL: err11 execution - bytecode->native test
WARNING: program timed out.
FAIL: err11 -O3 execution - source compiled test
WARNING: program timed out.
FAIL: err11 execution - gij test
WARNING: program timed out.
FAIL: err11 -O3 execution - bytecode->native test
WARNING: program timed out.
FAIL: err12 execution - source compiled test
WARNING: program timed out.
FAIL: err12 execution - gij test
WARNING: program timed out.
FAIL: err12 execution - bytecode->native test
WARNING: program timed out.
FAIL: err12 -O3 execution - source compiled test
WARNING: program timed out.
FAIL: err12 execution - gij test
WARNING: program timed out.
FAIL: err12 -O3 execution - bytecode->native test
WARNING: program timed out.
FAIL: err13 execution - source compiled test
WARNING: program timed out.
FAIL: err13 execution - gij test
WARNING: program timed out.
FAIL: err13 execution - bytecode->native test
WARNING: program timed out.
FAIL: err13 -O3 execution - source compiled test
WARNING: program timed out.
FAIL: err13 execution - gij test
WARNING: program timed out.
FAIL: err13 -O3 execution - bytecode->native test
WARNING: program timed out.
FAIL: err2 execution - source compiled test
WARNING: program timed out.
FAIL: err2 execution - gij test
WARNING: program timed out.
FAIL: err2 execution - bytecode->native test
WARNING: program timed out.
FAIL: err2 -O3 execution - source compiled test
WARNING: program timed out.
FAIL: err2 execution - gij test
WARNING: program timed out.
FAIL: err2 -O3 execution - bytecode->native test
WARNING: program timed out.
FAIL: err3 execution - source compiled test
WARNING: program timed out.
FAIL: err3 execution - gij test
WARNING: program timed out.
FAIL: err3 execution - bytecode->native test
WARNING: program timed out.
FAIL: err3 -O3 execution - source compiled test
WARNING: program timed out.
FAIL: err3 execution - gij test
WARNING: program timed out.
FAIL: err3 -O3 execution - bytecode->native test
WARNING: program timed out.
FAIL: err4 execution - source compiled test
WARNING: program timed out.
FAIL: err4 execution - gij test
WARNING: program timed out.
FAIL: err4 execution - bytecode->native test
WARNING: program timed out.
FAIL: err4 -O3 execution - source compiled test
WARNING: program timed out.
FAIL: err4 execution - gij test
WARNING: program timed out.
FAIL: err4 -O3 execution - bytecode->native test
WARNING: program timed out.
FAIL: err5 execution - source compiled test
WARNING: program timed out.
FAIL: err5 execution - gij test
WARNING: program timed out.
FAIL: err5 execution - bytecode->native test
WARNING: program timed out.
FAIL: err5 -O3 execution - source compiled test
WARNING: program timed out.
FAIL: err5 execution - gij test
WARNING: program timed out.
FAIL: err5 -O3 execution - bytecode->native test
WARNING: program timed out.
FAIL: err6 execution - source compiled test
WARNING: program timed out.
FAIL: err6 execution - gij test
WARNING: program timed out.
FAIL: err6 execution - bytecode->native test
WARNING: program timed out.
FAIL: err6 -O3 execution - source compiled test
WARNING: program timed out.
FAIL: err6 execution - gij test
WARNING: program timed out.
FAIL: err6 -O3 execution - bytecode->native test
WARNING: program timed out.
FAIL: err7 execution - source compiled test
WARNING: program timed out.
FAIL: err7 execution - gij test
WARNING: program timed out.
FAIL: err7 execution - bytecode->native test
WARNING: program timed out.
FAIL: err7 -O3 execution - source compiled test
WARNING: program timed out.
FAIL: err7 execution - gij test
WARNING: program timed out.
FAIL: err7 -O3 execution - bytecode->native test
WARNING: program timed out.
FAIL: err8 execution - source compiled test
WARNING: program timed out.
FAIL: err8 execution - gij test
WARNING: program timed out.
FAIL: err8 execution - bytecode->native test
WARNING: program timed out.
FAIL: err8 -O3 execution - source compiled test
WARNING: program timed out.
FAIL: err8 execution - gij test
WARNING: program timed out.
FAIL: err8 -O3 execution - bytecode->native test
WARNING: program timed out.
FAIL: err9 execution - source compiled test
WARNING: program timed out.
FAIL: err9 execution - gij test
WARNING: program timed out.
FAIL: err9 execution - bytecode->native test
WARNING: program timed out.
FAIL: err9 -O3 execution - source compiled test
WARNING: program timed out.
FAIL: err9 execution - gij test
WARNING: program timed out.
FAIL: err9 -O3 execution - bytecode->native test
WARNING: program timed out.
FAIL: final_inner execution - source compiled test
WARNING: program timed out.
FAIL: final_inner execution - gij test
WARNING: program timed out.
FAIL: final_inner execution - bytecode->native test
WARNING: program timed out.
FAIL: final_inner -O3 execution - source compiled test
WARNING: program timed out.
FAIL: final_inner execution - gij test
WARNING: program timed out.
FAIL: final_inner -O3 execution - bytecode->native test
WARNING: program timed out.
FAIL: final_int execution - source compiled test
WARNING: program timed out.
FAIL: final_int execution - gij test
WARNING: program timed out.
FAIL: final_int execution - bytecode->native test
WARNING: program timed out.
FAIL: final_int -O3 execution - source compiled test
WARNING: program timed out.
FAIL: final_int execution - gij test
WARNING: program timed out.
FAIL: final_int -O3 execution - bytecode->native test
WARNING: program timed out.
FAIL: final_static_and_friend execution - gij test
WARNING: program timed out.
FAIL: final_static_and_friend execution - gij test
WARNING: program timed out.
FAIL: indirect execution - source compiled test
WARNING: program timed out.
FAIL: indirect execution - gij test
WARNING: program timed out.
FAIL: indirect execution - bytecode->native test
WARNING: program timed out.
FAIL: indirect -O3 execution - source compiled test
WARNING: program timed out.
FAIL: indirect execution - gij test
WARNING: program timed out.
FAIL: indirect -O3 execution - bytecode->native test
WARNING: program timed out.
FAIL: indirect_read execution - source compiled test
WARNING: program timed out.
FAIL: indirect_read execution - gij test
WARNING: program timed out.
FAIL: indirect_read execution - bytecode->native test
WARNING: program timed out.
FAIL: indirect_read -O3 execution - source compiled test
WARNING: program timed out.
FAIL: indirect_read execution - gij test
WARNING: program timed out.
FAIL: indirect_read -O3 execution - bytecode->native test
WARNING: program timed out.
FAIL: indirect_write execution - gij test
WARNING: program timed out.
FAIL: indirect_write execution - gij test
WARNING: program timed out.
FAIL: initexc execution - source compiled test
WARNING: program timed out.
FAIL: initexc execution - gij test
WARNING: program timed out.
FAIL: initexc execution - bytecode->native test
WARNING: program timed out.
FAIL: initexc -O3 execution - source compiled test
WARNING: program timed out.
FAIL: initexc execution - gij test
WARNING: program timed out.
FAIL: initexc -O3 execution - bytecode->native test
WARNING: program timed out.
FAIL: initfield execution - source compiled test
WARNING: program timed out.
FAIL: initfield execution - gij test
WARNING: program timed out.
FAIL: initfield execution - bytecode->native test
WARNING: program timed out.
FAIL: initfield -O3 execution - source compiled test
WARNING: program timed out.
FAIL: initfield execution - gij test
WARNING: program timed out.
FAIL: initfield -O3 execution - bytecode->native test
WARNING: program timed out.
FAIL: inline execution - source compiled test
WARNING: program timed out.
FAIL: inline execution - gij test
WARNING: program timed out.
FAIL: inline execution - bytecode->native test
WARNING: program timed out.
FAIL: inline -O3 execution - source compiled test
WARNING: program timed out.
FAIL: inline execution - gij test
WARNING: program timed out.
FAIL: inline -O3 execution - bytecode->native test
WARNING: program timed out.
FAIL: inner1 execution - source compiled test
WARNING: program timed out.
FAIL: inner1 execution - gij test
WARNING: program timed out.
FAIL: inner1 execution - bytecode->native test
WARNING: program timed out.
FAIL: inner1 -O3 execution - source compiled test
WARNING: program timed out.
FAIL: inner1 execution - gij test
WARNING: program timed out.
FAIL: inner1 -O3 execution - bytecode->native test
WARNING: program timed out.
FAIL: inner2 execution - source compiled test
WARNING: program timed out.
FAIL: inner2 execution - gij test
WARNING: program timed out.
FAIL: inner2 execution - bytecode->native test
WARNING: program timed out.
FAIL: inner2 -O3 execution - source compiled test
WARNING: program timed out.
FAIL: inner2 execution - gij test
WARNING: program timed out.
FAIL: inner2 -O3 execution - bytecode->native test
WARNING: program timed out.
FAIL: inner3 execution - source compiled test
WARNING: program timed out.
FAIL: inner3 execution - gij test
WARNING: program timed out.
FAIL: inner3 execution - bytecode->native test
WARNING: program timed out.
FAIL: inner3 -O3 execution - source compiled test
WARNING: program timed out.
FAIL: inner3 execution - gij test
WARNING: program timed out.
FAIL: inner3 -O3 execution - bytecode->native test
WARNING: program timed out.
FAIL: inner4 execution - source compiled test
WARNING: program timed out.
FAIL: inner4 execution - gij test
WARNING: program timed out.
FAIL: inner4 execution - bytecode->native test
WARNING: program timed out.
FAIL: inner4 -O3 execution - source compiled test
WARNING: program timed out.
FAIL: inner4 execution - gij test
WARNING: program timed out.
FAIL: inner4 -O3 execution - bytecode->native test
WARNING: program timed out.
FAIL: inner_array execution - source compiled test
WARNING: program timed out.
FAIL: inner_array execution - gij test
WARNING: program timed out.
FAIL: inner_array execution - bytecode->native test
WARNING: program timed out.
FAIL: inner_array -O3 execution - source compiled test
WARNING: program timed out.
FAIL: inner_array execution - gij test
WARNING: program timed out.
FAIL: inner_array -O3 execution - bytecode->native test
WARNING: program timed out.
FAIL: inner_interface execution - gij test
WARNING: program timed out.
FAIL: inner_interface execution - gij test
WARNING: program timed out.
FAIL: instance execution - source compiled test
WARNING: program timed out.
FAIL: instance execution - gij test
WARNING: program timed out.
FAIL: instance execution - bytecode->native test
WARNING: program timed out.
FAIL: instance -O3 execution - source compiled test
WARNING: program timed out.
FAIL: instance execution - gij test
WARNING: program timed out.
FAIL: instance -O3 execution - bytecode->native test
WARNING: program timed out.
FAIL: instinit execution - source compiled test
WARNING: program timed out.
FAIL: instinit execution - gij test
WARNING: program timed out.
FAIL: instinit execution - bytecode->native test
WARNING: program timed out.
FAIL: instinit -O3 execution - source compiled test
WARNING: program timed out.
FAIL: instinit execution - gij test
WARNING: program timed out.
FAIL: instinit -O3 execution - bytecode->native test
WARNING: program timed out.
FAIL: instinit2 execution - source compiled test
WARNING: program timed out.
FAIL: instinit2 execution - gij test
WARNING: program timed out.
FAIL: instinit2 execution - bytecode->native test
WARNING: program timed out.
FAIL: instinit2 -O3 execution - source compiled test
WARNING: program timed out.
FAIL: instinit2 execution - gij test
FAIL: instinit2 -O3 execution - bytecode->native test
FAIL: invoke_from_inner execution - gij test

		=== libjava Summary ===

# of expected passes		4704
# of unexpected failures	658
# of expected failures		14
# of untested testcases		673

		=== libstdc++-v3 check-abi Summary ===

# of added symbols:		 20
# of missing symbols:		 0
# of incompatible symbols:	 0

using: /home/gccbuild/gcc_3.4rh_anoncvs/gcc/libstdc++-v3/config/abi/powerpc-linux-gnu/baseline_symbols.txt

		=== libstdc++ tests ===


Running target unix/-m32
XPASS: 22_locale/locale/cons/12658_thread.cc execution test
XPASS: 26_numerics/c99_classification_macros_c.cc (test for excess errors)

		=== libstdc++ Summary for unix/-m32 ===

# of expected passes		2735
# of unexpected successes	2
# of expected failures		5

Running target unix/-m64
XPASS: 22_locale/locale/cons/12658_thread.cc execution test
FAIL: 22_locale/messages/members/char/1.cc execution test
FAIL: 22_locale/messages/members/char/2.cc execution test
FAIL: 22_locale/messages/members/char/wrapped_env.cc execution test
FAIL: 22_locale/messages/members/char/wrapped_locale.cc execution test
FAIL: 22_locale/messages_byname/named_equivalence.cc execution test
XPASS: 26_numerics/c99_classification_macros_c.cc (test for excess errors)
XPASS: 27_io/fpos/14320-1.cc execution test

		=== libstdc++ Summary for unix/-m64 ===

# of expected passes		2730
# of unexpected failures	5
# of unexpected successes	3
# of expected failures		4

		=== libstdc++ Summary ===

# of expected passes		5465
# of unexpected failures	5
# of unexpected successes	5
# of expected failures		9

Compiler version: 3.4.4 20050226 (prerelease) 
Platform: powerpc64-unknown-linux-gnu
configure flags: --prefix=/opt/gcc-nightly/3.4rh-20050226 --build=powerpc64-linux --host=powerpc64-linux --target=powerpc64-linux --with-cpu=default32 --with-as=/opt/gcc-nightly/binutils/bin/as --with-ld=/opt/gcc-nightly/binutils/bin/ld --enable-threads=posix --enable-shared --enable-__cxa_atexit --enable-languages=c,c++,f77,java,objc



More information about the Gcc-testresults mailing list