Results for 4.0.0 20050227 (prerelease) testsuite on i686-pc-linux-gnu

CodeSourcery Automatic Testing System gcc@codesourcery.com
Mon Feb 28 15:18:00 GMT 2005


LAST_UPDATED: Mon Feb 28 09:34:38 UTC 2005

Native configuration is i686-pc-linux-gnu

		=== g++ tests ===


Running target unix

		=== g++ Summary ===

# of expected passes		10741
# of expected failures		71
# of unsupported tests		56
/scratch/gcc/nightly-2005-02-27-4.0/i686-pc-linux-gnu/build_gcc/build/gcc/testsuite/../g++  version 4.0.0 20050227 (prerelease)

		=== gcc tests ===


Running target unix
FAIL: gcc.dg/tree-ssa/inline_asm-2.c scan-tree-dump-times V_MAY_DEF 1
XPASS: gcc.dg/vect/vect-22.c scan-tree-dump-times vectorized 3 loops 1

		=== gcc Summary ===

# of expected passes		33263
# of unexpected failures	1
# of unexpected successes	1
# of expected failures		100
# of untested testcases		28
# of unsupported tests		308
/scratch/gcc/nightly-2005-02-27-4.0/i686-pc-linux-gnu/build_gcc/build/gcc/xgcc  version 4.0.0 20050227 (prerelease)

		=== libstdc++ tests ===


Running target unix
XPASS: 26_numerics/cmath/c99_classification_macros_c.cc (test for excess errors)

		=== libstdc++ Summary ===

# of expected passes		3605
# of unexpected successes	1
# of expected failures		9

Compiler version: 4.0.0 20050227 (prerelease) 
Platform: i686-pc-linux-gnu
configure flags: --prefix=/home/gcc/scratch/nightly-2005-02-27-4.0/i686-pc-linux-gnu/build_gcc/install --enable-threads --enable-languages=c,c++



More information about the Gcc-testresults mailing list