Results for 4.0.0 20050227 (prerelease) testsuite on hppa64-hp-hpux11.11
CodeSourcery Automatic Testing System
gcc@codesourcery.com
Mon Feb 28 14:09:00 GMT 2005
LAST_UPDATED: Mon Feb 28 09:34:38 UTC 2005
Native configuration is hppa64-hp-hpux11.11
=== g++ tests ===
Running target unix
FAIL: g++.dg/abi/inline1.C scan-assembler-not _ZTV1S
FAIL: g++.dg/warn/weak1.C (test for excess errors)
WARNING: g++.dg/warn/weak1.C compilation failed to produce executable
=== g++ Summary ===
# of expected passes 10284
# of unexpected failures 2
# of expected failures 72
# of unsupported tests 109
/scratch/gcc/nightly-2005-02-27-4.0/hppa64-hp-hpux11.11/build_gcc/build/gcc/testsuite/../g++ version 4.0.0 20050227 (prerelease)
=== gcc tests ===
Running target unix
WARNING: Could not compile gcc.dg/compat/struct-layout-1 generator
FAIL: gcc.dg/20020425-1.c (test for excess errors)
XPASS: gcc.dg/funcorder.c scan-assembler-not link_error,%r
FAIL: gcc.dg/titype-1.c (test for excess errors)
WARNING: gcc.dg/titype-1.c compilation failed to produce executable
FAIL: gcc.dg/uninit-C.c (test for excess errors)
FAIL: gcc.dg/tree-ssa/inline_asm-2.c scan-tree-dump-times V_MAY_DEF 1
=== gcc Summary ===
# of expected passes 32956
# of unexpected failures 4
# of unexpected successes 1
# of expected failures 78
# of untested testcases 28
# of unsupported tests 488
/scratch/gcc/nightly-2005-02-27-4.0/hppa64-hp-hpux11.11/build_gcc/build/gcc/xgcc version 4.0.0 20050227 (prerelease)
=== libstdc++ tests ===
Running target unix
=== libstdc++ Summary ===
# of expected passes 3569
# of expected failures 8
# of unsupported tests 19
Compiler version: 4.0.0 20050227 (prerelease)
Platform: hppa64-hp-hpux11.11
configure flags: --prefix=/scratch/gcc/nightly-2005-02-27-4.0/hppa64-hp-hpux11.11/build_gcc/install --enable-threads --with-libiconv-prefix=/usr/local --host=hppa64-hp-hpux11.11 --target=hppa64-hp-hpux11.11 --disable-nls --with-gnu-as --with-as=/usr/local/tools/gcc-3.3.1/bin/hppa64-hp-hpux11.11-as --without-gnu-ld --with-ld=/usr/ccs/bin/ld --enable-languages=c,c++
More information about the Gcc-testresults
mailing list