Results for 4.0.0 20050225 (prerelease) testsuite on ia64-unknown-linux-gnu

H.J. Lu hjl@gnu-4.sc.intel.com
Mon Feb 28 11:24:00 GMT 2005


LAST_UPDATED: Fri Feb 25 20:39:05 UTC 2005

Native configuration is ia64-unknown-linux-gnu

		=== g++ tests ===


Running target unix
WARNING: program timed out.
FAIL: g++.dg/opt/longbranch1.C (test for excess errors)
FAIL: g++.old-deja/g++.law/profile1.C (test for excess errors)

		=== g++ Summary ===

# of expected passes		10307
# of unexpected failures	2
# of expected failures		71
# of unsupported tests		90
/export/build/gnu/gcc-4.0/build-ia64-linux/gcc/testsuite/../g++  version 4.0.0 20050225 (prerelease)

		=== gcc tests ===


Running target unix
FAIL: gcc.dg/20021014-1.c (test for excess errors)
FAIL: gcc.dg/nest.c (test for excess errors)
XPASS: gcc.dg/tree-ssa/loop-1.c scan-assembler-times foo 5
XPASS: gcc.dg/vect/vect-22.c scan-tree-dump-times vectorized 3 loops 1
XPASS: gcc.dg/vect/vect-44.c scan-tree-dump-times Alignment of access forced using peeling 1
XPASS: gcc.dg/vect/vect-50.c scan-tree-dump-times Alignment of access forced using peeling 1
XPASS: gcc.dg/vect/vect-54.c scan-tree-dump-times Alignment of access forced using peeling 1
XPASS: gcc.dg/vect/vect-58.c scan-tree-dump-times Alignment of access forced using peeling 1

		=== gcc Summary ===

# of expected passes		32330
# of unexpected failures	2
# of unexpected successes	6
# of expected failures		132
# of untested testcases		28
# of unsupported tests		454
/export/build/gnu/gcc-4.0/build-ia64-linux/gcc/xgcc  version 4.0.0 20050225 (prerelease)

		=== gfortran tests ===


Running target unix
XPASS: gfortran.dg/ret_pointer_1.f90 execution test
XPASS: gfortran.dg/ret_pointer_1.f90 execution test
XPASS: gfortran.dg/ret_pointer_1.f90 execution test
XPASS: gfortran.dg/ret_pointer_1.f90 execution test
XPASS: gfortran.dg/ret_pointer_1.f90 execution test
XPASS: gfortran.dg/ret_pointer_1.f90 execution test
XPASS: gfortran.dg/ret_pointer_1.f90 execution test
XPASS: gfortran.dg/ret_pointer_1.f90 execution test
FAIL: gfortran.fortran-torture/execute/forall_3.f90 execution,  -O0 
FAIL: gfortran.fortran-torture/execute/forall_3.f90 execution,  -O1 
FAIL: gfortran.fortran-torture/execute/forall_3.f90 execution,  -O2 
FAIL: gfortran.fortran-torture/execute/forall_3.f90 execution,  -O3 -fomit-frame-pointer 
FAIL: gfortran.fortran-torture/execute/forall_3.f90 execution,  -O3 -fomit-frame-pointer -funroll-loops 
FAIL: gfortran.fortran-torture/execute/forall_3.f90 execution,  -O3 -fomit-frame-pointer -funroll-all-loops -finline-functions 
FAIL: gfortran.fortran-torture/execute/forall_3.f90 execution,  -O3 -g 
FAIL: gfortran.fortran-torture/execute/forall_3.f90 execution,  -Os 

		=== gfortran Summary ===

# of expected passes		5310
# of unexpected failures	8
# of unexpected successes	8
# of expected failures		18
# of unsupported tests		8
/export/build/gnu/gcc-4.0/build-ia64-linux/gcc/testsuite/../gfortran  version 4.0.0 20050225 (prerelease)

		=== objc tests ===


Running target unix

		=== objc Summary ===

# of expected passes		1532
# of unsupported tests		11
/export/build/gnu/gcc-4.0/build-ia64-linux/gcc/xgcc  version 4.0.0 20050225 (prerelease)

		=== libffi tests ===


Running target unix

		=== libffi Summary ===

# of expected passes		219
# of unsupported tests		2
		=== libjava tests ===


Running target unix

		=== libjava Summary ===

# of expected passes		3772
# of expected failures		14
# of untested testcases		16
		=== libmudflap tests ===


Running target unix

		=== libmudflap Summary ===

# of expected passes		1288
		=== libstdc++ tests ===


Running target unix
XPASS: 22_locale/locale/cons/12658_thread-1.cc execution test
XPASS: 26_numerics/cmath/c99_classification_macros_c.cc (test for excess errors)
XPASS: 27_io/fpos/14320-1.cc execution test

		=== libstdc++ Summary ===

# of expected passes		3602
# of unexpected successes	3
# of expected failures		7

Compiler version: 4.0.0 20050225 (prerelease) 
Platform: ia64-unknown-linux-gnu
configure flags: --enable-clocale=gnu --with-system-zlib --with-demangler-in-ld --enable-threads=posix --enable-haifa --disable-checking --prefix=/usr/gcc-4.0 --with-local-prefix=/usr/local --enable-languages=c,c++,f95,java,objc



More information about the Gcc-testresults mailing list