Results for 4.1.0 20050227 (experimental) testsuite on hppa2.0w-hp-hpux11.11
CodeSourcery Automatic Testing System
gcc@codesourcery.com
Sun Feb 27 19:58:00 GMT 2005
LAST_UPDATED: Sun Feb 27 09:31:51 UTC 2005
Native configuration is hppa2.0w-hp-hpux11.11
=== g++ tests ===
Running target unix
FAIL: g++.dg/abi/inline1.C scan-assembler-not _ZTV1S
UNRESOLVED: g++.dg/ext/weak1.C
UNRESOLVED: g++.dg/init/init-ref4.C
UNRESOLVED: g++.dg/warn/weak1.C
UNRESOLVED: g++.old-deja/g++.ext/attrib5.C
UNRESOLVED: g++.old-deja/g++.pt/static3.C
=== g++ Summary ===
# of expected passes 10411
# of unexpected failures 1
# of expected failures 72
# of unresolved testcases 5
# of unsupported tests 154
/scratch/gcc/nightly-2005-02-27-mainline/hppa2.0w-hp-hpux11.11/build_gcc/build/gcc/testsuite/../g++ version 4.1.0 20050227 (experimental)
=== gcc tests ===
Running target unix
XPASS: gcc.dg/const-elim-1.c scan-assembler-not L\\\\\$?C[^A-Z]
UNRESOLVED: gcc.dg/darwin-weakimport-1.c
UNRESOLVED: gcc.dg/darwin-weakimport-2.c
UNRESOLVED: gcc.dg/special/weak-1.c
UNRESOLVED: gcc.dg/special/weak-2.c
UNRESOLVED: gcc.dg/special/wkali-1.c
UNRESOLVED: gcc.dg/special/wkali-2.c
UNRESOLVED: gcc.dg/weak/typeof-2.c
UNRESOLVED: gcc.dg/weak/weak-1.c
UNRESOLVED: gcc.dg/weak/weak-10.c
UNRESOLVED: gcc.dg/weak/weak-11.c
UNRESOLVED: gcc.dg/weak/weak-2.c
UNRESOLVED: gcc.dg/weak/weak-3.c
UNRESOLVED: gcc.dg/weak/weak-4.c
UNRESOLVED: gcc.dg/weak/weak-5.c
UNRESOLVED: gcc.dg/weak/weak-6.c
UNRESOLVED: gcc.dg/weak/weak-7.c
UNRESOLVED: gcc.dg/weak/weak-8.c
UNRESOLVED: gcc.dg/weak/weak-9.c
=== gcc Summary ===
# of expected passes 33209
# of unexpected successes 1
# of expected failures 76
# of unresolved testcases 18
# of untested testcases 28
# of unsupported tests 524
/scratch/gcc/nightly-2005-02-27-mainline/hppa2.0w-hp-hpux11.11/build_gcc/build/gcc/xgcc version 4.1.0 20050227 (experimental)
=== libstdc++ tests ===
Running target unix
=== libstdc++ Summary ===
# of expected passes 3569
# of expected failures 8
# of unsupported tests 19
Compiler version: 4.1.0 20050227 (experimental)
Platform: hppa2.0w-hp-hpux11.11
configure flags: --prefix=/scratch/gcc/nightly-2005-02-27-mainline/hppa2.0w-hp-hpux11.11/build_gcc/install --enable-threads --with-libiconv-prefix=/usr/local --with-gnu-as --with-as=/usr/local/tools/gcc-3.3.1/bin/as --enable-languages=c,c++
More information about the Gcc-testresults
mailing list