Results for 3.4.4 20050225 (prerelease) testsuite on hppa2.0w-hp-hpux11.11

CodeSourcery Automatic Testing System gcc@codesourcery.com
Sat Feb 26 09:33:00 GMT 2005


LAST_UPDATED: Fri Feb 25 09:07:28 UTC 2005

Native configuration is hppa2.0w-hp-hpux11.11

		=== g++ tests ===


Running target unix
UNRESOLVED: g++.dg/init/init-ref4.C
XPASS: g++.dg/rtti/tinfo1.C scan-assembler-not .globl[ \\t]+_ZTIP9CTemplateIhE
XPASS: g++.dg/rtti/tinfo1.C scan-assembler-not .section[^\\n\\r]*_ZTIP9CTemplateIhE[^\\n\\r]*
FAIL: g++.old-deja/g++.abi/ptrflags.C (test for excess errors)
WARNING: g++.old-deja/g++.abi/ptrflags.C compilation failed to produce executable
FAIL: g++.old-deja/g++.eh/badalloc1.C execution test
FAIL: g++.old-deja/g++.eh/catchptr1.C (test for excess errors)
WARNING: g++.old-deja/g++.eh/catchptr1.C compilation failed to produce executable
UNRESOLVED: g++.old-deja/g++.ext/attrib5.C
WARNING: g++.old-deja/g++.mike/p10769a.C compilation failed to produce executable
WARNING: g++.old-deja/g++.other/enum5.C compilation failed to produce executable
WARNING: g++.old-deja/g++.pt/friend44.C compilation failed to produce executable
UNRESOLVED: g++.old-deja/g++.pt/static3.C

		=== g++ Summary ===

# of expected passes		9552
# of unexpected failures	3
# of unexpected successes	2
# of expected failures		74
# of unresolved testcases	3
# of unsupported tests		88
/scratch/gcc/nightly-2005-02-25-3.4/hppa2.0w-hp-hpux11.11/build_gcc/build/gcc/testsuite/../g++  version 3.4.4 20050225 (prerelease)

		=== gcc tests ===


Running target unix
FAIL: gcc.dg/cpp/_Pragma3.c (test for excess errors)
UNRESOLVED: gcc.dg/visibility-1.c
UNRESOLVED: gcc.dg/visibility-2.c
UNRESOLVED: gcc.dg/visibility-3.c
UNRESOLVED: gcc.dg/visibility-4.c
UNRESOLVED: gcc.dg/visibility-5.c
UNRESOLVED: gcc.dg/visibility-6.c
UNRESOLVED: gcc.dg/visibility-7.c
UNRESOLVED: gcc.dg/visibility-8.c
UNRESOLVED: gcc.dg/special/weak-1.c
UNRESOLVED: gcc.dg/special/weak-2.c
UNRESOLVED: gcc.dg/special/wkali-1.c
UNRESOLVED: gcc.dg/special/wkali-2.c
UNRESOLVED: gcc.dg/weak/typeof-2.c
UNRESOLVED: gcc.dg/weak/weak-1.c
UNRESOLVED: gcc.dg/weak/weak-2.c
UNRESOLVED: gcc.dg/weak/weak-3.c
UNRESOLVED: gcc.dg/weak/weak-4.c
UNRESOLVED: gcc.dg/weak/weak-5.c
UNRESOLVED: gcc.dg/weak/weak-6.c
UNRESOLVED: gcc.dg/weak/weak-7.c
UNRESOLVED: gcc.dg/weak/weak-8.c
UNRESOLVED: gcc.dg/weak/weak-9.c

		=== gcc Summary ===

# of expected passes		24944
# of unexpected failures	1
# of expected failures		69
# of unresolved testcases	22
# of untested testcases		7
# of unsupported tests		385
/scratch/gcc/nightly-2005-02-25-3.4/hppa2.0w-hp-hpux11.11/build_gcc/build/gcc/xgcc version 3.4.4 20050225 (prerelease)

		=== libstdc++ tests ===


Running target unix

		=== libstdc++ Summary ===

# of expected passes		2038
# of expected failures		4
# of unsupported tests		9

Compiler version: 3.4.4 20050225 (prerelease) 
Platform: hppa2.0w-hp-hpux11.11
configure flags: --prefix=/scratch/gcc/nightly-2005-02-25-3.4/hppa2.0w-hp-hpux11.11/build_gcc/install --enable-languages=c,c++ --enable-threads --with-libiconv-prefix=/usr/local --with-gnu-as --with-as=/usr/local/tools/gcc-3.3.1/bin/as



More information about the Gcc-testresults mailing list