Results for 3.4.4 20050224 (prerelease) testsuite on i686-pc-linux-gnu

H.J. Lu hjl@gnu-10.sc.intel.com
Sat Feb 26 03:10:00 GMT 2005


LAST_UPDATED: Fri Feb 25 00:08:48 UTC 2005

		=== acats tests ===
FAIL:	c34014a
FAIL:	c954025
FAIL:	cdd2a03

		=== acats Summary ===
# of expected passes		2320
# of unexpected failures	3
Native configuration is i686-pc-linux-gnu

		=== g77 tests ===


Running target unix

		=== g77 Summary ===

# of expected passes		1824
/export/build/gnu/gcc-3.4/build-i686-linux/gcc/testsuite/../g77  version 3.4.4 20050224 (prerelease)

		=== gcc tests ===


Running target unix
FAIL: gcc.c-torture/execute/va-arg-25.c execution,  -Os 

		=== gcc Summary ===

# of expected passes		25175
# of unexpected failures	1
# of expected failures		70
# of untested testcases		7
# of unsupported tests		202
/export/build/gnu/gcc-3.4/build-i686-linux/gcc/xgcc version 3.4.4 20050224 (prerelease)

		=== g++ tests ===


Running target unix
XPASS: g++.dg/rtti/tinfo1.C scan-assembler _ZTIP9CTemplateIhE:
XPASS: g++.dg/rtti/tinfo1.C scan-assembler-not .globl[ \\t]+_ZTIP9CTemplateIhE
WARNING: g++.old-deja/g++.mike/p10769a.C compilation failed to produce executable
WARNING: g++.old-deja/g++.other/enum5.C compilation failed to produce executable
WARNING: g++.old-deja/g++.pt/friend44.C compilation failed to produce executable

		=== g++ Summary ===

# of expected passes		9828
# of unexpected successes	2
# of expected failures		72
# of unsupported tests		43
/export/build/gnu/gcc-3.4/build-i686-linux/gcc/testsuite/../g++  version 3.4.4 20050224 (prerelease)

		=== objc tests ===


Running target unix

		=== objc Summary ===

# of expected passes		1352
# of unsupported tests		8
/export/build/gnu/gcc-3.4/build-i686-linux/gcc/xgcc  version 3.4.4 20050224 (prerelease)

		=== libffi tests ===


Running target unix

		=== libffi Summary ===

# of expected passes		212
# of unsupported tests		2
		=== libjava tests ===


Running target unix

		=== libjava Summary ===

# of expected passes		3271
# of expected failures		10
# of untested testcases		8

		=== libstdc++-v3 check-abi Summary ===

# of added symbols:		 11
# of missing symbols:		 0
# of incompatible symbols:	 0

using: /net/gnu/export/gnu/src/gcc-3.4/gcc/libstdc++-v3/config/abi/i486-linux-gnu/baseline_symbols.txt

		=== libstdc++ tests ===


Running target unix
XPASS: 22_locale/locale/cons/12658_thread.cc execution test
XPASS: 26_numerics/c99_classification_macros_c.cc (test for excess errors)

		=== libstdc++ Summary ===

# of expected passes		2735
# of unexpected successes	2
# of expected failures		5

Compiler version: 3.4.4 20050224 (prerelease) 
Platform: i686-pc-linux-gnu
configure flags: --enable-clocale=gnu --with-system-zlib --with-demangler-in-ld --enable-shared --enable-threads=posix --enable-haifa --disable-checking --prefix=/usr/gcc-3.4 --with-local-prefix=/usr/local



More information about the Gcc-testresults mailing list