Results for 3.4.4 20050224 (prerelease) testsuite on i686-pc-linux-gnu

Kaveh R. Ghazi ghazi@caip.rutgers.edu
Fri Feb 25 11:36:00 GMT 2005


LAST_UPDATED: 
Native configuration is i686-pc-linux-gnu

		=== g77 tests ===


Running target unix/-fPIC

		=== g77 Summary for unix/-fPIC ===

# of expected passes		1824

Running target unix/-fpic

		=== g77 Summary for unix/-fpic ===

# of expected passes		1824

Running target unix

		=== g77 Summary for unix ===

# of expected passes		1824

		=== g77 Summary ===

# of expected passes		5472
/tmp/kg/34/build/gcc/testsuite/../g77  version 3.4.4 20050224 (prerelease)

		=== gcc tests ===


Running target unix/-fPIC
FAIL: gcc.c-torture/compile/20000804-1.c  -O0  (test for excess errors)
FAIL: gcc.c-torture/compile/20000804-1.c  -O1  (test for excess errors)
FAIL: gcc.c-torture/execute/va-arg-25.c execution,  -Os 
FAIL: gcc.dg/20011119-1.c (test for excess errors)
WARNING: gcc.dg/20011119-1.c compilation failed to produce executable
FAIL: gcc.dg/20020919-1.c  (test for errors, line 132)
FAIL: gcc.dg/20020919-1.c  (test for errors, line 177)
FAIL: gcc.dg/20020919-1.c  (test for errors, line 231)
FAIL: gcc.dg/20020919-1.c  (test for errors, line 244)
FAIL: gcc.dg/20020919-1.c (test for excess errors)
FAIL: gcc.dg/clobbers.c (test for excess errors)
WARNING: gcc.dg/clobbers.c compilation failed to produce executable
FAIL: gcc.dg/i386-387-3.c scan-assembler fldpi
FAIL: gcc.dg/i386-387-4.c scan-assembler fldpi
FAIL: gcc.dg/i386-cmov1.c scan-assembler sar[^\\\\n]*magic_namea
FAIL: gcc.dg/i386-cmov1.c scan-assembler sar[^\\\\n]*magic_nameb
FAIL: gcc.dg/i386-cmov1.c scan-assembler sar[^\\\\n]*magic_namec
FAIL: gcc.dg/i386-cmov1.c scan-assembler shr[^\\\\n]*magic_named
FAIL: gcc.dg/i386-cmov1.c scan-assembler shr[^\\\\n]*magic_namee
FAIL: gcc.dg/i386-cmov1.c scan-assembler shr[^\\\\n]*magic_namef
FAIL: gcc.dg/i386-local2.c scan-assembler-not sub[^\\\\n]*sp
FAIL: gcc.dg/i386-mul.c scan-assembler and[^\\\\n]*magic
FAIL: gcc.dg/i386-ssetype-1.c scan-assembler andpd[^\\\\n]*magic
FAIL: gcc.dg/i386-ssetype-1.c scan-assembler andnpd[^\\\\n]*magic
FAIL: gcc.dg/i386-ssetype-1.c scan-assembler xorpd[^\\\\n]*magic
FAIL: gcc.dg/i386-ssetype-1.c scan-assembler orpd[^\\\\n]*magic
FAIL: gcc.dg/i386-ssetype-1.c scan-assembler movapd[^\\\\n]*magic
FAIL: gcc.dg/i386-ssetype-3.c scan-assembler andps[^\\\\n]*magic
FAIL: gcc.dg/i386-ssetype-3.c scan-assembler andnps[^\\\\n]*magic
FAIL: gcc.dg/i386-ssetype-3.c scan-assembler xorps[^\\\\n]*magic
FAIL: gcc.dg/i386-ssetype-3.c scan-assembler orps[^\\\\n]*magic
FAIL: gcc.dg/i386-ssetype-3.c scan-assembler movaps[^\\\\n]*magic
FAIL: gcc.dg/i386-ssetype-5.c scan-assembler pand[^\\\\n]*magic
FAIL: gcc.dg/i386-ssetype-5.c scan-assembler pandn[^\\\\n]*magic
FAIL: gcc.dg/i386-ssetype-5.c scan-assembler pxor[^\\\\n]*magic
FAIL: gcc.dg/i386-ssetype-5.c scan-assembler por[^\\\\n]*magic
FAIL: gcc.dg/sibcall-6.c execution test

		=== gcc Summary for unix/-fPIC ===

# of expected passes		25041
# of unexpected failures	35
# of expected failures		70
# of untested testcases		7
# of unsupported tests		202

Running target unix/-fpic
FAIL: gcc.c-torture/compile/20000804-1.c  -O0  (test for excess errors)
FAIL: gcc.c-torture/compile/20000804-1.c  -O1  (test for excess errors)
FAIL: gcc.c-torture/execute/va-arg-25.c execution,  -Os 
FAIL: gcc.dg/20011119-1.c (test for excess errors)
WARNING: gcc.dg/20011119-1.c compilation failed to produce executable
FAIL: gcc.dg/20020919-1.c  (test for errors, line 132)
FAIL: gcc.dg/20020919-1.c  (test for errors, line 177)
FAIL: gcc.dg/20020919-1.c  (test for errors, line 231)
FAIL: gcc.dg/20020919-1.c  (test for errors, line 244)
FAIL: gcc.dg/20020919-1.c (test for excess errors)
FAIL: gcc.dg/clobbers.c (test for excess errors)
WARNING: gcc.dg/clobbers.c compilation failed to produce executable
FAIL: gcc.dg/i386-387-3.c scan-assembler fldpi
FAIL: gcc.dg/i386-387-4.c scan-assembler fldpi
FAIL: gcc.dg/i386-cmov1.c scan-assembler sar[^\\\\n]*magic_namea
FAIL: gcc.dg/i386-cmov1.c scan-assembler sar[^\\\\n]*magic_nameb
FAIL: gcc.dg/i386-cmov1.c scan-assembler sar[^\\\\n]*magic_namec
FAIL: gcc.dg/i386-cmov1.c scan-assembler shr[^\\\\n]*magic_named
FAIL: gcc.dg/i386-cmov1.c scan-assembler shr[^\\\\n]*magic_namee
FAIL: gcc.dg/i386-cmov1.c scan-assembler shr[^\\\\n]*magic_namef
FAIL: gcc.dg/i386-local2.c scan-assembler-not sub[^\\\\n]*sp
FAIL: gcc.dg/i386-mul.c scan-assembler and[^\\\\n]*magic
FAIL: gcc.dg/i386-ssetype-1.c scan-assembler andpd[^\\\\n]*magic
FAIL: gcc.dg/i386-ssetype-1.c scan-assembler andnpd[^\\\\n]*magic
FAIL: gcc.dg/i386-ssetype-1.c scan-assembler xorpd[^\\\\n]*magic
FAIL: gcc.dg/i386-ssetype-1.c scan-assembler orpd[^\\\\n]*magic
FAIL: gcc.dg/i386-ssetype-1.c scan-assembler movapd[^\\\\n]*magic
FAIL: gcc.dg/i386-ssetype-3.c scan-assembler andps[^\\\\n]*magic
FAIL: gcc.dg/i386-ssetype-3.c scan-assembler andnps[^\\\\n]*magic
FAIL: gcc.dg/i386-ssetype-3.c scan-assembler xorps[^\\\\n]*magic
FAIL: gcc.dg/i386-ssetype-3.c scan-assembler orps[^\\\\n]*magic
FAIL: gcc.dg/i386-ssetype-3.c scan-assembler movaps[^\\\\n]*magic
FAIL: gcc.dg/i386-ssetype-5.c scan-assembler pand[^\\\\n]*magic
FAIL: gcc.dg/i386-ssetype-5.c scan-assembler pandn[^\\\\n]*magic
FAIL: gcc.dg/i386-ssetype-5.c scan-assembler pxor[^\\\\n]*magic
FAIL: gcc.dg/i386-ssetype-5.c scan-assembler por[^\\\\n]*magic
FAIL: gcc.dg/sibcall-6.c execution test

		=== gcc Summary for unix/-fpic ===

# of expected passes		25041
# of unexpected failures	35
# of expected failures		70
# of untested testcases		7
# of unsupported tests		202

Running target unix
FAIL: gcc.c-torture/execute/va-arg-25.c execution,  -Os 

		=== gcc Summary for unix ===

# of expected passes		25077
# of unexpected failures	1
# of expected failures		70
# of untested testcases		7
# of unsupported tests		202

		=== gcc Summary ===

# of expected passes		75159
# of unexpected failures	71
# of expected failures		210
# of untested testcases		21
# of unsupported tests		606
/tmp/kg/34/build/gcc/xgcc version 3.4.4 20050224 (prerelease)

		=== g++ tests ===


Running target unix/-fPIC
FAIL: g++.dg/eh/omit-frame-pointer2.C execution test
XPASS: g++.dg/rtti/tinfo1.C scan-assembler _ZTIP9CTemplateIhE:
XPASS: g++.dg/rtti/tinfo1.C scan-assembler-not .globl[ \\t]+_ZTIP9CTemplateIhE
WARNING: g++.old-deja/g++.mike/p10769a.C compilation failed to produce executable
WARNING: g++.old-deja/g++.other/enum5.C compilation failed to produce executable
FAIL: g++.old-deja/g++.pt/asm1.C (test for excess errors)
FAIL: g++.old-deja/g++.pt/asm2.C (test for excess errors)
WARNING: g++.old-deja/g++.pt/friend44.C compilation failed to produce executable

		=== g++ Summary for unix/-fPIC ===

# of expected passes		9825
# of unexpected failures	3
# of unexpected successes	2
# of expected failures		72
# of unsupported tests		43

Running target unix/-fpic
FAIL: g++.dg/eh/omit-frame-pointer2.C execution test
XPASS: g++.dg/rtti/tinfo1.C scan-assembler _ZTIP9CTemplateIhE:
XPASS: g++.dg/rtti/tinfo1.C scan-assembler-not .globl[ \\t]+_ZTIP9CTemplateIhE
WARNING: g++.old-deja/g++.mike/p10769a.C compilation failed to produce executable
WARNING: g++.old-deja/g++.other/enum5.C compilation failed to produce executable
FAIL: g++.old-deja/g++.pt/asm1.C (test for excess errors)
FAIL: g++.old-deja/g++.pt/asm2.C (test for excess errors)
WARNING: g++.old-deja/g++.pt/friend44.C compilation failed to produce executable

		=== g++ Summary for unix/-fpic ===

# of expected passes		9825
# of unexpected failures	3
# of unexpected successes	2
# of expected failures		72
# of unsupported tests		43

Running target unix
XPASS: g++.dg/rtti/tinfo1.C scan-assembler _ZTIP9CTemplateIhE:
XPASS: g++.dg/rtti/tinfo1.C scan-assembler-not .globl[ \\t]+_ZTIP9CTemplateIhE
WARNING: g++.old-deja/g++.mike/p10769a.C compilation failed to produce executable
WARNING: g++.old-deja/g++.other/enum5.C compilation failed to produce executable
WARNING: g++.old-deja/g++.pt/friend44.C compilation failed to produce executable

		=== g++ Summary for unix ===

# of expected passes		9828
# of unexpected successes	2
# of expected failures		72
# of unsupported tests		43

		=== g++ Summary ===

# of expected passes		29478
# of unexpected failures	6
# of unexpected successes	6
# of expected failures		216
# of unsupported tests		129
/tmp/kg/34/build/gcc/testsuite/../g++  version 3.4.4 20050224 (prerelease)

		=== objc tests ===


Running target unix/-fPIC

		=== objc Summary for unix/-fPIC ===

# of expected passes		1352
# of unsupported tests		8

Running target unix/-fpic

		=== objc Summary for unix/-fpic ===

# of expected passes		1352
# of unsupported tests		8

Running target unix

		=== objc Summary for unix ===

# of expected passes		1352
# of unsupported tests		8

		=== objc Summary ===

# of expected passes		4056
# of unsupported tests		24
/tmp/kg/34/build/gcc/xgcc  version 3.4.4 20050224 (prerelease)

		=== libffi tests ===


Running target unix/-fPIC

		=== libffi Summary for unix/-fPIC ===

# of expected passes		212
# of unsupported tests		2

Running target unix/-fpic

		=== libffi Summary for unix/-fpic ===

# of expected passes		212
# of unsupported tests		2

Running target unix

		=== libffi Summary for unix ===

# of expected passes		212
# of unsupported tests		2

		=== libffi Summary ===

# of expected passes		636
# of unsupported tests		6
		=== libjava tests ===


Running target unix/-fPIC
FAIL: Thread_Interrupt -O3 output - source compiled test

		=== libjava Summary for unix/-fPIC ===

# of expected passes		3270
# of unexpected failures	1
# of expected failures		10
# of untested testcases		8

Running target unix/-fpic
FAIL: Thread_Interrupt output - source compiled test
FAIL: Thread_Interrupt -O3 output - source compiled test

		=== libjava Summary for unix/-fpic ===

# of expected passes		3269
# of unexpected failures	2
# of expected failures		10
# of untested testcases		8

Running target unix

		=== libjava Summary for unix ===

# of expected passes		3271
# of expected failures		10
# of untested testcases		8

		=== libjava Summary ===

# of expected passes		9810
# of unexpected failures	3
# of expected failures		30
# of untested testcases		24

		=== libstdc++-v3 check-abi Summary ===

# of added symbols:		 11
# of missing symbols:		 0
# of incompatible symbols:	 0

using: /tmp/kg/34/egcc-3.4-CVS20050223/libstdc++-v3/config/abi/i486-linux-gnu/baseline_symbols.txt

		=== libstdc++ tests ===


Running target unix/-fPIC
XPASS: 22_locale/locale/cons/12658_thread.cc execution test

		=== libstdc++ Summary for unix/-fPIC ===

# of expected passes		2735
# of unexpected successes	1
# of expected failures		6

Running target unix/-fpic
XPASS: 22_locale/locale/cons/12658_thread.cc execution test

		=== libstdc++ Summary for unix/-fpic ===

# of expected passes		2735
# of unexpected successes	1
# of expected failures		6

Running target unix
XPASS: 22_locale/locale/cons/12658_thread.cc execution test
XPASS: 26_numerics/c99_classification_macros_c.cc (test for excess errors)

		=== libstdc++ Summary for unix ===

# of expected passes		2735
# of unexpected successes	2
# of expected failures		5

		=== libstdc++ Summary ===

# of expected passes		8205
# of unexpected successes	4
# of expected failures		17

Compiler version: 3.4.4 20050224 (prerelease) 
Platform: i686-pc-linux-gnu
configure flags: --verbose --enable-languages=c,objc,c++,f77,java



More information about the Gcc-testresults mailing list