Results for 4.0.0 20050224 (experimental) testsuite on hppa2.0w-hp-hpux11.11
Joseph Myers
joseph@sirius.codesourcery.com
Fri Feb 25 10:18:00 GMT 2005
LAST_UPDATED:
Native configuration is hppa2.0w-hp-hpux11.11
=== g++ tests ===
Running target unix
FAIL: g++.dg/abi/inline1.C scan-assembler-not _ZTV1S
WARNING: program timed out.
FAIL: g++.dg/eh/cleanup1.C (test for excess errors)
UNRESOLVED: g++.dg/ext/weak1.C
UNRESOLVED: g++.dg/init/init-ref4.C
UNRESOLVED: g++.dg/warn/weak1.C
UNRESOLVED: g++.old-deja/g++.ext/attrib5.C
UNRESOLVED: g++.old-deja/g++.pt/static3.C
=== g++ Summary ===
# of expected passes 10403
# of unexpected failures 2
# of expected failures 72
# of unresolved testcases 5
# of unsupported tests 154
/scratch/joseph/gcc-build/gcc/testsuite/../g++ version 4.0.0 20050224 (experimental)
=== gcc tests ===
Running target unix
XPASS: gcc.dg/const-elim-1.c scan-assembler-not L\\\\\$?C[^A-Z]
UNRESOLVED: gcc.dg/darwin-weakimport-1.c
UNRESOLVED: gcc.dg/darwin-weakimport-2.c
UNRESOLVED: gcc.dg/special/weak-1.c
UNRESOLVED: gcc.dg/special/weak-2.c
UNRESOLVED: gcc.dg/special/wkali-1.c
UNRESOLVED: gcc.dg/special/wkali-2.c
UNRESOLVED: gcc.dg/weak/typeof-2.c
UNRESOLVED: gcc.dg/weak/weak-1.c
UNRESOLVED: gcc.dg/weak/weak-10.c
UNRESOLVED: gcc.dg/weak/weak-11.c
UNRESOLVED: gcc.dg/weak/weak-2.c
UNRESOLVED: gcc.dg/weak/weak-3.c
UNRESOLVED: gcc.dg/weak/weak-4.c
UNRESOLVED: gcc.dg/weak/weak-5.c
UNRESOLVED: gcc.dg/weak/weak-6.c
UNRESOLVED: gcc.dg/weak/weak-7.c
UNRESOLVED: gcc.dg/weak/weak-8.c
UNRESOLVED: gcc.dg/weak/weak-9.c
=== gcc Summary ===
# of expected passes 33173
# of unexpected successes 1
# of expected failures 76
# of unresolved testcases 18
# of untested testcases 28
# of unsupported tests 521
/scratch/joseph/gcc-build/gcc/xgcc version 4.0.0 20050224 (experimental)
=== libstdc++ tests ===
Running target unix
=== libstdc++ Summary ===
# of expected passes 3566
# of expected failures 8
# of unsupported tests 19
Compiler version: 4.0.0 20050224 (experimental)
Platform: hppa2.0w-hp-hpux11.11
configure flags: --prefix=/scratch/joseph/gcc-install-mainline --enable-threads=posix --disable-nls --with-gnu-as --without-gnu-ld --with-as=/usr/local/tools/gcc-3.3.1/bin/as --with-ld=/usr/ccs/bin/ld --with-libiconv-prefix=/usr/local --enable-languages=c,c++
More information about the Gcc-testresults
mailing list