Results for 3.3.6 20050224 (prerelease) testsuite on i586-redhat-linux-gnu

Eric Botcazou eric@localhost.localdomain
Fri Feb 25 07:32:00 GMT 2005


LAST_UPDATED: Thu Feb 24 05:44:36 UTC 2005

Native configuration is i586-redhat-linux-gnu

		=== g77 tests ===


Running target unix

		=== g77 Summary ===

# of expected passes		1720
# of unsupported tests		8
/home/eric/build/gcc-3_3-branch/native/gcc/testsuite/../g77 version 3.3.6 20050224 (prerelease)

		=== gcc tests ===


Running target unix
FAIL: gcc.dg/duff-2.c (test for excess errors)

		=== gcc Summary ===

# of expected passes		21476
# of unexpected failures	1
# of expected failures		69
# of unsupported tests		101
/home/eric/build/gcc-3_3-branch/native/gcc/xgcc version 3.3.6 20050224 (prerelease)

		=== g++ tests ===


Running target unix
XPASS: g++.other/init5.C  Execution test

		=== g++ Summary ===

# of expected passes		8265
# of unexpected successes	1
# of expected failures		97
# of untested testcases		9
# of unsupported tests		15
/home/eric/build/gcc-3_3-branch/native/gcc/testsuite/../g++ version 3.3.6 20050224 (prerelease)

		=== objc tests ===


Running target unix

		=== objc Summary ===

# of expected passes		1166
/home/eric/build/gcc-3_3-branch/native/gcc/xgcc version 3.3.6 20050224 (prerelease)

		=== libjava tests ===


Running target unix
WARNING: program timed out.
FAIL: SyncTest execution - gij test
WARNING: program timed out.
FAIL: SyncTest execution - gij test

		=== libjava Summary ===

# of expected passes		2987
# of unexpected failures	2
# of expected failures		16
# of untested testcases		14

		=== libstdc++-v3 check-abi Summary ===

# of added symbols:		 51
# of missing symbols:		 0
# of incompatible symbols:	 0

using: /home/eric/cvs/gcc-3_3-branch/libstdc++-v3/config/abi/i486-linux-gnu/baseline_symbols.txt

		=== libstdc++-v3 tests ===


Running target unix
XPASS: 22_locale/collate_byname.cc execution test
XPASS: 22_locale/collate_members_char.cc execution test
XPASS: 22_locale/collate_members_wchar_t.cc execution test
XPASS: 22_locale/ctype_is_char.cc execution test
XPASS: 22_locale/ctype_is_wchar_t.cc execution test
XPASS: 22_locale/members.cc execution test
XPASS: 22_locale/messages_byname.cc execution test
XPASS: 22_locale/messages_members_char.cc execution test
XPASS: 22_locale/money_get_members_char.cc execution test
XPASS: 22_locale/money_get_members_wchar_t.cc execution test
XPASS: 22_locale/money_put_members_char.cc execution test
XPASS: 22_locale/money_put_members_wchar_t.cc execution test
XPASS: 22_locale/moneypunct_byname.cc execution test
XPASS: 22_locale/moneypunct_members_char.cc execution test
XPASS: 22_locale/moneypunct_members_wchar_t.cc execution test
XPASS: 22_locale/num_get_members_char.cc execution test
XPASS: 22_locale/num_get_members_wchar_t.cc execution test
XPASS: 22_locale/num_put_members_char.cc execution test
XPASS: 22_locale/num_put_members_wchar_t.cc execution test
XPASS: 22_locale/numpunct_byname.cc execution test
XPASS: 22_locale/numpunct_members_char.cc execution test
XPASS: 22_locale/numpunct_members_wchar_t.cc execution test
XPASS: 22_locale/time_get_members_char.cc execution test
XPASS: 22_locale/time_get_members_wchar_t.cc execution test
XPASS: 22_locale/time_put_members_char.cc execution test
XPASS: 22_locale/time_put_members_wchar_t.cc execution test
WARNING: program timed out.
FAIL: 27_io/filebuf_members.cc execution test

		=== libstdc++-v3 Summary ===

# of expected passes		452
# of unexpected failures	1
# of unexpected successes	26
# of expected failures		2

Compiler version: 3.3.6 20050224 (prerelease) 
Platform: i586-redhat-linux-gnu
configure flags: --host=i586-redhat-linux-gnu --prefix=/home/eric/install/gcc-3_3-branch/native --enable-languages=c,c++,objc,f77,java --enable-__cxa_atexit --disable-checking



More information about the Gcc-testresults mailing list