Results for 4.0.0 20050223 (experimental) testsuite on powerpc-apple-darwin7.8.0

Geert Bosch bosch@gnat.com
Thu Feb 24 22:08:00 GMT 2005


LAST_UPDATED: 
		=== acats tests ===
FAIL:	c250002
FAIL:	c32001e
FAIL:	c37402a
FAIL:	c391002
FAIL:	c43214c
FAIL:	c52011a
FAIL:	c64105b
FAIL:	c95086b
FAIL:	cd2b11a
FAIL:	cd2b11b
FAIL:	cdd2a02
FAIL:	cxa4006
FAIL:	cxa4017
FAIL:	cxaca01

		=== acats Summary ===
# of expected passes		2306
# of unexpected failures	14
Native configuration is powerpc-apple-darwin7.8.0

		=== g++ tests ===


Running target unix
FAIL: g++.dg/ext/visibility/pragma-override1.C (test for excess errors)
FAIL: g++.dg/ext/visibility/pragma-override1.C scan-assembler \\\\.internal.*Foo.methodEv
FAIL: g++.dg/ext/visibility/pragma-override2.C (test for excess errors)
FAIL: g++.dg/ext/visibility/pragma-override2.C scan-assembler \\\\.internal.*Foo.methodEv
ERROR: g++.dg/tree-ssa/pr15791-3.C: error executing dg-final: no files matched glob pattern "pr15791-3.C.t??.gimple"
UNRESOLVED: g++.dg/tree-ssa/pr15791-3.C: error executing dg-final: no files matched glob pattern "pr15791-3.C.t??.gimple"
ERROR: g++.dg/tree-ssa/pr15791-4.C: error executing dg-final: no files matched glob pattern "pr15791-4.C.t??.gimple"
UNRESOLVED: g++.dg/tree-ssa/pr15791-4.C: error executing dg-final: no files matched glob pattern "pr15791-4.C.t??.gimple"
ERROR: g++.dg/tree-ssa/pr15791-5.C: error executing dg-final: no files matched glob pattern "pr15791-5.C.t??.gimple"
UNRESOLVED: g++.dg/tree-ssa/pr15791-5.C: error executing dg-final: no files matched glob pattern "pr15791-5.C.t??.gimple"
FAIL: g++.dg/warn/weak1.C (test for excess errors)
WARNING: g++.dg/warn/weak1.C compilation failed to produce executable
FAIL: g++.dg/special/conpr-3.C execution test
XPASS: g++.old-deja/g++.eh/badalloc1.C execution test

		=== g++ Summary ===

# of expected passes		10651
# of unexpected failures	6
# of unexpected successes	1
# of expected failures		71
# of unresolved testcases	3
# of unsupported tests		94
/Users/bosch/bld/gcc/testsuite/../g++  version 4.0.0 20050223 (experimental)

		=== gcc tests ===


Running target unix
FAIL: tmpdir-gcc.dg-struct-layout-1/t001 c_compat_x_tst.o-c_compat_y_tst.o execute 
FAIL: tmpdir-gcc.dg-struct-layout-1/t024 c_compat_x_tst.o-c_compat_y_tst.o execute 
FAIL: tmpdir-gcc.dg-struct-layout-1/t025 c_compat_x_tst.o-c_compat_y_tst.o execute 
FAIL: tmpdir-gcc.dg-struct-layout-1/t026 c_compat_x_tst.o-c_compat_y_tst.o execute 
FAIL: tmpdir-gcc.dg-struct-layout-1/t027 c_compat_x_tst.o-c_compat_y_tst.o execute 
FAIL: tmpdir-gcc.dg-struct-layout-1/t028 c_compat_x_tst.o-c_compat_y_tst.o execute 
XPASS: gcc.dg/cpp/cmdlne-dI-M.c scan-file (^|\\\\n)cmdlne-dI-M.*:[^\\\\n]*cmdlne-dI-M.c
XPASS: gcc.dg/cpp/cmdlne-dM-M.c scan-file (^|\\\\n)cmdlne-dM-M[^\\\\n]*:[^\\\\n]*cmdlne-dM-M.c
FAIL: gcc.dg/darwin-longlong.c execution test
FAIL: gcc.dg/rs6000-power2-2.c scan-assembler-not lfd
FAIL: gcc.dg/rs6000-power2-2.c scan-assembler lfq
FAIL: gcc.dg/rs6000-power2-2.c scan-assembler stfq
FAIL: gcc.dg/vect/vect-82_64.c execution test
FAIL: gcc.dg/vect/vect-83_64.c execution test
FAIL: gcc.dg/vmx/darwin-abi-3.c  -O0  execution test
FAIL: gcc.dg/vmx/darwin-abi-3.c  -O1  execution test
FAIL: gcc.dg/vmx/darwin-abi-3.c  -O2  execution test
FAIL: gcc.dg/vmx/darwin-abi-3.c  -O3 -fomit-frame-pointer  execution test
FAIL: gcc.dg/vmx/darwin-abi-3.c  -O3 -g  execution test
FAIL: gcc.dg/vmx/darwin-abi-3.c  -Os  execution test

		=== gcc Summary ===

# of expected passes		33489
# of unexpected failures	18
# of unexpected successes	2
# of expected failures		98
# of untested testcases		28
# of unsupported tests		425
/Users/bosch/bld/gcc/xgcc  version 4.0.0 20050223 (experimental)

		=== gfortran tests ===


Running target unix
FAIL: gfortran.dg/contained_1.f90  -O0  (test for excess errors)
WARNING: gfortran.dg/contained_1.f90  -O0  compilation failed to produce executable
FAIL: gfortran.dg/contained_1.f90  -O1  (test for excess errors)
WARNING: gfortran.dg/contained_1.f90  -O1  compilation failed to produce executable
FAIL: gfortran.dg/contained_1.f90  -O2  (test for excess errors)
WARNING: gfortran.dg/contained_1.f90  -O2  compilation failed to produce executable
FAIL: gfortran.dg/contained_1.f90  -O3 -fomit-frame-pointer  (test for excess errors)
WARNING: gfortran.dg/contained_1.f90  -O3 -fomit-frame-pointer  compilation failed to produce executable
FAIL: gfortran.dg/contained_1.f90  -O3 -fomit-frame-pointer -funroll-loops  (test for excess errors)
WARNING: gfortran.dg/contained_1.f90  -O3 -fomit-frame-pointer -funroll-loops  compilation failed to produce executable
FAIL: gfortran.dg/contained_1.f90  -O3 -fomit-frame-pointer -funroll-all-loops -finline-functions  (test for excess errors)
WARNING: gfortran.dg/contained_1.f90  -O3 -fomit-frame-pointer -funroll-all-loops -finline-functions  compilation failed to produce executable
FAIL: gfortran.dg/contained_1.f90  -O3 -g  (test for excess errors)
WARNING: gfortran.dg/contained_1.f90  -O3 -g  compilation failed to produce executable
FAIL: gfortran.dg/contained_1.f90  -Os  (test for excess errors)
WARNING: gfortran.dg/contained_1.f90  -Os  compilation failed to produce executable
FAIL: gfortran.dg/entry_1.f90  -O0  (test for excess errors)
WARNING: gfortran.dg/entry_1.f90  -O0  compilation failed to produce executable
FAIL: gfortran.dg/entry_1.f90  -O1  (test for excess errors)
WARNING: gfortran.dg/entry_1.f90  -O1  compilation failed to produce executable
FAIL: gfortran.dg/entry_1.f90  -O2  (test for excess errors)
WARNING: gfortran.dg/entry_1.f90  -O2  compilation failed to produce executable
FAIL: gfortran.dg/entry_1.f90  -O3 -fomit-frame-pointer  (test for excess errors)
WARNING: gfortran.dg/entry_1.f90  -O3 -fomit-frame-pointer  compilation failed to produce executable
FAIL: gfortran.dg/entry_1.f90  -O3 -fomit-frame-pointer -funroll-loops  (test for excess errors)
WARNING: gfortran.dg/entry_1.f90  -O3 -fomit-frame-pointer -funroll-loops  compilation failed to produce executable
FAIL: gfortran.dg/entry_1.f90  -O3 -fomit-frame-pointer -funroll-all-loops -finline-functions  (test for excess errors)
WARNING: gfortran.dg/entry_1.f90  -O3 -fomit-frame-pointer -funroll-all-loops -finline-functions  compilation failed to produce executable
FAIL: gfortran.dg/entry_1.f90  -O3 -g  (test for excess errors)
WARNING: gfortran.dg/entry_1.f90  -O3 -g  compilation failed to produce executable
FAIL: gfortran.dg/entry_1.f90  -Os  (test for excess errors)
WARNING: gfortran.dg/entry_1.f90  -Os  compilation failed to produce executable
FAIL: gfortran.dg/generic_1.f90  -O  (test for excess errors)
FAIL: gfortran.dg/generic_2.f90  -O  (test for excess errors)
FAIL: gfortran.dg/generic_3.f90  -O  (test for excess errors)
FAIL: gfortran.dg/int_1.f90  -O0  (test for excess errors)
WARNING: gfortran.dg/int_1.f90  -O0  compilation failed to produce executable
FAIL: gfortran.dg/int_1.f90  -O1  (test for excess errors)
WARNING: gfortran.dg/int_1.f90  -O1  compilation failed to produce executable
FAIL: gfortran.dg/int_1.f90  -O2  (test for excess errors)
WARNING: gfortran.dg/int_1.f90  -O2  compilation failed to produce executable
FAIL: gfortran.dg/int_1.f90  -O3 -fomit-frame-pointer  (test for excess errors)
WARNING: gfortran.dg/int_1.f90  -O3 -fomit-frame-pointer  compilation failed to produce executable
FAIL: gfortran.dg/int_1.f90  -O3 -fomit-frame-pointer -funroll-loops  (test for excess errors)
WARNING: gfortran.dg/int_1.f90  -O3 -fomit-frame-pointer -funroll-loops  compilation failed to produce executable
FAIL: gfortran.dg/int_1.f90  -O3 -fomit-frame-pointer -funroll-all-loops -finline-functions  (test for excess errors)
WARNING: gfortran.dg/int_1.f90  -O3 -fomit-frame-pointer -funroll-all-loops -finline-functions  compilation failed to produce executable
FAIL: gfortran.dg/int_1.f90  -O3 -g  (test for excess errors)
WARNING: gfortran.dg/int_1.f90  -O3 -g  compilation failed to produce executable
FAIL: gfortran.dg/int_1.f90  -Os  (test for excess errors)
WARNING: gfortran.dg/int_1.f90  -Os  compilation failed to produce executable
FAIL: gfortran.dg/pr17615.f90  -O  (test for excess errors)
XPASS: gfortran.dg/ret_pointer_1.f90  -O0  execution test
XPASS: gfortran.dg/ret_pointer_1.f90  -O1  execution test
XPASS: gfortran.dg/ret_pointer_1.f90  -O2  execution test
XPASS: gfortran.dg/ret_pointer_1.f90  -O3 -fomit-frame-pointer  execution test
XPASS: gfortran.dg/ret_pointer_1.f90  -O3 -fomit-frame-pointer -funroll-loops  execution test
XPASS: gfortran.dg/ret_pointer_1.f90  -O3 -fomit-frame-pointer -funroll-all-loops -finline-functions  execution test
XPASS: gfortran.dg/ret_pointer_1.f90  -O3 -g  execution test
XPASS: gfortran.dg/ret_pointer_1.f90  -Os  execution test
FAIL: gfortran.dg/use_allocated_1.f90  -O0  (test for excess errors)
WARNING: gfortran.dg/use_allocated_1.f90  -O0  compilation failed to produce executable
FAIL: gfortran.dg/use_allocated_1.f90  -O1  (test for excess errors)
WARNING: gfortran.dg/use_allocated_1.f90  -O1  compilation failed to produce executable
FAIL: gfortran.dg/use_allocated_1.f90  -O2  (test for excess errors)
WARNING: gfortran.dg/use_allocated_1.f90  -O2  compilation failed to produce executable
FAIL: gfortran.dg/use_allocated_1.f90  -O3 -fomit-frame-pointer  (test for excess errors)
WARNING: gfortran.dg/use_allocated_1.f90  -O3 -fomit-frame-pointer  compilation failed to produce executable
FAIL: gfortran.dg/use_allocated_1.f90  -O3 -fomit-frame-pointer -funroll-loops  (test for excess errors)
WARNING: gfortran.dg/use_allocated_1.f90  -O3 -fomit-frame-pointer -funroll-loops  compilation failed to produce executable
FAIL: gfortran.dg/use_allocated_1.f90  -O3 -fomit-frame-pointer -funroll-all-loops -finline-functions  (test for excess errors)
WARNING: gfortran.dg/use_allocated_1.f90  -O3 -fomit-frame-pointer -funroll-all-loops -finline-functions  compilation failed to produce executable
FAIL: gfortran.dg/use_allocated_1.f90  -O3 -g  (test for excess errors)
WARNING: gfortran.dg/use_allocated_1.f90  -O3 -g  compilation failed to produce executable
FAIL: gfortran.dg/use_allocated_1.f90  -Os  (test for excess errors)
WARNING: gfortran.dg/use_allocated_1.f90  -Os  compilation failed to produce executable
FAIL: gfortran.fortran-torture/compile/actual.f90,  "-O"  
FAIL: gfortran.fortran-torture/compile/ambig.f90,  "-O"  
FAIL: gfortran.fortran-torture/compile/contained_1.f90,  "-O"  
FAIL: gfortran.fortran-torture/compile/implicit_1.f90,  "-O"  
FAIL: gfortran.fortran-torture/compile/module_expr.f90,  "-O"  
FAIL: gfortran.fortran-torture/compile/module_proc.f90,  "-O"  
FAIL: gfortran.fortran-torture/compile/name_clash.f90,  "-O"  
FAIL: gfortran.fortran-torture/execute/forall_3.f90 execution,  -O1 
FAIL: gfortran.fortran-torture/execute/forall_3.f90 execution,  -O2 
FAIL: gfortran.fortran-torture/execute/forall_3.f90 execution,  -O3 -fomit-frame-pointer 
FAIL: gfortran.fortran-torture/execute/forall_3.f90 execution,  -O3 -fomit-frame-pointer -funroll-loops 
FAIL: gfortran.fortran-torture/execute/forall_3.f90 execution,  -O3 -fomit-frame-pointer -funroll-all-loops -finline-functions 
FAIL: gfortran.fortran-torture/execute/forall_3.f90 execution,  -O3 -g 
FAIL: gfortran.fortran-torture/execute/forall_3.f90 execution,  -Os 
FAIL: gfortran.fortran-torture/execute/function_module_1.f90 compilation,  -O0 
FAIL: gfortran.fortran-torture/execute/function_module_1.f90 compilation,  -O1 
FAIL: gfortran.fortran-torture/execute/function_module_1.f90 compilation,  -O2 
FAIL: gfortran.fortran-torture/execute/function_module_1.f90 compilation,  -O3 -fomit-frame-pointer 
FAIL: gfortran.fortran-torture/execute/function_module_1.f90 compilation,  -O3 -fomit-frame-pointer -funroll-loops 
FAIL: gfortran.fortran-torture/execute/function_module_1.f90 compilation,  -O3 -fomit-frame-pointer -funroll-all-loops -finline-functions 
FAIL: gfortran.fortran-torture/execute/function_module_1.f90 compilation,  -O3 -g 
FAIL: gfortran.fortran-torture/execute/function_module_1.f90 compilation,  -Os 
FAIL: gfortran.fortran-torture/execute/iolength_2.f90 compilation,  -O0 
FAIL: gfortran.fortran-torture/execute/iolength_2.f90 compilation,  -O1 
FAIL: gfortran.fortran-torture/execute/iolength_2.f90 compilation,  -O2 
FAIL: gfortran.fortran-torture/execute/iolength_2.f90 compilation,  -O3 -fomit-frame-pointer 
FAIL: gfortran.fortran-torture/execute/iolength_2.f90 compilation,  -O3 -fomit-frame-pointer -funroll-loops 
FAIL: gfortran.fortran-torture/execute/iolength_2.f90 compilation,  -O3 -fomit-frame-pointer -funroll-all-loops -finline-functions 
FAIL: gfortran.fortran-torture/execute/iolength_2.f90 compilation,  -O3 -g 
FAIL: gfortran.fortran-torture/execute/iolength_2.f90 compilation,  -Os 
FAIL: gfortran.fortran-torture/execute/module_interface.f90 compilation,  -O0 
FAIL: gfortran.fortran-torture/execute/module_interface.f90 compilation,  -O1 
FAIL: gfortran.fortran-torture/execute/module_interface.f90 compilation,  -O2 
FAIL: gfortran.fortran-torture/execute/module_interface.f90 compilation,  -O3 -fomit-frame-pointer 
FAIL: gfortran.fortran-torture/execute/module_interface.f90 compilation,  -O3 -fomit-frame-pointer -funroll-loops 
FAIL: gfortran.fortran-torture/execute/module_interface.f90 compilation,  -O3 -fomit-frame-pointer -funroll-all-loops -finline-functions 
FAIL: gfortran.fortran-torture/execute/module_interface.f90 compilation,  -O3 -g 
FAIL: gfortran.fortran-torture/execute/module_interface.f90 compilation,  -Os 
FAIL: gfortran.fortran-torture/execute/module_interface_2.f90 compilation,  -O0 
FAIL: gfortran.fortran-torture/execute/module_interface_2.f90 compilation,  -O1 
FAIL: gfortran.fortran-torture/execute/module_interface_2.f90 compilation,  -O2 
FAIL: gfortran.fortran-torture/execute/module_interface_2.f90 compilation,  -O3 -fomit-frame-pointer 
FAIL: gfortran.fortran-torture/execute/module_interface_2.f90 compilation,  -O3 -fomit-frame-pointer -funroll-loops 
FAIL: gfortran.fortran-torture/execute/module_interface_2.f90 compilation,  -O3 -fomit-frame-pointer -funroll-all-loops -finline-functions 
FAIL: gfortran.fortran-torture/execute/module_interface_2.f90 compilation,  -O3 -g 
FAIL: gfortran.fortran-torture/execute/module_interface_2.f90 compilation,  -Os 
FAIL: gfortran.fortran-torture/execute/retarray_2.f90 compilation,  -O0 
FAIL: gfortran.fortran-torture/execute/retarray_2.f90 compilation,  -O1 
FAIL: gfortran.fortran-torture/execute/retarray_2.f90 compilation,  -O2 
FAIL: gfortran.fortran-torture/execute/retarray_2.f90 compilation,  -O3 -fomit-frame-pointer 
FAIL: gfortran.fortran-torture/execute/retarray_2.f90 compilation,  -O3 -fomit-frame-pointer -funroll-loops 
FAIL: gfortran.fortran-torture/execute/retarray_2.f90 compilation,  -O3 -fomit-frame-pointer -funroll-all-loops -finline-functions 
FAIL: gfortran.fortran-torture/execute/retarray_2.f90 compilation,  -O3 -g 
FAIL: gfortran.fortran-torture/execute/retarray_2.f90 compilation,  -Os 
FAIL: gfortran.fortran-torture/execute/userop.f90 compilation,  -O0 
FAIL: gfortran.fortran-torture/execute/userop.f90 compilation,  -O1 
FAIL: gfortran.fortran-torture/execute/userop.f90 compilation,  -O2 
FAIL: gfortran.fortran-torture/execute/userop.f90 compilation,  -O3 -fomit-frame-pointer 
FAIL: gfortran.fortran-torture/execute/userop.f90 compilation,  -O3 -fomit-frame-pointer -funroll-loops 
FAIL: gfortran.fortran-torture/execute/userop.f90 compilation,  -O3 -fomit-frame-pointer -funroll-all-loops -finline-functions 
FAIL: gfortran.fortran-torture/execute/userop.f90 compilation,  -O3 -g 
FAIL: gfortran.fortran-torture/execute/userop.f90 compilation,  -Os 

		=== gfortran Summary ===

# of expected passes		5140
# of unexpected failures	98
# of unexpected successes	8
# of expected failures		18
# of untested testcases		48
# of unsupported tests		8
/Users/bosch/bld/gcc/testsuite/../gfortran  version 4.0.0 20050223 (experimental)

		=== objc tests ===


Running target unix

		=== objc Summary ===

# of expected passes		1557
# of unsupported tests		1
/Users/bosch/bld/gcc/xgcc  version 4.0.0 20050223 (experimental)


Compiler version: 4.0.0 20050223 (experimental) 
Platform: powerpc-apple-darwin7.8.0
configure flags: --enable-languages=c,objc,c++,ada,f95 --disable-checking --prefix=/opt/gcc-head --with-gmp=/opt --with-mfpr=/opt,;t t



More information about the Gcc-testresults mailing list