Results for 4.0.0-dfp-branch 20050211 (experimental) testsuite on powerpc64-unknown-linux-gnu

Jon Grimm jgrimm@jupiter.ltc.austin.ibm.com
Thu Feb 24 16:32:00 GMT 2005


Linux 2.6.9-1.849_EL ppc64
GNU C Library stable release version 2.3.3
GNU ld version 2.15.94 20050124
GNU assembler 2.15.94 20050124
GNU Make 3.80

DejaGnu:
	Expect version is	5.40.0
	Tcl version is		8.4
	Framework version is	1.4.4

32-bit biarch default32

CVS branch:	dfp-branch



LAST_UPDATED: Thu Feb 24 09:25:23 UTC 2005

Native configuration is powerpc64-unknown-linux-gnu

		=== g++ tests ===


Running target unix/-m32
FAIL: g++.dg/opt/conj1.C (test for excess errors)
FAIL: g++.dg/opt/conj2.C (test for excess errors)
FAIL: g++.dg/other/complex1.C (test for excess errors)
WARNING: g++.dg/other/complex1.C compilation failed to produce executable
FAIL: g++.old-deja/g++.brendan/complex1.C (test for excess errors)
WARNING: g++.old-deja/g++.brendan/complex1.C compilation failed to produce executable
FAIL: g++.old-deja/g++.other/unchanging1.C (test for excess errors)
WARNING: g++.old-deja/g++.other/unchanging1.C compilation failed to produce executable

		=== g++ Summary for unix/-m32 ===

# of expected passes		10716
# of unexpected failures	5
# of expected failures		69
# of unsupported tests		76

Running target unix/-m64
FAIL: g++.dg/opt/conj1.C (test for excess errors)
FAIL: g++.dg/opt/conj2.C (test for excess errors)
FAIL: g++.dg/other/complex1.C (test for excess errors)
WARNING: g++.dg/other/complex1.C compilation failed to produce executable
FAIL: g++.old-deja/g++.brendan/complex1.C (test for excess errors)
WARNING: g++.old-deja/g++.brendan/complex1.C compilation failed to produce executable
FAIL: g++.old-deja/g++.other/unchanging1.C (test for excess errors)
WARNING: g++.old-deja/g++.other/unchanging1.C compilation failed to produce executable

		=== g++ Summary for unix/-m64 ===

# of expected passes		10678
# of unexpected failures	5
# of expected failures		69
# of unsupported tests		79

		=== g++ Summary ===

# of expected passes		21394
# of unexpected failures	10
# of expected failures		138
# of unsupported tests		155
/home/jgrimm/build/nightly/build-gcc-dfp/gcc/testsuite/../g++  version 4.0.0-dfp-branch 20050211 (experimental)

		=== gcc tests ===


Running target unix/-m32
FAIL: gcc.c-torture/compile/20001222-1.c  -O0  (test for excess errors)
FAIL: gcc.c-torture/compile/20001222-1.c  -O1  (test for excess errors)
FAIL: gcc.c-torture/compile/20001222-1.c  -O2  (test for excess errors)
FAIL: gcc.c-torture/compile/20001222-1.c  -O3 -fomit-frame-pointer  (test for excess errors)
FAIL: gcc.c-torture/compile/20001222-1.c  -O3 -g  (test for excess errors)
FAIL: gcc.c-torture/compile/20001222-1.c  -Os  (test for excess errors)
FAIL: gcc.c-torture/compile/20030903-1.c  -O0  (test for excess errors)
FAIL: gcc.c-torture/compile/20030903-1.c  -O1  (test for excess errors)
FAIL: gcc.c-torture/compile/20030903-1.c  -O2  (test for excess errors)
FAIL: gcc.c-torture/compile/20030903-1.c  -O3 -fomit-frame-pointer  (test for excess errors)
FAIL: gcc.c-torture/compile/20030903-1.c  -O3 -g  (test for excess errors)
FAIL: gcc.c-torture/compile/20030903-1.c  -Os  (test for excess errors)
FAIL: gcc.c-torture/compile/20030910-1.c  -O0  (test for excess errors)
FAIL: gcc.c-torture/compile/941019-1.c  -O1  (test for excess errors)
FAIL: gcc.c-torture/compile/941019-1.c  -O2  (test for excess errors)
FAIL: gcc.c-torture/compile/941019-1.c  -O3 -fomit-frame-pointer  (test for excess errors)
FAIL: gcc.c-torture/compile/941019-1.c  -O3 -g  (test for excess errors)
FAIL: gcc.c-torture/compile/941019-1.c  -Os  (test for excess errors)
FAIL: gcc.c-torture/compile/981223-1.c  -O0  (test for excess errors)
FAIL: gcc.c-torture/compile/981223-1.c  -O1  (test for excess errors)
FAIL: gcc.c-torture/compile/981223-1.c  -O2  (test for excess errors)
FAIL: gcc.c-torture/compile/981223-1.c  -O3 -fomit-frame-pointer  (test for excess errors)
FAIL: gcc.c-torture/compile/981223-1.c  -O3 -g  (test for excess errors)
FAIL: gcc.c-torture/compile/981223-1.c  -Os  (test for excess errors)
FAIL: gcc.c-torture/compile/991213-1.c  -O0  (test for excess errors)
FAIL: gcc.c-torture/compile/complex-1.c  -O0  (test for excess errors)
FAIL: gcc.c-torture/compile/complex-1.c  -O1  (test for excess errors)
FAIL: gcc.c-torture/compile/complex-1.c  -O2  (test for excess errors)
FAIL: gcc.c-torture/compile/complex-1.c  -O3 -fomit-frame-pointer  (test for excess errors)
FAIL: gcc.c-torture/compile/complex-1.c  -O3 -g  (test for excess errors)
FAIL: gcc.c-torture/compile/complex-1.c  -Os  (test for excess errors)
FAIL: gcc.c-torture/execute/builtins/complex-1.c compilation,  -O0 
UNRESOLVED: gcc.c-torture/execute/builtins/complex-1.c execution,  -O0 
FAIL: gcc.c-torture/execute/builtins/complex-1.c compilation,  -O1 
UNRESOLVED: gcc.c-torture/execute/builtins/complex-1.c execution,  -O1 
FAIL: gcc.c-torture/execute/builtins/complex-1.c compilation,  -O2 
UNRESOLVED: gcc.c-torture/execute/builtins/complex-1.c execution,  -O2 
FAIL: gcc.c-torture/execute/builtins/complex-1.c compilation,  -O3 -fomit-frame-pointer 
UNRESOLVED: gcc.c-torture/execute/builtins/complex-1.c execution,  -O3 -fomit-frame-pointer 
FAIL: gcc.c-torture/execute/builtins/complex-1.c compilation,  -O3 -g 
UNRESOLVED: gcc.c-torture/execute/builtins/complex-1.c execution,  -O3 -g 
FAIL: gcc.c-torture/execute/builtins/complex-1.c compilation,  -Os 
UNRESOLVED: gcc.c-torture/execute/builtins/complex-1.c execution,  -Os 
FAIL: gcc.c-torture/execute/20010605-2.c compilation,  -O0 
UNRESOLVED: gcc.c-torture/execute/20010605-2.c execution,  -O0 
FAIL: gcc.c-torture/execute/20010605-2.c compilation,  -O1 
UNRESOLVED: gcc.c-torture/execute/20010605-2.c execution,  -O1 
FAIL: gcc.c-torture/execute/20010605-2.c compilation,  -O2 
UNRESOLVED: gcc.c-torture/execute/20010605-2.c execution,  -O2 
FAIL: gcc.c-torture/execute/20010605-2.c compilation,  -O3 -fomit-frame-pointer 
UNRESOLVED: gcc.c-torture/execute/20010605-2.c execution,  -O3 -fomit-frame-pointer 
FAIL: gcc.c-torture/execute/20010605-2.c compilation,  -O3 -g 
UNRESOLVED: gcc.c-torture/execute/20010605-2.c execution,  -O3 -g 
FAIL: gcc.c-torture/execute/20010605-2.c compilation,  -Os 
UNRESOLVED: gcc.c-torture/execute/20010605-2.c execution,  -Os 
FAIL: gcc.c-torture/execute/20020227-1.c compilation,  -O0 
UNRESOLVED: gcc.c-torture/execute/20020227-1.c execution,  -O0 
FAIL: gcc.c-torture/execute/20020227-1.c compilation,  -O1 
UNRESOLVED: gcc.c-torture/execute/20020227-1.c execution,  -O1 
FAIL: gcc.c-torture/execute/20020227-1.c compilation,  -O2 
UNRESOLVED: gcc.c-torture/execute/20020227-1.c execution,  -O2 
FAIL: gcc.c-torture/execute/20020227-1.c compilation,  -O3 -fomit-frame-pointer 
UNRESOLVED: gcc.c-torture/execute/20020227-1.c execution,  -O3 -fomit-frame-pointer 
FAIL: gcc.c-torture/execute/20020227-1.c compilation,  -O3 -g 
UNRESOLVED: gcc.c-torture/execute/20020227-1.c execution,  -O3 -g 
FAIL: gcc.c-torture/execute/20020227-1.c compilation,  -Os 
UNRESOLVED: gcc.c-torture/execute/20020227-1.c execution,  -Os 
FAIL: gcc.c-torture/execute/20020411-1.c compilation,  -O0 
UNRESOLVED: gcc.c-torture/execute/20020411-1.c execution,  -O0 
FAIL: gcc.c-torture/execute/20020411-1.c compilation,  -O1 
UNRESOLVED: gcc.c-torture/execute/20020411-1.c execution,  -O1 
FAIL: gcc.c-torture/execute/20020411-1.c compilation,  -O2 
UNRESOLVED: gcc.c-torture/execute/20020411-1.c execution,  -O2 
FAIL: gcc.c-torture/execute/20020411-1.c compilation,  -O3 -fomit-frame-pointer 
UNRESOLVED: gcc.c-torture/execute/20020411-1.c execution,  -O3 -fomit-frame-pointer 
FAIL: gcc.c-torture/execute/20020411-1.c compilation,  -O3 -g 
UNRESOLVED: gcc.c-torture/execute/20020411-1.c execution,  -O3 -g 
FAIL: gcc.c-torture/execute/20020411-1.c compilation,  -Os 
UNRESOLVED: gcc.c-torture/execute/20020411-1.c execution,  -Os 
FAIL: gcc.c-torture/execute/20030910-1.c compilation,  -O0 
UNRESOLVED: gcc.c-torture/execute/20030910-1.c execution,  -O0 
FAIL: gcc.c-torture/execute/20050121-1.c compilation,  -O0 
UNRESOLVED: gcc.c-torture/execute/20050121-1.c execution,  -O0 
FAIL: gcc.c-torture/execute/20050121-1.c compilation,  -O1 
UNRESOLVED: gcc.c-torture/execute/20050121-1.c execution,  -O1 
FAIL: gcc.c-torture/execute/20050121-1.c compilation,  -O2 
UNRESOLVED: gcc.c-torture/execute/20050121-1.c execution,  -O2 
FAIL: gcc.c-torture/execute/20050121-1.c compilation,  -O3 -fomit-frame-pointer 
UNRESOLVED: gcc.c-torture/execute/20050121-1.c execution,  -O3 -fomit-frame-pointer 
FAIL: gcc.c-torture/execute/20050121-1.c compilation,  -O3 -g 
UNRESOLVED: gcc.c-torture/execute/20050121-1.c execution,  -O3 -g 
FAIL: gcc.c-torture/execute/20050121-1.c compilation,  -Os 
UNRESOLVED: gcc.c-torture/execute/20050121-1.c execution,  -Os 
FAIL: gcc.c-torture/execute/960512-1.c compilation,  -O0 
UNRESOLVED: gcc.c-torture/execute/960512-1.c execution,  -O0 
FAIL: gcc.c-torture/execute/960512-1.c compilation,  -O1 
UNRESOLVED: gcc.c-torture/execute/960512-1.c execution,  -O1 
FAIL: gcc.c-torture/execute/960512-1.c compilation,  -O2 
UNRESOLVED: gcc.c-torture/execute/960512-1.c execution,  -O2 
FAIL: gcc.c-torture/execute/960512-1.c compilation,  -O3 -fomit-frame-pointer 
UNRESOLVED: gcc.c-torture/execute/960512-1.c execution,  -O3 -fomit-frame-pointer 
FAIL: gcc.c-torture/execute/960512-1.c compilation,  -O3 -g 
UNRESOLVED: gcc.c-torture/execute/960512-1.c execution,  -O3 -g 
FAIL: gcc.c-torture/execute/960512-1.c compilation,  -Os 
UNRESOLVED: gcc.c-torture/execute/960512-1.c execution,  -Os 
FAIL: gcc.c-torture/execute/complex-1.c compilation,  -O0 
UNRESOLVED: gcc.c-torture/execute/complex-1.c execution,  -O0 
FAIL: gcc.c-torture/execute/complex-1.c compilation,  -O1 
UNRESOLVED: gcc.c-torture/execute/complex-1.c execution,  -O1 
FAIL: gcc.c-torture/execute/complex-1.c compilation,  -O2 
UNRESOLVED: gcc.c-torture/execute/complex-1.c execution,  -O2 
FAIL: gcc.c-torture/execute/complex-1.c compilation,  -O3 -fomit-frame-pointer 
UNRESOLVED: gcc.c-torture/execute/complex-1.c execution,  -O3 -fomit-frame-pointer 
FAIL: gcc.c-torture/execute/complex-1.c compilation,  -O3 -g 
UNRESOLVED: gcc.c-torture/execute/complex-1.c execution,  -O3 -g 
FAIL: gcc.c-torture/execute/complex-1.c compilation,  -Os 
UNRESOLVED: gcc.c-torture/execute/complex-1.c execution,  -Os 
FAIL: gcc.c-torture/execute/complex-2.c compilation,  -O0 
UNRESOLVED: gcc.c-torture/execute/complex-2.c execution,  -O0 
FAIL: gcc.c-torture/execute/complex-2.c compilation,  -O1 
UNRESOLVED: gcc.c-torture/execute/complex-2.c execution,  -O1 
FAIL: gcc.c-torture/execute/complex-2.c compilation,  -O2 
UNRESOLVED: gcc.c-torture/execute/complex-2.c execution,  -O2 
FAIL: gcc.c-torture/execute/complex-2.c compilation,  -O3 -fomit-frame-pointer 
UNRESOLVED: gcc.c-torture/execute/complex-2.c execution,  -O3 -fomit-frame-pointer 
FAIL: gcc.c-torture/execute/complex-2.c compilation,  -O3 -g 
UNRESOLVED: gcc.c-torture/execute/complex-2.c execution,  -O3 -g 
FAIL: gcc.c-torture/execute/complex-2.c compilation,  -Os 
UNRESOLVED: gcc.c-torture/execute/complex-2.c execution,  -Os 
FAIL: gcc.c-torture/execute/complex-5.c compilation,  -O0 
UNRESOLVED: gcc.c-torture/execute/complex-5.c execution,  -O0 
FAIL: gcc.c-torture/execute/complex-5.c compilation,  -O1 
UNRESOLVED: gcc.c-torture/execute/complex-5.c execution,  -O1 
FAIL: gcc.c-torture/execute/complex-5.c compilation,  -O2 
UNRESOLVED: gcc.c-torture/execute/complex-5.c execution,  -O2 
FAIL: gcc.c-torture/execute/complex-5.c compilation,  -O3 -fomit-frame-pointer 
UNRESOLVED: gcc.c-torture/execute/complex-5.c execution,  -O3 -fomit-frame-pointer 
FAIL: gcc.c-torture/execute/complex-5.c compilation,  -O3 -g 
UNRESOLVED: gcc.c-torture/execute/complex-5.c execution,  -O3 -g 
FAIL: gcc.c-torture/execute/complex-5.c compilation,  -Os 
UNRESOLVED: gcc.c-torture/execute/complex-5.c execution,  -Os 
FAIL: gcc.c-torture/execute/complex-6.c compilation,  -O0 
UNRESOLVED: gcc.c-torture/execute/complex-6.c execution,  -O0 
FAIL: gcc.c-torture/execute/complex-6.c compilation,  -O1 
UNRESOLVED: gcc.c-torture/execute/complex-6.c execution,  -O1 
FAIL: gcc.c-torture/execute/complex-6.c compilation,  -O2 
UNRESOLVED: gcc.c-torture/execute/complex-6.c execution,  -O2 
FAIL: gcc.c-torture/execute/complex-6.c compilation,  -O3 -fomit-frame-pointer 
UNRESOLVED: gcc.c-torture/execute/complex-6.c execution,  -O3 -fomit-frame-pointer 
FAIL: gcc.c-torture/execute/complex-6.c compilation,  -O3 -g 
UNRESOLVED: gcc.c-torture/execute/complex-6.c execution,  -O3 -g 
FAIL: gcc.c-torture/execute/complex-6.c compilation,  -Os 
UNRESOLVED: gcc.c-torture/execute/complex-6.c execution,  -Os 
FAIL: gcc.dg/compat/scalar-by-value-3 c_compat_x_tst.o compile
FAIL: gcc.dg/compat/scalar-by-value-3 c_compat_y_tst.o compile
UNRESOLVED: gcc.dg/compat/scalar-by-value-3 c_compat_x_tst.o-c_compat_y_tst.o link 
UNRESOLVED: gcc.dg/compat/scalar-by-value-3 c_compat_x_tst.o-c_compat_y_tst.o execute 
FAIL: gcc.dg/compat/scalar-by-value-4 c_compat_x_tst.o compile
FAIL: gcc.dg/compat/scalar-by-value-4 c_compat_y_tst.o compile
UNRESOLVED: gcc.dg/compat/scalar-by-value-4 c_compat_x_tst.o-c_compat_y_tst.o link 
UNRESOLVED: gcc.dg/compat/scalar-by-value-4 c_compat_x_tst.o-c_compat_y_tst.o execute 
FAIL: gcc.dg/compat/scalar-return-3 c_compat_x_tst.o compile
FAIL: gcc.dg/compat/scalar-return-3 c_compat_y_tst.o compile
UNRESOLVED: gcc.dg/compat/scalar-return-3 c_compat_x_tst.o-c_compat_y_tst.o link 
UNRESOLVED: gcc.dg/compat/scalar-return-3 c_compat_x_tst.o-c_compat_y_tst.o execute 
FAIL: gcc.dg/compat/scalar-return-4 c_compat_x_tst.o compile
FAIL: gcc.dg/compat/scalar-return-4 c_compat_y_tst.o compile
UNRESOLVED: gcc.dg/compat/scalar-return-4 c_compat_x_tst.o-c_compat_y_tst.o link 
UNRESOLVED: gcc.dg/compat/scalar-return-4 c_compat_x_tst.o-c_compat_y_tst.o execute 
FAIL: gcc.dg/compat/struct-by-value-16 c_compat_x_tst.o compile
FAIL: gcc.dg/compat/struct-by-value-16 c_compat_y_tst.o compile
UNRESOLVED: gcc.dg/compat/struct-by-value-16 c_compat_x_tst.o-c_compat_y_tst.o link 
UNRESOLVED: gcc.dg/compat/struct-by-value-16 c_compat_x_tst.o-c_compat_y_tst.o execute 
FAIL: gcc.dg/compat/struct-by-value-17 c_compat_x_tst.o compile
FAIL: gcc.dg/compat/struct-by-value-17 c_compat_y_tst.o compile
UNRESOLVED: gcc.dg/compat/struct-by-value-17 c_compat_x_tst.o-c_compat_y_tst.o link 
UNRESOLVED: gcc.dg/compat/struct-by-value-17 c_compat_x_tst.o-c_compat_y_tst.o execute 
FAIL: gcc.dg/compat/struct-by-value-18 c_compat_x_tst.o compile
FAIL: gcc.dg/compat/struct-by-value-18 c_compat_y_tst.o compile
UNRESOLVED: gcc.dg/compat/struct-by-value-18 c_compat_x_tst.o-c_compat_y_tst.o link 
UNRESOLVED: gcc.dg/compat/struct-by-value-18 c_compat_x_tst.o-c_compat_y_tst.o execute 
FAIL: tmpdir-gcc.dg-struct-layout-1/t024 c_compat_x_tst.o compile
FAIL: tmpdir-gcc.dg-struct-layout-1/t024 c_compat_y_tst.o compile
UNRESOLVED: tmpdir-gcc.dg-struct-layout-1/t024 c_compat_x_tst.o-c_compat_y_tst.o link 
UNRESOLVED: tmpdir-gcc.dg-struct-layout-1/t024 c_compat_x_tst.o-c_compat_y_tst.o execute 
FAIL: tmpdir-gcc.dg-struct-layout-1/t027 c_compat_x_tst.o compile
FAIL: tmpdir-gcc.dg-struct-layout-1/t027 c_compat_y_tst.o compile
UNRESOLVED: tmpdir-gcc.dg-struct-layout-1/t027 c_compat_x_tst.o-c_compat_y_tst.o link 
UNRESOLVED: tmpdir-gcc.dg-struct-layout-1/t027 c_compat_x_tst.o-c_compat_y_tst.o execute 
FAIL: tmpdir-gcc.dg-struct-layout-1/t028 c_compat_x_tst.o compile
FAIL: tmpdir-gcc.dg-struct-layout-1/t028 c_compat_y_tst.o compile
UNRESOLVED: tmpdir-gcc.dg-struct-layout-1/t028 c_compat_x_tst.o-c_compat_y_tst.o link 
UNRESOLVED: tmpdir-gcc.dg-struct-layout-1/t028 c_compat_x_tst.o-c_compat_y_tst.o execute 
FAIL: tmpdir-gcc.dg-struct-layout-1/t145 c_compat_x_tst.o compile
FAIL: tmpdir-gcc.dg-struct-layout-1/t145 c_compat_y_tst.o compile
UNRESOLVED: tmpdir-gcc.dg-struct-layout-1/t145 c_compat_x_tst.o-c_compat_y_tst.o link 
UNRESOLVED: tmpdir-gcc.dg-struct-layout-1/t145 c_compat_x_tst.o-c_compat_y_tst.o execute 
FAIL: tmpdir-gcc.dg-struct-layout-1/t146 c_compat_x_tst.o compile
FAIL: tmpdir-gcc.dg-struct-layout-1/t146 c_compat_y_tst.o compile
UNRESOLVED: tmpdir-gcc.dg-struct-layout-1/t146 c_compat_x_tst.o-c_compat_y_tst.o link 
UNRESOLVED: tmpdir-gcc.dg-struct-layout-1/t146 c_compat_x_tst.o-c_compat_y_tst.o execute 
FAIL: tmpdir-gcc.dg-struct-layout-1/t147 c_compat_x_tst.o compile
FAIL: tmpdir-gcc.dg-struct-layout-1/t147 c_compat_y_tst.o compile
UNRESOLVED: tmpdir-gcc.dg-struct-layout-1/t147 c_compat_x_tst.o-c_compat_y_tst.o link 
UNRESOLVED: tmpdir-gcc.dg-struct-layout-1/t147 c_compat_x_tst.o-c_compat_y_tst.o execute 
FAIL: tmpdir-gcc.dg-struct-layout-1/t148 c_compat_x_tst.o compile
FAIL: tmpdir-gcc.dg-struct-layout-1/t148 c_compat_y_tst.o compile
UNRESOLVED: tmpdir-gcc.dg-struct-layout-1/t148 c_compat_x_tst.o-c_compat_y_tst.o link 
UNRESOLVED: tmpdir-gcc.dg-struct-layout-1/t148 c_compat_x_tst.o-c_compat_y_tst.o execute 
FAIL: tmpdir-gcc.dg-struct-layout-1/t149 c_compat_x_tst.o compile
FAIL: tmpdir-gcc.dg-struct-layout-1/t149 c_compat_y_tst.o compile
UNRESOLVED: tmpdir-gcc.dg-struct-layout-1/t149 c_compat_x_tst.o-c_compat_y_tst.o link 
UNRESOLVED: tmpdir-gcc.dg-struct-layout-1/t149 c_compat_x_tst.o-c_compat_y_tst.o execute 
FAIL: tmpdir-gcc.dg-struct-layout-1/t150 c_compat_x_tst.o compile
FAIL: tmpdir-gcc.dg-struct-layout-1/t150 c_compat_y_tst.o compile
UNRESOLVED: tmpdir-gcc.dg-struct-layout-1/t150 c_compat_x_tst.o-c_compat_y_tst.o link 
UNRESOLVED: tmpdir-gcc.dg-struct-layout-1/t150 c_compat_x_tst.o-c_compat_y_tst.o execute 
FAIL: tmpdir-gcc.dg-struct-layout-1/t151 c_compat_x_tst.o compile
FAIL: tmpdir-gcc.dg-struct-layout-1/t151 c_compat_y_tst.o compile
UNRESOLVED: tmpdir-gcc.dg-struct-layout-1/t151 c_compat_x_tst.o-c_compat_y_tst.o link 
UNRESOLVED: tmpdir-gcc.dg-struct-layout-1/t151 c_compat_x_tst.o-c_compat_y_tst.o execute 
FAIL: tmpdir-gcc.dg-struct-layout-1/t152 c_compat_x_tst.o compile
FAIL: tmpdir-gcc.dg-struct-layout-1/t152 c_compat_y_tst.o compile
UNRESOLVED: tmpdir-gcc.dg-struct-layout-1/t152 c_compat_x_tst.o-c_compat_y_tst.o link 
UNRESOLVED: tmpdir-gcc.dg-struct-layout-1/t152 c_compat_x_tst.o-c_compat_y_tst.o execute 
FAIL: tmpdir-gcc.dg-struct-layout-1/t153 c_compat_x_tst.o compile
FAIL: tmpdir-gcc.dg-struct-layout-1/t153 c_compat_y_tst.o compile
UNRESOLVED: tmpdir-gcc.dg-struct-layout-1/t153 c_compat_x_tst.o-c_compat_y_tst.o link 
UNRESOLVED: tmpdir-gcc.dg-struct-layout-1/t153 c_compat_x_tst.o-c_compat_y_tst.o execute 
FAIL: tmpdir-gcc.dg-struct-layout-1/t154 c_compat_x_tst.o compile
FAIL: tmpdir-gcc.dg-struct-layout-1/t154 c_compat_y_tst.o compile
UNRESOLVED: tmpdir-gcc.dg-struct-layout-1/t154 c_compat_x_tst.o-c_compat_y_tst.o link 
UNRESOLVED: tmpdir-gcc.dg-struct-layout-1/t154 c_compat_x_tst.o-c_compat_y_tst.o execute 
FAIL: tmpdir-gcc.dg-struct-layout-1/t155 c_compat_x_tst.o compile
FAIL: tmpdir-gcc.dg-struct-layout-1/t155 c_compat_y_tst.o compile
UNRESOLVED: tmpdir-gcc.dg-struct-layout-1/t155 c_compat_x_tst.o-c_compat_y_tst.o link 
UNRESOLVED: tmpdir-gcc.dg-struct-layout-1/t155 c_compat_x_tst.o-c_compat_y_tst.o execute 
FAIL: tmpdir-gcc.dg-struct-layout-1/t156 c_compat_x_tst.o compile
FAIL: tmpdir-gcc.dg-struct-layout-1/t156 c_compat_y_tst.o compile
UNRESOLVED: tmpdir-gcc.dg-struct-layout-1/t156 c_compat_x_tst.o-c_compat_y_tst.o link 
UNRESOLVED: tmpdir-gcc.dg-struct-layout-1/t156 c_compat_x_tst.o-c_compat_y_tst.o execute 
FAIL: tmpdir-gcc.dg-struct-layout-1/t180 c_compat_x_tst.o compile
FAIL: tmpdir-gcc.dg-struct-layout-1/t180 c_compat_y_tst.o compile
UNRESOLVED: tmpdir-gcc.dg-struct-layout-1/t180 c_compat_x_tst.o-c_compat_y_tst.o link 
UNRESOLVED: tmpdir-gcc.dg-struct-layout-1/t180 c_compat_x_tst.o-c_compat_y_tst.o execute 
FAIL: tmpdir-gcc.dg-struct-layout-1/t181 c_compat_x_tst.o compile
FAIL: tmpdir-gcc.dg-struct-layout-1/t181 c_compat_y_tst.o compile
UNRESOLVED: tmpdir-gcc.dg-struct-layout-1/t181 c_compat_x_tst.o-c_compat_y_tst.o link 
UNRESOLVED: tmpdir-gcc.dg-struct-layout-1/t181 c_compat_x_tst.o-c_compat_y_tst.o execute 
FAIL: tmpdir-gcc.dg-struct-layout-1/t182 c_compat_x_tst.o compile
FAIL: tmpdir-gcc.dg-struct-layout-1/t182 c_compat_y_tst.o compile
UNRESOLVED: tmpdir-gcc.dg-struct-layout-1/t182 c_compat_x_tst.o-c_compat_y_tst.o link 
UNRESOLVED: tmpdir-gcc.dg-struct-layout-1/t182 c_compat_x_tst.o-c_compat_y_tst.o execute 
FAIL: tmpdir-gcc.dg-struct-layout-1/t183 c_compat_x_tst.o compile
FAIL: tmpdir-gcc.dg-struct-layout-1/t183 c_compat_y_tst.o compile
UNRESOLVED: tmpdir-gcc.dg-struct-layout-1/t183 c_compat_x_tst.o-c_compat_y_tst.o link 
UNRESOLVED: tmpdir-gcc.dg-struct-layout-1/t183 c_compat_x_tst.o-c_compat_y_tst.o execute 
FAIL: tmpdir-gcc.dg-struct-layout-1/t184 c_compat_x_tst.o compile
FAIL: tmpdir-gcc.dg-struct-layout-1/t184 c_compat_y_tst.o compile
UNRESOLVED: tmpdir-gcc.dg-struct-layout-1/t184 c_compat_x_tst.o-c_compat_y_tst.o link 
UNRESOLVED: tmpdir-gcc.dg-struct-layout-1/t184 c_compat_x_tst.o-c_compat_y_tst.o execute 
FAIL: tmpdir-gcc.dg-struct-layout-1/t185 c_compat_x_tst.o compile
FAIL: tmpdir-gcc.dg-struct-layout-1/t185 c_compat_y_tst.o compile
UNRESOLVED: tmpdir-gcc.dg-struct-layout-1/t185 c_compat_x_tst.o-c_compat_y_tst.o link 
UNRESOLVED: tmpdir-gcc.dg-struct-layout-1/t185 c_compat_x_tst.o-c_compat_y_tst.o execute 
FAIL: tmpdir-gcc.dg-struct-layout-1/t186 c_compat_x_tst.o compile
FAIL: tmpdir-gcc.dg-struct-layout-1/t186 c_compat_y_tst.o compile
UNRESOLVED: tmpdir-gcc.dg-struct-layout-1/t186 c_compat_x_tst.o-c_compat_y_tst.o link 
UNRESOLVED: tmpdir-gcc.dg-struct-layout-1/t186 c_compat_x_tst.o-c_compat_y_tst.o execute 
FAIL: tmpdir-gcc.dg-struct-layout-1/t187 c_compat_x_tst.o compile
FAIL: tmpdir-gcc.dg-struct-layout-1/t187 c_compat_y_tst.o compile
UNRESOLVED: tmpdir-gcc.dg-struct-layout-1/t187 c_compat_x_tst.o-c_compat_y_tst.o link 
UNRESOLVED: tmpdir-gcc.dg-struct-layout-1/t187 c_compat_x_tst.o-c_compat_y_tst.o execute 
FAIL: tmpdir-gcc.dg-struct-layout-1/t188 c_compat_x_tst.o compile
FAIL: tmpdir-gcc.dg-struct-layout-1/t188 c_compat_y_tst.o compile
UNRESOLVED: tmpdir-gcc.dg-struct-layout-1/t188 c_compat_x_tst.o-c_compat_y_tst.o link 
UNRESOLVED: tmpdir-gcc.dg-struct-layout-1/t188 c_compat_x_tst.o-c_compat_y_tst.o execute 
FAIL: tmpdir-gcc.dg-struct-layout-1/t189 c_compat_x_tst.o compile
FAIL: tmpdir-gcc.dg-struct-layout-1/t189 c_compat_y_tst.o compile
UNRESOLVED: tmpdir-gcc.dg-struct-layout-1/t189 c_compat_x_tst.o-c_compat_y_tst.o link 
UNRESOLVED: tmpdir-gcc.dg-struct-layout-1/t189 c_compat_x_tst.o-c_compat_y_tst.o execute 
FAIL: tmpdir-gcc.dg-struct-layout-1/t190 c_compat_x_tst.o compile
FAIL: tmpdir-gcc.dg-struct-layout-1/t190 c_compat_y_tst.o compile
UNRESOLVED: tmpdir-gcc.dg-struct-layout-1/t190 c_compat_x_tst.o-c_compat_y_tst.o link 
UNRESOLVED: tmpdir-gcc.dg-struct-layout-1/t190 c_compat_x_tst.o-c_compat_y_tst.o execute 
FAIL: tmpdir-gcc.dg-struct-layout-1/t191 c_compat_x_tst.o compile
FAIL: tmpdir-gcc.dg-struct-layout-1/t191 c_compat_y_tst.o compile
UNRESOLVED: tmpdir-gcc.dg-struct-layout-1/t191 c_compat_x_tst.o-c_compat_y_tst.o link 
UNRESOLVED: tmpdir-gcc.dg-struct-layout-1/t191 c_compat_x_tst.o-c_compat_y_tst.o execute 
FAIL: tmpdir-gcc.dg-struct-layout-1/t192 c_compat_x_tst.o compile
FAIL: tmpdir-gcc.dg-struct-layout-1/t192 c_compat_y_tst.o compile
UNRESOLVED: tmpdir-gcc.dg-struct-layout-1/t192 c_compat_x_tst.o-c_compat_y_tst.o link 
UNRESOLVED: tmpdir-gcc.dg-struct-layout-1/t192 c_compat_x_tst.o-c_compat_y_tst.o execute 
FAIL: tmpdir-gcc.dg-struct-layout-1/t193 c_compat_x_tst.o compile
FAIL: tmpdir-gcc.dg-struct-layout-1/t193 c_compat_y_tst.o compile
UNRESOLVED: tmpdir-gcc.dg-struct-layout-1/t193 c_compat_x_tst.o-c_compat_y_tst.o link 
UNRESOLVED: tmpdir-gcc.dg-struct-layout-1/t193 c_compat_x_tst.o-c_compat_y_tst.o execute 
FAIL: tmpdir-gcc.dg-struct-layout-1/t194 c_compat_x_tst.o compile
FAIL: tmpdir-gcc.dg-struct-layout-1/t194 c_compat_y_tst.o compile
UNRESOLVED: tmpdir-gcc.dg-struct-layout-1/t194 c_compat_x_tst.o-c_compat_y_tst.o link 
UNRESOLVED: tmpdir-gcc.dg-struct-layout-1/t194 c_compat_x_tst.o-c_compat_y_tst.o execute 
FAIL: tmpdir-gcc.dg-struct-layout-1/t195 c_compat_x_tst.o compile
FAIL: tmpdir-gcc.dg-struct-layout-1/t195 c_compat_y_tst.o compile
UNRESOLVED: tmpdir-gcc.dg-struct-layout-1/t195 c_compat_x_tst.o-c_compat_y_tst.o link 
UNRESOLVED: tmpdir-gcc.dg-struct-layout-1/t195 c_compat_x_tst.o-c_compat_y_tst.o execute 
FAIL: tmpdir-gcc.dg-struct-layout-1/t196 c_compat_x_tst.o compile
FAIL: tmpdir-gcc.dg-struct-layout-1/t196 c_compat_y_tst.o compile
UNRESOLVED: tmpdir-gcc.dg-struct-layout-1/t196 c_compat_x_tst.o-c_compat_y_tst.o link 
UNRESOLVED: tmpdir-gcc.dg-struct-layout-1/t196 c_compat_x_tst.o-c_compat_y_tst.o execute 
FAIL: tmpdir-gcc.dg-struct-layout-1/t197 c_compat_x_tst.o compile
FAIL: tmpdir-gcc.dg-struct-layout-1/t197 c_compat_y_tst.o compile
UNRESOLVED: tmpdir-gcc.dg-struct-layout-1/t197 c_compat_x_tst.o-c_compat_y_tst.o link 
UNRESOLVED: tmpdir-gcc.dg-struct-layout-1/t197 c_compat_x_tst.o-c_compat_y_tst.o execute 
FAIL: tmpdir-gcc.dg-struct-layout-1/t198 c_compat_x_tst.o compile
FAIL: tmpdir-gcc.dg-struct-layout-1/t198 c_compat_y_tst.o compile
UNRESOLVED: tmpdir-gcc.dg-struct-layout-1/t198 c_compat_x_tst.o-c_compat_y_tst.o link 
UNRESOLVED: tmpdir-gcc.dg-struct-layout-1/t198 c_compat_x_tst.o-c_compat_y_tst.o execute 
FAIL: tmpdir-gcc.dg-struct-layout-1/t199 c_compat_x_tst.o compile
FAIL: tmpdir-gcc.dg-struct-layout-1/t199 c_compat_y_tst.o compile
UNRESOLVED: tmpdir-gcc.dg-struct-layout-1/t199 c_compat_x_tst.o-c_compat_y_tst.o link 
UNRESOLVED: tmpdir-gcc.dg-struct-layout-1/t199 c_compat_x_tst.o-c_compat_y_tst.o execute 
FAIL: tmpdir-gcc.dg-struct-layout-1/t200 c_compat_x_tst.o compile
FAIL: tmpdir-gcc.dg-struct-layout-1/t200 c_compat_y_tst.o compile
UNRESOLVED: tmpdir-gcc.dg-struct-layout-1/t200 c_compat_x_tst.o-c_compat_y_tst.o link 
UNRESOLVED: tmpdir-gcc.dg-struct-layout-1/t200 c_compat_x_tst.o-c_compat_y_tst.o execute 
FAIL: tmpdir-gcc.dg-struct-layout-1/t201 c_compat_x_tst.o compile
FAIL: tmpdir-gcc.dg-struct-layout-1/t201 c_compat_y_tst.o compile
UNRESOLVED: tmpdir-gcc.dg-struct-layout-1/t201 c_compat_x_tst.o-c_compat_y_tst.o link 
UNRESOLVED: tmpdir-gcc.dg-struct-layout-1/t201 c_compat_x_tst.o-c_compat_y_tst.o execute 
FAIL: gcc.dg/debug/20020220-1.c -gdwarf-21 (test for excess errors)
WARNING: gcc.dg/debug/20020220-1.c -gdwarf-21 compilation failed to produce executable
FAIL: gcc.dg/debug/20020220-1.c -gdwarf-2 (test for excess errors)
WARNING: gcc.dg/debug/20020220-1.c -gdwarf-2 compilation failed to produce executable
FAIL: gcc.dg/debug/20020220-1.c -gdwarf-23 (test for excess errors)
WARNING: gcc.dg/debug/20020220-1.c -gdwarf-23 compilation failed to produce executable
FAIL: gcc.dg/debug/20020220-1.c -gstabs1 (test for excess errors)
WARNING: gcc.dg/debug/20020220-1.c -gstabs1 compilation failed to produce executable
FAIL: gcc.dg/debug/20020220-1.c -gstabs (test for excess errors)
WARNING: gcc.dg/debug/20020220-1.c -gstabs compilation failed to produce executable
FAIL: gcc.dg/debug/20020220-1.c -gstabs3 (test for excess errors)
WARNING: gcc.dg/debug/20020220-1.c -gstabs3 compilation failed to produce executable
FAIL: gcc.dg/debug/20020220-1.c -gstabs+1 (test for excess errors)
WARNING: gcc.dg/debug/20020220-1.c -gstabs+1 compilation failed to produce executable
FAIL: gcc.dg/debug/20020220-1.c -gstabs+ (test for excess errors)
WARNING: gcc.dg/debug/20020220-1.c -gstabs+ compilation failed to produce executable
FAIL: gcc.dg/debug/20020220-1.c -gstabs+3 (test for excess errors)
WARNING: gcc.dg/debug/20020220-1.c -gstabs+3 compilation failed to produce executable
FAIL: gcc.dg/20020319-1.c (test for excess errors)
FAIL: gcc.dg/Wbad-function-cast-1.c (test for excess errors)
FAIL: gcc.dg/Wconversion-2.c (test for excess errors)
FAIL: gcc.dg/builtins-1.c (test for excess errors)
ERROR: gcc.dg/builtins-1.c: error executing dg-final: couldn't open "builtins-1.s": no such file or directory
UNRESOLVED: gcc.dg/builtins-1.c: error executing dg-final: couldn't open "builtins-1.s": no such file or directory
FAIL: gcc.dg/builtins-16.c (test for excess errors)
ERROR: gcc.dg/builtins-16.c: error executing dg-final: couldn't open "builtins-16.s": no such file or directory
UNRESOLVED: gcc.dg/builtins-16.c: error executing dg-final: couldn't open "builtins-16.s": no such file or directory
FAIL: gcc.dg/c99-complex-1.c (test for excess errors)
FAIL: gcc.dg/c99-complex-2.c (test for excess errors)
FAIL: gcc.dg/complex-1.c (test for excess errors)
WARNING: gcc.dg/complex-1.c compilation failed to produce executable
FAIL: gcc.dg/complex-3.c (test for excess errors)
WARNING: gcc.dg/complex-3.c compilation failed to produce executable
FAIL: gcc.dg/wtr-conversion-1.c (test for excess errors)

		=== gcc Summary for unix/-m32 ===

# of expected passes		34322
# of unexpected failures	199
# of expected failures		89
# of unresolved testcases	151
# of untested testcases		28
# of unsupported tests		436

Running target unix/-m64
FAIL: gcc.c-torture/compile/20001222-1.c  -O0  (test for excess errors)
FAIL: gcc.c-torture/compile/20001222-1.c  -O1  (test for excess errors)
FAIL: gcc.c-torture/compile/20001222-1.c  -O2  (test for excess errors)
FAIL: gcc.c-torture/compile/20001222-1.c  -O3 -fomit-frame-pointer  (test for excess errors)
FAIL: gcc.c-torture/compile/20001222-1.c  -O3 -g  (test for excess errors)
FAIL: gcc.c-torture/compile/20001222-1.c  -Os  (test for excess errors)
FAIL: gcc.c-torture/compile/20030903-1.c  -O0  (test for excess errors)
FAIL: gcc.c-torture/compile/20030903-1.c  -O1  (test for excess errors)
FAIL: gcc.c-torture/compile/20030903-1.c  -O2  (test for excess errors)
FAIL: gcc.c-torture/compile/20030903-1.c  -O3 -fomit-frame-pointer  (test for excess errors)
FAIL: gcc.c-torture/compile/20030903-1.c  -O3 -g  (test for excess errors)
FAIL: gcc.c-torture/compile/20030903-1.c  -Os  (test for excess errors)
FAIL: gcc.c-torture/compile/20030910-1.c  -O0  (test for excess errors)
FAIL: gcc.c-torture/compile/941019-1.c  -O1  (test for excess errors)
FAIL: gcc.c-torture/compile/941019-1.c  -O2  (test for excess errors)
FAIL: gcc.c-torture/compile/941019-1.c  -O3 -fomit-frame-pointer  (test for excess errors)
FAIL: gcc.c-torture/compile/941019-1.c  -O3 -g  (test for excess errors)
FAIL: gcc.c-torture/compile/941019-1.c  -Os  (test for excess errors)
FAIL: gcc.c-torture/compile/981223-1.c  -O0  (test for excess errors)
FAIL: gcc.c-torture/compile/981223-1.c  -O1  (test for excess errors)
FAIL: gcc.c-torture/compile/981223-1.c  -O2  (test for excess errors)
FAIL: gcc.c-torture/compile/981223-1.c  -O3 -fomit-frame-pointer  (test for excess errors)
FAIL: gcc.c-torture/compile/981223-1.c  -O3 -g  (test for excess errors)
FAIL: gcc.c-torture/compile/981223-1.c  -Os  (test for excess errors)
FAIL: gcc.c-torture/compile/991213-1.c  -O0  (test for excess errors)
FAIL: gcc.c-torture/compile/complex-1.c  -O0  (test for excess errors)
FAIL: gcc.c-torture/compile/complex-1.c  -O1  (test for excess errors)
FAIL: gcc.c-torture/compile/complex-1.c  -O2  (test for excess errors)
FAIL: gcc.c-torture/compile/complex-1.c  -O3 -fomit-frame-pointer  (test for excess errors)
FAIL: gcc.c-torture/compile/complex-1.c  -O3 -g  (test for excess errors)
FAIL: gcc.c-torture/compile/complex-1.c  -Os  (test for excess errors)
FAIL: gcc.c-torture/execute/builtins/complex-1.c compilation,  -O0 
UNRESOLVED: gcc.c-torture/execute/builtins/complex-1.c execution,  -O0 
FAIL: gcc.c-torture/execute/builtins/complex-1.c compilation,  -O1 
UNRESOLVED: gcc.c-torture/execute/builtins/complex-1.c execution,  -O1 
FAIL: gcc.c-torture/execute/builtins/complex-1.c compilation,  -O2 
UNRESOLVED: gcc.c-torture/execute/builtins/complex-1.c execution,  -O2 
FAIL: gcc.c-torture/execute/builtins/complex-1.c compilation,  -O3 -fomit-frame-pointer 
UNRESOLVED: gcc.c-torture/execute/builtins/complex-1.c execution,  -O3 -fomit-frame-pointer 
FAIL: gcc.c-torture/execute/builtins/complex-1.c compilation,  -O3 -g 
UNRESOLVED: gcc.c-torture/execute/builtins/complex-1.c execution,  -O3 -g 
FAIL: gcc.c-torture/execute/builtins/complex-1.c compilation,  -Os 
UNRESOLVED: gcc.c-torture/execute/builtins/complex-1.c execution,  -Os 
FAIL: gcc.c-torture/execute/20010605-2.c compilation,  -O0 
UNRESOLVED: gcc.c-torture/execute/20010605-2.c execution,  -O0 
FAIL: gcc.c-torture/execute/20010605-2.c compilation,  -O1 
UNRESOLVED: gcc.c-torture/execute/20010605-2.c execution,  -O1 
FAIL: gcc.c-torture/execute/20010605-2.c compilation,  -O2 
UNRESOLVED: gcc.c-torture/execute/20010605-2.c execution,  -O2 
FAIL: gcc.c-torture/execute/20010605-2.c compilation,  -O3 -fomit-frame-pointer 
UNRESOLVED: gcc.c-torture/execute/20010605-2.c execution,  -O3 -fomit-frame-pointer 
FAIL: gcc.c-torture/execute/20010605-2.c compilation,  -O3 -g 
UNRESOLVED: gcc.c-torture/execute/20010605-2.c execution,  -O3 -g 
FAIL: gcc.c-torture/execute/20010605-2.c compilation,  -Os 
UNRESOLVED: gcc.c-torture/execute/20010605-2.c execution,  -Os 
FAIL: gcc.c-torture/execute/20020227-1.c compilation,  -O0 
UNRESOLVED: gcc.c-torture/execute/20020227-1.c execution,  -O0 
FAIL: gcc.c-torture/execute/20020227-1.c compilation,  -O1 
UNRESOLVED: gcc.c-torture/execute/20020227-1.c execution,  -O1 
FAIL: gcc.c-torture/execute/20020227-1.c compilation,  -O2 
UNRESOLVED: gcc.c-torture/execute/20020227-1.c execution,  -O2 
FAIL: gcc.c-torture/execute/20020227-1.c compilation,  -O3 -fomit-frame-pointer 
UNRESOLVED: gcc.c-torture/execute/20020227-1.c execution,  -O3 -fomit-frame-pointer 
FAIL: gcc.c-torture/execute/20020227-1.c compilation,  -O3 -g 
UNRESOLVED: gcc.c-torture/execute/20020227-1.c execution,  -O3 -g 
FAIL: gcc.c-torture/execute/20020227-1.c compilation,  -Os 
UNRESOLVED: gcc.c-torture/execute/20020227-1.c execution,  -Os 
FAIL: gcc.c-torture/execute/20020411-1.c compilation,  -O0 
UNRESOLVED: gcc.c-torture/execute/20020411-1.c execution,  -O0 
FAIL: gcc.c-torture/execute/20020411-1.c compilation,  -O1 
UNRESOLVED: gcc.c-torture/execute/20020411-1.c execution,  -O1 
FAIL: gcc.c-torture/execute/20020411-1.c compilation,  -O2 
UNRESOLVED: gcc.c-torture/execute/20020411-1.c execution,  -O2 
FAIL: gcc.c-torture/execute/20020411-1.c compilation,  -O3 -fomit-frame-pointer 
UNRESOLVED: gcc.c-torture/execute/20020411-1.c execution,  -O3 -fomit-frame-pointer 
FAIL: gcc.c-torture/execute/20020411-1.c compilation,  -O3 -g 
UNRESOLVED: gcc.c-torture/execute/20020411-1.c execution,  -O3 -g 
FAIL: gcc.c-torture/execute/20020411-1.c compilation,  -Os 
UNRESOLVED: gcc.c-torture/execute/20020411-1.c execution,  -Os 
FAIL: gcc.c-torture/execute/20030910-1.c compilation,  -O0 
UNRESOLVED: gcc.c-torture/execute/20030910-1.c execution,  -O0 
FAIL: gcc.c-torture/execute/20050121-1.c compilation,  -O0 
UNRESOLVED: gcc.c-torture/execute/20050121-1.c execution,  -O0 
FAIL: gcc.c-torture/execute/20050121-1.c compilation,  -O1 
UNRESOLVED: gcc.c-torture/execute/20050121-1.c execution,  -O1 
FAIL: gcc.c-torture/execute/20050121-1.c compilation,  -O2 
UNRESOLVED: gcc.c-torture/execute/20050121-1.c execution,  -O2 
FAIL: gcc.c-torture/execute/20050121-1.c compilation,  -O3 -fomit-frame-pointer 
UNRESOLVED: gcc.c-torture/execute/20050121-1.c execution,  -O3 -fomit-frame-pointer 
FAIL: gcc.c-torture/execute/20050121-1.c compilation,  -O3 -g 
UNRESOLVED: gcc.c-torture/execute/20050121-1.c execution,  -O3 -g 
FAIL: gcc.c-torture/execute/20050121-1.c compilation,  -Os 
UNRESOLVED: gcc.c-torture/execute/20050121-1.c execution,  -Os 
FAIL: gcc.c-torture/execute/960512-1.c compilation,  -O0 
UNRESOLVED: gcc.c-torture/execute/960512-1.c execution,  -O0 
FAIL: gcc.c-torture/execute/960512-1.c compilation,  -O1 
UNRESOLVED: gcc.c-torture/execute/960512-1.c execution,  -O1 
FAIL: gcc.c-torture/execute/960512-1.c compilation,  -O2 
UNRESOLVED: gcc.c-torture/execute/960512-1.c execution,  -O2 
FAIL: gcc.c-torture/execute/960512-1.c compilation,  -O3 -fomit-frame-pointer 
UNRESOLVED: gcc.c-torture/execute/960512-1.c execution,  -O3 -fomit-frame-pointer 
FAIL: gcc.c-torture/execute/960512-1.c compilation,  -O3 -g 
UNRESOLVED: gcc.c-torture/execute/960512-1.c execution,  -O3 -g 
FAIL: gcc.c-torture/execute/960512-1.c compilation,  -Os 
UNRESOLVED: gcc.c-torture/execute/960512-1.c execution,  -Os 
FAIL: gcc.c-torture/execute/complex-1.c compilation,  -O0 
UNRESOLVED: gcc.c-torture/execute/complex-1.c execution,  -O0 
FAIL: gcc.c-torture/execute/complex-1.c compilation,  -O1 
UNRESOLVED: gcc.c-torture/execute/complex-1.c execution,  -O1 
FAIL: gcc.c-torture/execute/complex-1.c compilation,  -O2 
UNRESOLVED: gcc.c-torture/execute/complex-1.c execution,  -O2 
FAIL: gcc.c-torture/execute/complex-1.c compilation,  -O3 -fomit-frame-pointer 
UNRESOLVED: gcc.c-torture/execute/complex-1.c execution,  -O3 -fomit-frame-pointer 
FAIL: gcc.c-torture/execute/complex-1.c compilation,  -O3 -g 
UNRESOLVED: gcc.c-torture/execute/complex-1.c execution,  -O3 -g 
FAIL: gcc.c-torture/execute/complex-1.c compilation,  -Os 
UNRESOLVED: gcc.c-torture/execute/complex-1.c execution,  -Os 
FAIL: gcc.c-torture/execute/complex-2.c compilation,  -O0 
UNRESOLVED: gcc.c-torture/execute/complex-2.c execution,  -O0 
FAIL: gcc.c-torture/execute/complex-2.c compilation,  -O1 
UNRESOLVED: gcc.c-torture/execute/complex-2.c execution,  -O1 
FAIL: gcc.c-torture/execute/complex-2.c compilation,  -O2 
UNRESOLVED: gcc.c-torture/execute/complex-2.c execution,  -O2 
FAIL: gcc.c-torture/execute/complex-2.c compilation,  -O3 -fomit-frame-pointer 
UNRESOLVED: gcc.c-torture/execute/complex-2.c execution,  -O3 -fomit-frame-pointer 
FAIL: gcc.c-torture/execute/complex-2.c compilation,  -O3 -g 
UNRESOLVED: gcc.c-torture/execute/complex-2.c execution,  -O3 -g 
FAIL: gcc.c-torture/execute/complex-2.c compilation,  -Os 
UNRESOLVED: gcc.c-torture/execute/complex-2.c execution,  -Os 
FAIL: gcc.c-torture/execute/complex-5.c compilation,  -O0 
UNRESOLVED: gcc.c-torture/execute/complex-5.c execution,  -O0 
FAIL: gcc.c-torture/execute/complex-5.c compilation,  -O1 
UNRESOLVED: gcc.c-torture/execute/complex-5.c execution,  -O1 
FAIL: gcc.c-torture/execute/complex-5.c compilation,  -O2 
UNRESOLVED: gcc.c-torture/execute/complex-5.c execution,  -O2 
FAIL: gcc.c-torture/execute/complex-5.c compilation,  -O3 -fomit-frame-pointer 
UNRESOLVED: gcc.c-torture/execute/complex-5.c execution,  -O3 -fomit-frame-pointer 
FAIL: gcc.c-torture/execute/complex-5.c compilation,  -O3 -g 
UNRESOLVED: gcc.c-torture/execute/complex-5.c execution,  -O3 -g 
FAIL: gcc.c-torture/execute/complex-5.c compilation,  -Os 
UNRESOLVED: gcc.c-torture/execute/complex-5.c execution,  -Os 
FAIL: gcc.c-torture/execute/complex-6.c compilation,  -O0 
UNRESOLVED: gcc.c-torture/execute/complex-6.c execution,  -O0 
FAIL: gcc.c-torture/execute/complex-6.c compilation,  -O1 
UNRESOLVED: gcc.c-torture/execute/complex-6.c execution,  -O1 
FAIL: gcc.c-torture/execute/complex-6.c compilation,  -O2 
UNRESOLVED: gcc.c-torture/execute/complex-6.c execution,  -O2 
FAIL: gcc.c-torture/execute/complex-6.c compilation,  -O3 -fomit-frame-pointer 
UNRESOLVED: gcc.c-torture/execute/complex-6.c execution,  -O3 -fomit-frame-pointer 
FAIL: gcc.c-torture/execute/complex-6.c compilation,  -O3 -g 
UNRESOLVED: gcc.c-torture/execute/complex-6.c execution,  -O3 -g 
FAIL: gcc.c-torture/execute/complex-6.c compilation,  -Os 
UNRESOLVED: gcc.c-torture/execute/complex-6.c execution,  -Os 
FAIL: gcc.dg/compat/scalar-by-value-3 c_compat_x_tst.o compile
FAIL: gcc.dg/compat/scalar-by-value-3 c_compat_y_tst.o compile
UNRESOLVED: gcc.dg/compat/scalar-by-value-3 c_compat_x_tst.o-c_compat_y_tst.o link 
UNRESOLVED: gcc.dg/compat/scalar-by-value-3 c_compat_x_tst.o-c_compat_y_tst.o execute 
FAIL: gcc.dg/compat/scalar-by-value-4 c_compat_x_tst.o compile
FAIL: gcc.dg/compat/scalar-by-value-4 c_compat_y_tst.o compile
UNRESOLVED: gcc.dg/compat/scalar-by-value-4 c_compat_x_tst.o-c_compat_y_tst.o link 
UNRESOLVED: gcc.dg/compat/scalar-by-value-4 c_compat_x_tst.o-c_compat_y_tst.o execute 
FAIL: gcc.dg/compat/scalar-return-3 c_compat_x_tst.o compile
FAIL: gcc.dg/compat/scalar-return-3 c_compat_y_tst.o compile
UNRESOLVED: gcc.dg/compat/scalar-return-3 c_compat_x_tst.o-c_compat_y_tst.o link 
UNRESOLVED: gcc.dg/compat/scalar-return-3 c_compat_x_tst.o-c_compat_y_tst.o execute 
FAIL: gcc.dg/compat/scalar-return-4 c_compat_x_tst.o compile
FAIL: gcc.dg/compat/scalar-return-4 c_compat_y_tst.o compile
UNRESOLVED: gcc.dg/compat/scalar-return-4 c_compat_x_tst.o-c_compat_y_tst.o link 
UNRESOLVED: gcc.dg/compat/scalar-return-4 c_compat_x_tst.o-c_compat_y_tst.o execute 
FAIL: gcc.dg/compat/struct-by-value-16 c_compat_x_tst.o compile
FAIL: gcc.dg/compat/struct-by-value-16 c_compat_y_tst.o compile
UNRESOLVED: gcc.dg/compat/struct-by-value-16 c_compat_x_tst.o-c_compat_y_tst.o link 
UNRESOLVED: gcc.dg/compat/struct-by-value-16 c_compat_x_tst.o-c_compat_y_tst.o execute 
FAIL: gcc.dg/compat/struct-by-value-17 c_compat_x_tst.o compile
FAIL: gcc.dg/compat/struct-by-value-17 c_compat_y_tst.o compile
UNRESOLVED: gcc.dg/compat/struct-by-value-17 c_compat_x_tst.o-c_compat_y_tst.o link 
UNRESOLVED: gcc.dg/compat/struct-by-value-17 c_compat_x_tst.o-c_compat_y_tst.o execute 
FAIL: gcc.dg/compat/struct-by-value-18 c_compat_x_tst.o compile
FAIL: gcc.dg/compat/struct-by-value-18 c_compat_y_tst.o compile
UNRESOLVED: gcc.dg/compat/struct-by-value-18 c_compat_x_tst.o-c_compat_y_tst.o link 
UNRESOLVED: gcc.dg/compat/struct-by-value-18 c_compat_x_tst.o-c_compat_y_tst.o execute 
FAIL: tmpdir-gcc.dg-struct-layout-1/t024 c_compat_x_tst.o compile
FAIL: tmpdir-gcc.dg-struct-layout-1/t024 c_compat_y_tst.o compile
UNRESOLVED: tmpdir-gcc.dg-struct-layout-1/t024 c_compat_x_tst.o-c_compat_y_tst.o link 
UNRESOLVED: tmpdir-gcc.dg-struct-layout-1/t024 c_compat_x_tst.o-c_compat_y_tst.o execute 
FAIL: tmpdir-gcc.dg-struct-layout-1/t027 c_compat_x_tst.o compile
FAIL: tmpdir-gcc.dg-struct-layout-1/t027 c_compat_y_tst.o compile
UNRESOLVED: tmpdir-gcc.dg-struct-layout-1/t027 c_compat_x_tst.o-c_compat_y_tst.o link 
UNRESOLVED: tmpdir-gcc.dg-struct-layout-1/t027 c_compat_x_tst.o-c_compat_y_tst.o execute 
FAIL: tmpdir-gcc.dg-struct-layout-1/t028 c_compat_x_tst.o compile
FAIL: tmpdir-gcc.dg-struct-layout-1/t028 c_compat_y_tst.o compile
UNRESOLVED: tmpdir-gcc.dg-struct-layout-1/t028 c_compat_x_tst.o-c_compat_y_tst.o link 
UNRESOLVED: tmpdir-gcc.dg-struct-layout-1/t028 c_compat_x_tst.o-c_compat_y_tst.o execute 
FAIL: tmpdir-gcc.dg-struct-layout-1/t145 c_compat_x_tst.o compile
FAIL: tmpdir-gcc.dg-struct-layout-1/t145 c_compat_y_tst.o compile
UNRESOLVED: tmpdir-gcc.dg-struct-layout-1/t145 c_compat_x_tst.o-c_compat_y_tst.o link 
UNRESOLVED: tmpdir-gcc.dg-struct-layout-1/t145 c_compat_x_tst.o-c_compat_y_tst.o execute 
FAIL: tmpdir-gcc.dg-struct-layout-1/t146 c_compat_x_tst.o compile
FAIL: tmpdir-gcc.dg-struct-layout-1/t146 c_compat_y_tst.o compile
UNRESOLVED: tmpdir-gcc.dg-struct-layout-1/t146 c_compat_x_tst.o-c_compat_y_tst.o link 
UNRESOLVED: tmpdir-gcc.dg-struct-layout-1/t146 c_compat_x_tst.o-c_compat_y_tst.o execute 
FAIL: tmpdir-gcc.dg-struct-layout-1/t147 c_compat_x_tst.o compile
FAIL: tmpdir-gcc.dg-struct-layout-1/t147 c_compat_y_tst.o compile
UNRESOLVED: tmpdir-gcc.dg-struct-layout-1/t147 c_compat_x_tst.o-c_compat_y_tst.o link 
UNRESOLVED: tmpdir-gcc.dg-struct-layout-1/t147 c_compat_x_tst.o-c_compat_y_tst.o execute 
FAIL: tmpdir-gcc.dg-struct-layout-1/t148 c_compat_x_tst.o compile
FAIL: tmpdir-gcc.dg-struct-layout-1/t148 c_compat_y_tst.o compile
UNRESOLVED: tmpdir-gcc.dg-struct-layout-1/t148 c_compat_x_tst.o-c_compat_y_tst.o link 
UNRESOLVED: tmpdir-gcc.dg-struct-layout-1/t148 c_compat_x_tst.o-c_compat_y_tst.o execute 
FAIL: tmpdir-gcc.dg-struct-layout-1/t149 c_compat_x_tst.o compile
FAIL: tmpdir-gcc.dg-struct-layout-1/t149 c_compat_y_tst.o compile
UNRESOLVED: tmpdir-gcc.dg-struct-layout-1/t149 c_compat_x_tst.o-c_compat_y_tst.o link 
UNRESOLVED: tmpdir-gcc.dg-struct-layout-1/t149 c_compat_x_tst.o-c_compat_y_tst.o execute 
FAIL: tmpdir-gcc.dg-struct-layout-1/t150 c_compat_x_tst.o compile
FAIL: tmpdir-gcc.dg-struct-layout-1/t150 c_compat_y_tst.o compile
UNRESOLVED: tmpdir-gcc.dg-struct-layout-1/t150 c_compat_x_tst.o-c_compat_y_tst.o link 
UNRESOLVED: tmpdir-gcc.dg-struct-layout-1/t150 c_compat_x_tst.o-c_compat_y_tst.o execute 
FAIL: tmpdir-gcc.dg-struct-layout-1/t151 c_compat_x_tst.o compile
FAIL: tmpdir-gcc.dg-struct-layout-1/t151 c_compat_y_tst.o compile
UNRESOLVED: tmpdir-gcc.dg-struct-layout-1/t151 c_compat_x_tst.o-c_compat_y_tst.o link 
UNRESOLVED: tmpdir-gcc.dg-struct-layout-1/t151 c_compat_x_tst.o-c_compat_y_tst.o execute 
FAIL: tmpdir-gcc.dg-struct-layout-1/t152 c_compat_x_tst.o compile
FAIL: tmpdir-gcc.dg-struct-layout-1/t152 c_compat_y_tst.o compile
UNRESOLVED: tmpdir-gcc.dg-struct-layout-1/t152 c_compat_x_tst.o-c_compat_y_tst.o link 
UNRESOLVED: tmpdir-gcc.dg-struct-layout-1/t152 c_compat_x_tst.o-c_compat_y_tst.o execute 
FAIL: tmpdir-gcc.dg-struct-layout-1/t153 c_compat_x_tst.o compile
FAIL: tmpdir-gcc.dg-struct-layout-1/t153 c_compat_y_tst.o compile
UNRESOLVED: tmpdir-gcc.dg-struct-layout-1/t153 c_compat_x_tst.o-c_compat_y_tst.o link 
UNRESOLVED: tmpdir-gcc.dg-struct-layout-1/t153 c_compat_x_tst.o-c_compat_y_tst.o execute 
FAIL: tmpdir-gcc.dg-struct-layout-1/t154 c_compat_x_tst.o compile
FAIL: tmpdir-gcc.dg-struct-layout-1/t154 c_compat_y_tst.o compile
UNRESOLVED: tmpdir-gcc.dg-struct-layout-1/t154 c_compat_x_tst.o-c_compat_y_tst.o link 
UNRESOLVED: tmpdir-gcc.dg-struct-layout-1/t154 c_compat_x_tst.o-c_compat_y_tst.o execute 
FAIL: tmpdir-gcc.dg-struct-layout-1/t155 c_compat_x_tst.o compile
FAIL: tmpdir-gcc.dg-struct-layout-1/t155 c_compat_y_tst.o compile
UNRESOLVED: tmpdir-gcc.dg-struct-layout-1/t155 c_compat_x_tst.o-c_compat_y_tst.o link 
UNRESOLVED: tmpdir-gcc.dg-struct-layout-1/t155 c_compat_x_tst.o-c_compat_y_tst.o execute 
FAIL: tmpdir-gcc.dg-struct-layout-1/t156 c_compat_x_tst.o compile
FAIL: tmpdir-gcc.dg-struct-layout-1/t156 c_compat_y_tst.o compile
UNRESOLVED: tmpdir-gcc.dg-struct-layout-1/t156 c_compat_x_tst.o-c_compat_y_tst.o link 
UNRESOLVED: tmpdir-gcc.dg-struct-layout-1/t156 c_compat_x_tst.o-c_compat_y_tst.o execute 
FAIL: tmpdir-gcc.dg-struct-layout-1/t180 c_compat_x_tst.o compile
FAIL: tmpdir-gcc.dg-struct-layout-1/t180 c_compat_y_tst.o compile
UNRESOLVED: tmpdir-gcc.dg-struct-layout-1/t180 c_compat_x_tst.o-c_compat_y_tst.o link 
UNRESOLVED: tmpdir-gcc.dg-struct-layout-1/t180 c_compat_x_tst.o-c_compat_y_tst.o execute 
FAIL: tmpdir-gcc.dg-struct-layout-1/t181 c_compat_x_tst.o compile
FAIL: tmpdir-gcc.dg-struct-layout-1/t181 c_compat_y_tst.o compile
UNRESOLVED: tmpdir-gcc.dg-struct-layout-1/t181 c_compat_x_tst.o-c_compat_y_tst.o link 
UNRESOLVED: tmpdir-gcc.dg-struct-layout-1/t181 c_compat_x_tst.o-c_compat_y_tst.o execute 
FAIL: tmpdir-gcc.dg-struct-layout-1/t182 c_compat_x_tst.o compile
FAIL: tmpdir-gcc.dg-struct-layout-1/t182 c_compat_y_tst.o compile
UNRESOLVED: tmpdir-gcc.dg-struct-layout-1/t182 c_compat_x_tst.o-c_compat_y_tst.o link 
UNRESOLVED: tmpdir-gcc.dg-struct-layout-1/t182 c_compat_x_tst.o-c_compat_y_tst.o execute 
FAIL: tmpdir-gcc.dg-struct-layout-1/t183 c_compat_x_tst.o compile
FAIL: tmpdir-gcc.dg-struct-layout-1/t183 c_compat_y_tst.o compile
UNRESOLVED: tmpdir-gcc.dg-struct-layout-1/t183 c_compat_x_tst.o-c_compat_y_tst.o link 
UNRESOLVED: tmpdir-gcc.dg-struct-layout-1/t183 c_compat_x_tst.o-c_compat_y_tst.o execute 
FAIL: tmpdir-gcc.dg-struct-layout-1/t184 c_compat_x_tst.o compile
FAIL: tmpdir-gcc.dg-struct-layout-1/t184 c_compat_y_tst.o compile
UNRESOLVED: tmpdir-gcc.dg-struct-layout-1/t184 c_compat_x_tst.o-c_compat_y_tst.o link 
UNRESOLVED: tmpdir-gcc.dg-struct-layout-1/t184 c_compat_x_tst.o-c_compat_y_tst.o execute 
FAIL: tmpdir-gcc.dg-struct-layout-1/t185 c_compat_x_tst.o compile
FAIL: tmpdir-gcc.dg-struct-layout-1/t185 c_compat_y_tst.o compile
UNRESOLVED: tmpdir-gcc.dg-struct-layout-1/t185 c_compat_x_tst.o-c_compat_y_tst.o link 
UNRESOLVED: tmpdir-gcc.dg-struct-layout-1/t185 c_compat_x_tst.o-c_compat_y_tst.o execute 
FAIL: tmpdir-gcc.dg-struct-layout-1/t186 c_compat_x_tst.o compile
FAIL: tmpdir-gcc.dg-struct-layout-1/t186 c_compat_y_tst.o compile
UNRESOLVED: tmpdir-gcc.dg-struct-layout-1/t186 c_compat_x_tst.o-c_compat_y_tst.o link 
UNRESOLVED: tmpdir-gcc.dg-struct-layout-1/t186 c_compat_x_tst.o-c_compat_y_tst.o execute 
FAIL: tmpdir-gcc.dg-struct-layout-1/t187 c_compat_x_tst.o compile
FAIL: tmpdir-gcc.dg-struct-layout-1/t187 c_compat_y_tst.o compile
UNRESOLVED: tmpdir-gcc.dg-struct-layout-1/t187 c_compat_x_tst.o-c_compat_y_tst.o link 
UNRESOLVED: tmpdir-gcc.dg-struct-layout-1/t187 c_compat_x_tst.o-c_compat_y_tst.o execute 
FAIL: tmpdir-gcc.dg-struct-layout-1/t188 c_compat_x_tst.o compile
FAIL: tmpdir-gcc.dg-struct-layout-1/t188 c_compat_y_tst.o compile
UNRESOLVED: tmpdir-gcc.dg-struct-layout-1/t188 c_compat_x_tst.o-c_compat_y_tst.o link 
UNRESOLVED: tmpdir-gcc.dg-struct-layout-1/t188 c_compat_x_tst.o-c_compat_y_tst.o execute 
FAIL: tmpdir-gcc.dg-struct-layout-1/t189 c_compat_x_tst.o compile
FAIL: tmpdir-gcc.dg-struct-layout-1/t189 c_compat_y_tst.o compile
UNRESOLVED: tmpdir-gcc.dg-struct-layout-1/t189 c_compat_x_tst.o-c_compat_y_tst.o link 
UNRESOLVED: tmpdir-gcc.dg-struct-layout-1/t189 c_compat_x_tst.o-c_compat_y_tst.o execute 
FAIL: tmpdir-gcc.dg-struct-layout-1/t190 c_compat_x_tst.o compile
FAIL: tmpdir-gcc.dg-struct-layout-1/t190 c_compat_y_tst.o compile
UNRESOLVED: tmpdir-gcc.dg-struct-layout-1/t190 c_compat_x_tst.o-c_compat_y_tst.o link 
UNRESOLVED: tmpdir-gcc.dg-struct-layout-1/t190 c_compat_x_tst.o-c_compat_y_tst.o execute 
FAIL: tmpdir-gcc.dg-struct-layout-1/t191 c_compat_x_tst.o compile
FAIL: tmpdir-gcc.dg-struct-layout-1/t191 c_compat_y_tst.o compile
UNRESOLVED: tmpdir-gcc.dg-struct-layout-1/t191 c_compat_x_tst.o-c_compat_y_tst.o link 
UNRESOLVED: tmpdir-gcc.dg-struct-layout-1/t191 c_compat_x_tst.o-c_compat_y_tst.o execute 
FAIL: tmpdir-gcc.dg-struct-layout-1/t192 c_compat_x_tst.o compile
FAIL: tmpdir-gcc.dg-struct-layout-1/t192 c_compat_y_tst.o compile
UNRESOLVED: tmpdir-gcc.dg-struct-layout-1/t192 c_compat_x_tst.o-c_compat_y_tst.o link 
UNRESOLVED: tmpdir-gcc.dg-struct-layout-1/t192 c_compat_x_tst.o-c_compat_y_tst.o execute 
FAIL: tmpdir-gcc.dg-struct-layout-1/t193 c_compat_x_tst.o compile
FAIL: tmpdir-gcc.dg-struct-layout-1/t193 c_compat_y_tst.o compile
UNRESOLVED: tmpdir-gcc.dg-struct-layout-1/t193 c_compat_x_tst.o-c_compat_y_tst.o link 
UNRESOLVED: tmpdir-gcc.dg-struct-layout-1/t193 c_compat_x_tst.o-c_compat_y_tst.o execute 
FAIL: tmpdir-gcc.dg-struct-layout-1/t194 c_compat_x_tst.o compile
FAIL: tmpdir-gcc.dg-struct-layout-1/t194 c_compat_y_tst.o compile
UNRESOLVED: tmpdir-gcc.dg-struct-layout-1/t194 c_compat_x_tst.o-c_compat_y_tst.o link 
UNRESOLVED: tmpdir-gcc.dg-struct-layout-1/t194 c_compat_x_tst.o-c_compat_y_tst.o execute 
FAIL: tmpdir-gcc.dg-struct-layout-1/t195 c_compat_x_tst.o compile
FAIL: tmpdir-gcc.dg-struct-layout-1/t195 c_compat_y_tst.o compile
UNRESOLVED: tmpdir-gcc.dg-struct-layout-1/t195 c_compat_x_tst.o-c_compat_y_tst.o link 
UNRESOLVED: tmpdir-gcc.dg-struct-layout-1/t195 c_compat_x_tst.o-c_compat_y_tst.o execute 
FAIL: tmpdir-gcc.dg-struct-layout-1/t196 c_compat_x_tst.o compile
FAIL: tmpdir-gcc.dg-struct-layout-1/t196 c_compat_y_tst.o compile
UNRESOLVED: tmpdir-gcc.dg-struct-layout-1/t196 c_compat_x_tst.o-c_compat_y_tst.o link 
UNRESOLVED: tmpdir-gcc.dg-struct-layout-1/t196 c_compat_x_tst.o-c_compat_y_tst.o execute 
FAIL: tmpdir-gcc.dg-struct-layout-1/t197 c_compat_x_tst.o compile
FAIL: tmpdir-gcc.dg-struct-layout-1/t197 c_compat_y_tst.o compile
UNRESOLVED: tmpdir-gcc.dg-struct-layout-1/t197 c_compat_x_tst.o-c_compat_y_tst.o link 
UNRESOLVED: tmpdir-gcc.dg-struct-layout-1/t197 c_compat_x_tst.o-c_compat_y_tst.o execute 
FAIL: tmpdir-gcc.dg-struct-layout-1/t198 c_compat_x_tst.o compile
FAIL: tmpdir-gcc.dg-struct-layout-1/t198 c_compat_y_tst.o compile
UNRESOLVED: tmpdir-gcc.dg-struct-layout-1/t198 c_compat_x_tst.o-c_compat_y_tst.o link 
UNRESOLVED: tmpdir-gcc.dg-struct-layout-1/t198 c_compat_x_tst.o-c_compat_y_tst.o execute 
FAIL: tmpdir-gcc.dg-struct-layout-1/t199 c_compat_x_tst.o compile
FAIL: tmpdir-gcc.dg-struct-layout-1/t199 c_compat_y_tst.o compile
UNRESOLVED: tmpdir-gcc.dg-struct-layout-1/t199 c_compat_x_tst.o-c_compat_y_tst.o link 
UNRESOLVED: tmpdir-gcc.dg-struct-layout-1/t199 c_compat_x_tst.o-c_compat_y_tst.o execute 
FAIL: tmpdir-gcc.dg-struct-layout-1/t200 c_compat_x_tst.o compile
FAIL: tmpdir-gcc.dg-struct-layout-1/t200 c_compat_y_tst.o compile
UNRESOLVED: tmpdir-gcc.dg-struct-layout-1/t200 c_compat_x_tst.o-c_compat_y_tst.o link 
UNRESOLVED: tmpdir-gcc.dg-struct-layout-1/t200 c_compat_x_tst.o-c_compat_y_tst.o execute 
FAIL: tmpdir-gcc.dg-struct-layout-1/t201 c_compat_x_tst.o compile
FAIL: tmpdir-gcc.dg-struct-layout-1/t201 c_compat_y_tst.o compile
UNRESOLVED: tmpdir-gcc.dg-struct-layout-1/t201 c_compat_x_tst.o-c_compat_y_tst.o link 
UNRESOLVED: tmpdir-gcc.dg-struct-layout-1/t201 c_compat_x_tst.o-c_compat_y_tst.o execute 
FAIL: gcc.dg/debug/20020220-1.c -gdwarf-21 (test for excess errors)
WARNING: gcc.dg/debug/20020220-1.c -gdwarf-21 compilation failed to produce executable
FAIL: gcc.dg/debug/20020220-1.c -gdwarf-2 (test for excess errors)
WARNING: gcc.dg/debug/20020220-1.c -gdwarf-2 compilation failed to produce executable
FAIL: gcc.dg/debug/20020220-1.c -gdwarf-23 (test for excess errors)
WARNING: gcc.dg/debug/20020220-1.c -gdwarf-23 compilation failed to produce executable
FAIL: gcc.dg/debug/20020220-1.c -gstabs1 (test for excess errors)
WARNING: gcc.dg/debug/20020220-1.c -gstabs1 compilation failed to produce executable
FAIL: gcc.dg/debug/20020220-1.c -gstabs (test for excess errors)
WARNING: gcc.dg/debug/20020220-1.c -gstabs compilation failed to produce executable
FAIL: gcc.dg/debug/20020220-1.c -gstabs3 (test for excess errors)
WARNING: gcc.dg/debug/20020220-1.c -gstabs3 compilation failed to produce executable
FAIL: gcc.dg/debug/20020220-1.c -gstabs+1 (test for excess errors)
WARNING: gcc.dg/debug/20020220-1.c -gstabs+1 compilation failed to produce executable
FAIL: gcc.dg/debug/20020220-1.c -gstabs+ (test for excess errors)
WARNING: gcc.dg/debug/20020220-1.c -gstabs+ compilation failed to produce executable
FAIL: gcc.dg/debug/20020220-1.c -gstabs+3 (test for excess errors)
WARNING: gcc.dg/debug/20020220-1.c -gstabs+3 compilation failed to produce executable
FAIL: gcc.dg/20020319-1.c (test for excess errors)
FAIL: gcc.dg/Wbad-function-cast-1.c (test for excess errors)
FAIL: gcc.dg/Wconversion-2.c (test for excess errors)
FAIL: gcc.dg/builtins-1.c (test for excess errors)
ERROR: gcc.dg/builtins-1.c: error executing dg-final: couldn't open "builtins-1.s": no such file or directory
UNRESOLVED: gcc.dg/builtins-1.c: error executing dg-final: couldn't open "builtins-1.s": no such file or directory
FAIL: gcc.dg/builtins-16.c (test for excess errors)
ERROR: gcc.dg/builtins-16.c: error executing dg-final: couldn't open "builtins-16.s": no such file or directory
UNRESOLVED: gcc.dg/builtins-16.c: error executing dg-final: couldn't open "builtins-16.s": no such file or directory
FAIL: gcc.dg/c99-complex-1.c (test for excess errors)
FAIL: gcc.dg/c99-complex-2.c (test for excess errors)
FAIL: gcc.dg/complex-1.c (test for excess errors)
WARNING: gcc.dg/complex-1.c compilation failed to produce executable
FAIL: gcc.dg/complex-3.c (test for excess errors)
WARNING: gcc.dg/complex-3.c compilation failed to produce executable
FAIL: gcc.dg/wtr-conversion-1.c (test for excess errors)

		=== gcc Summary for unix/-m64 ===

# of expected passes		34328
# of unexpected failures	199
# of expected failures		96
# of unresolved testcases	151
# of untested testcases		28
# of unsupported tests		433

		=== gcc Summary ===

# of expected passes		68650
# of unexpected failures	398
# of expected failures		185
# of unresolved testcases	302
# of untested testcases		56
# of unsupported tests		869
/home/jgrimm/build/nightly/build-gcc-dfp/gcc/xgcc  version 4.0.0-dfp-branch 20050211 (experimental)

		=== libmudflap tests ===


Running target unix/-m32
FAIL: libmudflap.cth/pass40-frag.c execution test
FAIL: libmudflap.cth/pass40-frag.c output pattern test
FAIL: libmudflap.cth/pass40-frag.c (-O2) execution test
FAIL: libmudflap.cth/pass40-frag.c (-O2) output pattern test
FAIL: libmudflap.cth/pass40-frag.c (-O3) execution test
FAIL: libmudflap.cth/pass40-frag.c (-O3) output pattern test

		=== libmudflap Summary for unix/-m32 ===

# of expected passes		1274
# of unexpected failures	6

Running target unix/-m64
FAIL: libmudflap.c/fail27-frag.c output pattern test
FAIL: libmudflap.c/fail27-frag.c (-O2) output pattern test
FAIL: libmudflap.c/fail27-frag.c (-O3) output pattern test

		=== libmudflap Summary for unix/-m64 ===

# of expected passes		1277
# of unexpected failures	3

		=== libmudflap Summary ===

# of expected passes		2551
# of unexpected failures	9

		=== libstdc++-v3 check-abi Summary ===

# of added symbols:		 63
# of missing symbols:		 0
# of incompatible symbols:	 0

using: /home/jgrimm/src/gcc_dfp_anoncvs/gcc/libstdc++-v3/config/abi/powerpc-linux-gnu/baseline_symbols.txt

		=== libstdc++ tests ===


Running target unix/-m32
XPASS: 22_locale/locale/cons/12658_thread-1.cc execution test
XPASS: 26_numerics/cmath/c99_classification_macros_c.cc (test for excess errors)
FAIL: 26_numerics/complex/13450.cc (test for excess errors)
WARNING: 26_numerics/complex/13450.cc compilation failed to produce executable
FAIL: 26_numerics/complex/complex_inserters_extractors.cc (test for excess errors)
WARNING: 26_numerics/complex/complex_inserters_extractors.cc compilation failed to produce executable
FAIL: 26_numerics/complex/pow.cc (test for excess errors)
WARNING: 26_numerics/complex/pow.cc compilation failed to produce executable

		=== libstdc++ Summary for unix/-m32 ===

# of expected passes		3471
# of unexpected failures	3
# of unexpected successes	2
# of expected failures		6

Running target unix/-m64
XPASS: 22_locale/locale/cons/12658_thread-1.cc execution test
FAIL: 22_locale/messages/members/char/1.cc execution test
FAIL: 22_locale/messages/members/char/2.cc execution test
FAIL: 22_locale/messages/members/char/wrapped_env.cc execution test
FAIL: 22_locale/messages/members/char/wrapped_locale.cc execution test
FAIL: 22_locale/messages_byname/named_equivalence.cc execution test
XPASS: 26_numerics/cmath/c99_classification_macros_c.cc (test for excess errors)
FAIL: 26_numerics/complex/13450.cc (test for excess errors)
WARNING: 26_numerics/complex/13450.cc compilation failed to produce executable
FAIL: 26_numerics/complex/complex_inserters_extractors.cc (test for excess errors)
WARNING: 26_numerics/complex/complex_inserters_extractors.cc compilation failed to produce executable
FAIL: 26_numerics/complex/complex_value.cc (test for excess errors)
WARNING: 26_numerics/complex/complex_value.cc compilation failed to produce executable
FAIL: 26_numerics/complex/pow.cc (test for excess errors)
WARNING: 26_numerics/complex/pow.cc compilation failed to produce executable
XPASS: 27_io/fpos/14320-1.cc execution test

		=== libstdc++ Summary for unix/-m64 ===

# of expected passes		3464
# of unexpected failures	9
# of unexpected successes	3
# of expected failures		5

		=== libstdc++ Summary ===

# of expected passes		6935
# of unexpected failures	12
# of unexpected successes	5
# of expected failures		11

Compiler version: 4.0.0-dfp-branch 20050211 (experimental) 
Platform: powerpc64-unknown-linux-gnu
configure flags: --prefix=/home/jgrimm/opt/gcc-nightly/dfp-20050224 --build=powerpc64-linux --host=powerpc64-linux --target=powerpc64-linux --with-cpu=default32 --with-as=/home/jgrimm/tools/binutils/bin/as --with-ld=/home/jgrimm/tools/binutils/bin/ld --enable-threads=posix --enable-shared --enable-__cxa_atexit --with-mpfr=/home/jgrimm/opt/gcc-nightly/gmp64 --enable-languages=c,c++



More information about the Gcc-testresults mailing list