Results for 4.0.0 20050223 (experimental) testsuite on sparc-sun-solaris2.9
Bradley J Lucier
lucier@math.purdue.edu
Thu Feb 24 12:03:00 GMT 2005
LAST_UPDATED: Wed Feb 23 03:16:01 UTC 2005
Native configuration is sparc-sun-solaris2.9
=== g++ tests ===
Running target unix/-m64
=== g++ Summary for unix/-m64 ===
# of expected passes 10560
# of expected failures 71
# of unsupported tests 143
Running target unix
=== g++ Summary for unix ===
# of expected passes 10592
# of expected failures 71
# of unsupported tests 141
=== g++ Summary ===
# of expected passes 21152
# of expected failures 142
# of unsupported tests 284
/export/users/lucier/programs/gcc/mainline/objdir/gcc/testsuite/../g++ version 4.0.0 20050223 (experimental)
=== gcc tests ===
Running target unix/-m64
=== gcc Summary for unix/-m64 ===
# of expected passes 33912
# of expected failures 107
# of untested testcases 28
# of unsupported tests 509
Running target unix
=== gcc Summary for unix ===
# of expected passes 33917
# of expected failures 107
# of untested testcases 28
# of unsupported tests 507
=== gcc Summary ===
# of expected passes 67829
# of expected failures 214
# of untested testcases 56
# of unsupported tests 1016
/export/users/lucier/programs/gcc/mainline/objdir/gcc/xgcc version 4.0.0 20050223 (experimental)
=== gfortran tests ===
Running target unix/-m64
XPASS: gfortran.dg/ret_pointer_1.f90 execution test
XPASS: gfortran.dg/ret_pointer_1.f90 execution test
XPASS: gfortran.dg/ret_pointer_1.f90 execution test
XPASS: gfortran.dg/ret_pointer_1.f90 execution test
XPASS: gfortran.dg/ret_pointer_1.f90 execution test
XPASS: gfortran.dg/ret_pointer_1.f90 execution test
XPASS: gfortran.dg/ret_pointer_1.f90 execution test
XPASS: gfortran.dg/ret_pointer_1.f90 execution test
FAIL: gfortran.fortran-torture/execute/forall_3.f90 execution, -O0
FAIL: gfortran.fortran-torture/execute/forall_3.f90 execution, -O1
=== gfortran Summary for unix/-m64 ===
# of expected passes 5297
# of unexpected failures 2
# of unexpected successes 8
# of expected failures 18
# of unsupported tests 8
Running target unix
XPASS: gfortran.dg/ret_pointer_1.f90 execution test
XPASS: gfortran.dg/ret_pointer_1.f90 execution test
XPASS: gfortran.dg/ret_pointer_1.f90 execution test
XPASS: gfortran.dg/ret_pointer_1.f90 execution test
XPASS: gfortran.dg/ret_pointer_1.f90 execution test
XPASS: gfortran.dg/ret_pointer_1.f90 execution test
XPASS: gfortran.dg/ret_pointer_1.f90 execution test
FAIL: gfortran.fortran-torture/execute/forall_3.f90 execution, -O1
=== gfortran Summary for unix ===
# of expected passes 5298
# of unexpected failures 1
# of unexpected successes 7
# of expected failures 19
# of unsupported tests 8
=== gfortran Summary ===
# of expected passes 10595
# of unexpected failures 3
# of unexpected successes 15
# of expected failures 37
# of unsupported tests 16
/export/users/lucier/programs/gcc/mainline/objdir/gcc/testsuite/../gfortran version 4.0.0 20050223 (experimental)
=== objc tests ===
Running target unix/-m64
=== objc Summary for unix/-m64 ===
# of expected passes 1534
# of unsupported tests 10
Running target unix
=== objc Summary for unix ===
# of expected passes 1534
# of unsupported tests 10
=== objc Summary ===
# of expected passes 3068
# of unsupported tests 20
/export/users/lucier/programs/gcc/mainline/objdir/gcc/xgcc version 4.0.0 20050223 (experimental)
=== libffi tests ===
Running target unix/-m64
=== libffi Summary for unix/-m64 ===
# of expected passes 216
# of unsupported tests 2
Running target unix
=== libffi Summary for unix ===
# of expected passes 216
# of unsupported tests 2
=== libffi Summary ===
# of expected passes 432
# of unsupported tests 4
=== libjava tests ===
Running target unix/-m64
FAIL: Array_3 execution - gij test
FAIL: Array_3 execution - gij test
FAIL: FileHandleGcTest execution - source compiled test
FAIL: FileHandleGcTest execution - gij test
FAIL: FileHandleGcTest execution - bytecode->native test
FAIL: FileHandleGcTest -O3 execution - source compiled test
FAIL: FileHandleGcTest execution - gij test
FAIL: FileHandleGcTest -O3 execution - bytecode->native test
FAIL: Throw_2 execution - gij test
FAIL: Throw_2 execution - gij test
=== libjava Summary for unix/-m64 ===
# of expected passes 3749
# of unexpected failures 10
# of expected failures 14
# of untested testcases 26
Running target unix
FAIL: Array_3 execution - gij test
FAIL: Array_3 execution - gij test
FAIL: FileHandleGcTest execution - source compiled test
FAIL: FileHandleGcTest execution - gij test
FAIL: FileHandleGcTest execution - bytecode->native test
FAIL: FileHandleGcTest -O3 execution - source compiled test
FAIL: FileHandleGcTest execution - gij test
FAIL: FileHandleGcTest -O3 execution - bytecode->native test
=== libjava Summary for unix ===
# of expected passes 3753
# of unexpected failures 8
# of expected failures 14
# of untested testcases 24
=== libjava Summary ===
# of expected passes 7502
# of unexpected failures 18
# of expected failures 28
# of untested testcases 50
=== libstdc++ tests ===
Running target unix/-m64
FAIL: 22_locale/locale/cons/12658_thread-1.cc execution test
=== libstdc++ Summary for unix/-m64 ===
# of expected passes 3578
# of unexpected failures 1
# of expected failures 10
Running target unix
=== libstdc++ Summary for unix ===
# of expected passes 3579
# of expected failures 10
=== libstdc++ Summary ===
# of expected passes 7157
# of unexpected failures 1
# of expected failures 20
Compiler version: 4.0.0 20050223 (experimental)
Platform: sparc-sun-solaris2.9
configure flags: --host=sparc-sun-solaris2.9 --build=sparc-sun-solaris2.9 --target=sparc-sun-solaris2.9 --prefix=/export/users/lucier/local/gcc-mainline --with-gmp=/pkgs/gmp-4.1.4 --with-mpfr=/pkgs/gmp-4.1.4 --enable-languages=c,c++,f95,java,objc
BOOT_CFLAGS=-g -O2
Counting all warnings,
there are 27 warnings in stage3 of this bootstrap.
Number of warnings per file:
8 gcc/unwind-dw2.c
7 /pkgs/gnu/share/bison.simple
3 gengtype-lex.c
2 gcc/objc/lang-specs.h
2 gcc/gcc.c
1 gcc/java/jvspec.c
1 gcc/fortran/trans-common.c
1 gcc/fortran/simplify.c
1 gcc/fortran/resolve.c
1 gcc/fortran/expr.c
Number of warning types:
8 old-style function definition
4 missing braces around initializer
4 control may reach end of non-void function '__gmpz_get_ui' being inlined
4 (near initialization for 'once_regsizes.__pthread_once_pad')
2 comparison between signed and unsigned
1 string length '844' is greater than the length '509' ISO C89 compilers are required to support
1 string length '834' is greater than the length '509' ISO C89 compilers are required to support
1 string length '783' is greater than the length '509' ISO C89 compilers are required to support
1 string length '643' is greater than the length '509' ISO C89 compilers are required to support
1 string length '608' is greater than the length '509' ISO C89 compilers are required to support
More information about the Gcc-testresults
mailing list