Results for 4.0.0 20050223 (experimental) testsuite on i586-redhat-linux-gnu

Eric Botcazou eric@localhost.localdomain
Thu Feb 24 08:51:00 GMT 2005


LAST_UPDATED: Wed Feb 23 05:53:50 UTC 2005

		=== acats tests ===
FAIL:	c32001e
FAIL:	c37402a
FAIL:	c391002
FAIL:	c432002
FAIL:	c43214c
FAIL:	c52011a
FAIL:	c64105b
FAIL:	c95086b
FAIL:	cd2b11a
FAIL:	cd2b11b
FAIL:	cdd2a02
FAIL:	cxa3004
FAIL:	cxa4006
FAIL:	cxa4017
FAIL:	cxb3006

		=== acats Summary ===
# of expected passes		2307
# of unexpected failures	15
Native configuration is i586-redhat-linux-gnu

		=== gcc tests ===


Running target unix
WARNING: Could not compile gcc.dg/compat/struct-layout-1 generator
XPASS: gcc.dg/cpp/cmdlne-dI-M.c scan-file (^|\\\\n)cmdlne-dI-M.*:[^\\\\n]*cmdlne-dI-M.c
XPASS: gcc.dg/cpp/cmdlne-dM-M.c scan-file (^|\\\\n)cmdlne-dM-M[^\\\\n]*:[^\\\\n]*cmdlne-dM-M.c
FAIL: gcc.dg/i386-sse-9.c execution test
XPASS: gcc.dg/vect/vect-22.c scan-tree-dump-times vectorized 3 loops 1

		=== gcc Summary ===

# of expected passes		33130
# of unexpected failures	1
# of unexpected successes	3
# of expected failures		99
# of untested testcases		28
# of unsupported tests		307
/home/eric/build/gcc/native/gcc/xgcc  version 4.0.0 20050223 (experimental)

		=== gfortran tests ===


Running target unix
FAIL: gfortran.dg/list_read_4.f90  -O0  (test for excess errors)
WARNING: gfortran.dg/list_read_4.f90  -O0  compilation failed to produce executable
FAIL: gfortran.dg/list_read_4.f90  -O1  (test for excess errors)
WARNING: gfortran.dg/list_read_4.f90  -O1  compilation failed to produce executable
FAIL: gfortran.dg/list_read_4.f90  -O2  (test for excess errors)
WARNING: gfortran.dg/list_read_4.f90  -O2  compilation failed to produce executable
FAIL: gfortran.dg/list_read_4.f90  -O3 -fomit-frame-pointer  (test for excess errors)
WARNING: gfortran.dg/list_read_4.f90  -O3 -fomit-frame-pointer  compilation failed to produce executable
FAIL: gfortran.dg/list_read_4.f90  -O3 -fomit-frame-pointer -funroll-loops  (test for excess errors)
WARNING: gfortran.dg/list_read_4.f90  -O3 -fomit-frame-pointer -funroll-loops  compilation failed to produce executable
FAIL: gfortran.dg/list_read_4.f90  -O3 -fomit-frame-pointer -funroll-all-loops -finline-functions  (test for excess errors)
WARNING: gfortran.dg/list_read_4.f90  -O3 -fomit-frame-pointer -funroll-all-loops -finline-functions  compilation failed to produce executable
FAIL: gfortran.dg/list_read_4.f90  -O3 -g  (test for excess errors)
WARNING: gfortran.dg/list_read_4.f90  -O3 -g  compilation failed to produce executable
FAIL: gfortran.dg/list_read_4.f90  -Os  (test for excess errors)
WARNING: gfortran.dg/list_read_4.f90  -Os  compilation failed to produce executable
XPASS: gfortran.dg/ret_pointer_1.f90  -O0  execution test
XPASS: gfortran.dg/ret_pointer_1.f90  -O1  execution test
XPASS: gfortran.dg/ret_pointer_1.f90  -O2  execution test
XPASS: gfortran.dg/ret_pointer_1.f90  -O3 -fomit-frame-pointer  execution test
XPASS: gfortran.dg/ret_pointer_1.f90  -O3 -fomit-frame-pointer -funroll-loops  execution test
XPASS: gfortran.dg/ret_pointer_1.f90  -O3 -fomit-frame-pointer -funroll-all-loops -finline-functions  execution test
XPASS: gfortran.dg/ret_pointer_1.f90  -O3 -g  execution test
FAIL: gfortran.fortran-torture/execute/forall_3.f90 execution,  -O1 

		=== gfortran Summary ===

# of expected passes		5298
# of unexpected failures	9
# of unexpected successes	7
# of expected failures		19
# of unsupported tests		8
/home/eric/build/gcc/native/gcc/testsuite/../gfortran  version 4.0.0 20050223 (experimental)

		=== g++ tests ===


Running target unix
XPASS: g++.old-deja/g++.other/init5.C execution test

		=== g++ Summary ===

# of expected passes		10754
# of unexpected successes	1
# of expected failures		70
# of unsupported tests		56
/home/eric/build/gcc/native/gcc/testsuite/../g++  version 4.0.0 20050223 (experimental)

		=== objc tests ===


Running target unix

		=== objc Summary ===

# of expected passes		1534
# of unsupported tests		10
/home/eric/build/gcc/native/gcc/xgcc  version 4.0.0 20050223 (experimental)

		=== libffi tests ===


Running target unix

		=== libffi Summary ===

# of expected passes		216
# of unsupported tests		2
		=== libjava tests ===


Running target unix

		=== libjava Summary ===

# of expected passes		3769
# of expected failures		14
# of untested testcases		16

		=== libstdc++-v3 check-abi Summary ===

# of added symbols:		 56
# of missing symbols:		 0
# of incompatible symbols:	 2

using: /home/eric/cvs/gcc/libstdc++-v3/config/abi/i486-linux-gnu/baseline_symbols.txt

		=== libstdc++ tests ===


Running target unix
FAIL: 22_locale/codecvt/encoding/wchar_t/wrapped_locale.cc execution test
FAIL: 22_locale/codecvt/in/wchar_t/9.cc execution test
FAIL: 22_locale/codecvt/max_length/wchar_t/wrapped_locale.cc execution test
FAIL: 22_locale/ctype/widen/wchar_t/2.cc execution test
XPASS: 22_locale/locale/cons/12658_thread-1.cc execution test
XPASS: 26_numerics/cmath/c99_classification_macros_c.cc (test for excess errors)
FAIL: 27_io/basic_filebuf/imbue/wchar_t/12868.cc execution test
FAIL: 27_io/basic_filebuf/overflow/wchar_t/11305-1.cc execution test
FAIL: 27_io/basic_filebuf/overflow/wchar_t/11305-2.cc execution test
FAIL: 27_io/basic_filebuf/overflow/wchar_t/11305-3.cc execution test
FAIL: 27_io/basic_filebuf/overflow/wchar_t/11305-4.cc execution test
FAIL: 27_io/basic_filebuf/seekoff/wchar_t/1.cc execution test
FAIL: 27_io/basic_filebuf/seekoff/wchar_t/2.cc execution test
FAIL: 27_io/basic_filebuf/seekpos/wchar_t/9874.cc execution test
FAIL: 27_io/basic_filebuf/underflow/wchar_t/1.cc execution test
FAIL: 27_io/basic_filebuf/underflow/wchar_t/2.cc execution test
FAIL: 27_io/basic_filebuf/underflow/wchar_t/3.cc execution test
FAIL: 27_io/basic_filebuf/underflow/wchar_t/9520.cc execution test

		=== libstdc++ Summary ===

# of expected passes		3563
# of unexpected failures	16
# of unexpected successes	2
# of expected failures		8

Compiler version: 4.0.0 20050223 (experimental) 
Platform: i586-redhat-linux-gnu
configure flags: i586-redhat-linux-gnu --prefix=/home/eric/install/gcc/native --enable-__cxa_atexit --enable-checking=release --disable-libmudflap --enable-languages=c,ada,c++,f95,java,objc
BOOT_CFLAGS=-O2 -g -fomit-frame-pointer



More information about the Gcc-testresults mailing list