Results for 4.0.0 20050223 (experimental) testsuite on powerpc-unknown-linux-gnu
Aldy Hernandez
aldyh@cure81.build.redhat.com
Wed Feb 23 14:12:00 GMT 2005
LAST_UPDATED:
Native configuration is powerpc-unknown-linux-gnu
=== g++ tests ===
Running target unix
FAIL: g++.old-deja/g++.other/init5.C execution test
=== g++ Summary ===
# of expected passes 10825
# of unexpected failures 1
# of expected failures 70
# of unsupported tests 80
/tmp/aldyh/nightly-builds/powerpc-linux-gnu/cure81.build.redhat.com/gcc/testsuite/../g++ version 4.0.0 20050223 (experimental)
=== gcc tests ===
Running target unix
FAIL: gcc.dg/20020103-1.c scan-assembler-not LC
FAIL: gcc.dg/cleanup-10.c execution test
FAIL: gcc.dg/cleanup-11.c execution test
FAIL: gcc.dg/cleanup-9.c execution test
=== gcc Summary ===
# of expected passes 34890
# of unexpected failures 4
# of expected failures 101
# of untested testcases 28
# of unsupported tests 419
/tmp/aldyh/nightly-builds/powerpc-linux-gnu/cure81.build.redhat.com/gcc/xgcc version 4.0.0 20050223 (experimental)
=== libmudflap tests ===
Running target unix
=== libmudflap Summary ===
# of expected passes 1288
=== libstdc++-v3 check-abi Summary ===
# of added symbols: 65
# of missing symbols: 0
# of incompatible symbols: 2
using: /tmp/aldyh/untainted-sources/gcc/libstdc++-v3/config/abi/powerpc-linux-gnu/baseline_symbols.txt
=== libstdc++ tests ===
Running target unix
XPASS: 22_locale/locale/cons/12658_thread-1.cc execution test
XPASS: 26_numerics/cmath/c99_classification_macros_c.cc (test for excess errors)
=== libstdc++ Summary ===
# of expected passes 3578
# of unexpected successes 2
# of expected failures 9
Compiler version: 4.0.0 20050223 (experimental)
Platform: powerpc-unknown-linux-gnu
configure flags: --host=powerpc-linux-gnu --enable-languages=c,c++
More information about the Gcc-testresults
mailing list