Results for 4.0.0 20050222 (experimental) testsuite on hppa2.0w-hp-hpux11.11

John David Anglin dave@hiauly3.hia.nrc.ca
Tue Feb 22 21:54:00 GMT 2005


LAST_UPDATED: Tue Feb 22 01:41:42 UTC 2005

		=== acats tests ===
FAIL:	c32001e
FAIL:	c391002
FAIL:	c393a06
FAIL:	c432002
FAIL:	c43214c
FAIL:	c52011a
FAIL:	c52104k
FAIL:	c64105b
FAIL:	c85006e
FAIL:	c95086b
FAIL:	cc3120a
FAIL:	cd2b11a
FAIL:	cd2b11b
FAIL:	ce3806d
FAIL:	ce3806e
FAIL:	ce3810a
FAIL:	cxa3004
FAIL:	cxa4006
FAIL:	cxa4017
FAIL:	cxa4034
FAIL:	cxaa008
FAIL:	cxaa009
FAIL:	cxaca01
FAIL:	cxb3006
Native configuration is hppa2.0w-hp-hpux11.11

		=== g++ tests ===


Running target unix
UNRESOLVED: g++.dg/ext/weak1.C
UNRESOLVED: g++.dg/init/init-ref4.C
UNRESOLVED: g++.dg/warn/weak1.C
UNRESOLVED: g++.old-deja/g++.ext/attrib5.C
UNRESOLVED: g++.old-deja/g++.pt/static3.C

		=== g++ Summary ===

# of expected passes		10388
# of expected failures		71
# of unresolved testcases	5
# of unsupported tests		130
/mnt/gnu/gcc-3.3/objdir/gcc/testsuite/../g++  version 4.0.0 20050222 (experimental)

		=== gcc tests ===


Running target unix
FAIL: gcc.dg/charset/builtin1.c (test for excess errors)
WARNING: gcc.dg/charset/builtin1.c compilation failed to produce executable
XPASS: gcc.dg/const-elim-1.c scan-assembler-not L\\\\\$?C[^A-Z]
UNRESOLVED: gcc.dg/darwin-weakimport-1.c
UNRESOLVED: gcc.dg/darwin-weakimport-2.c
UNRESOLVED: gcc.dg/special/weak-1.c
UNRESOLVED: gcc.dg/special/weak-2.c
UNRESOLVED: gcc.dg/special/wkali-1.c
UNRESOLVED: gcc.dg/special/wkali-2.c
UNRESOLVED: gcc.dg/weak/typeof-2.c
UNRESOLVED: gcc.dg/weak/weak-1.c
UNRESOLVED: gcc.dg/weak/weak-10.c
UNRESOLVED: gcc.dg/weak/weak-11.c
UNRESOLVED: gcc.dg/weak/weak-2.c
UNRESOLVED: gcc.dg/weak/weak-3.c
UNRESOLVED: gcc.dg/weak/weak-4.c
UNRESOLVED: gcc.dg/weak/weak-5.c
UNRESOLVED: gcc.dg/weak/weak-6.c
UNRESOLVED: gcc.dg/weak/weak-7.c
UNRESOLVED: gcc.dg/weak/weak-8.c
UNRESOLVED: gcc.dg/weak/weak-9.c

		=== gcc Summary ===

# of expected passes		31932
# of unexpected failures	1
# of unexpected successes	1
# of expected failures		76
# of unresolved testcases	18
# of untested testcases		28
# of unsupported tests		520
/mnt/gnu/gcc-3.3/objdir/gcc/xgcc  version 4.0.0 20050222 (experimental)

		=== gfortran tests ===


Running target unix
XPASS: gfortran.dg/ret_pointer_1.f90  -O0  execution test
XPASS: gfortran.dg/ret_pointer_1.f90  -O1  execution test
XPASS: gfortran.dg/ret_pointer_1.f90  -O2  execution test
XPASS: gfortran.dg/ret_pointer_1.f90  -O3 -fomit-frame-pointer  execution test
XPASS: gfortran.dg/ret_pointer_1.f90  -O3 -fomit-frame-pointer -funroll-loops  execution test
XPASS: gfortran.dg/ret_pointer_1.f90  -O3 -fomit-frame-pointer -funroll-all-loops -finline-functions  execution test
XPASS: gfortran.dg/ret_pointer_1.f90  -O3 -g  execution test
XPASS: gfortran.dg/ret_pointer_1.f90  -Os  execution test
FAIL: gfortran.fortran-torture/execute/forall_3.f90 execution,  -O0 
FAIL: gfortran.fortran-torture/execute/forall_3.f90 execution,  -O1 
FAIL: gfortran.fortran-torture/execute/forall_3.f90 execution,  -O2 
FAIL: gfortran.fortran-torture/execute/forall_3.f90 execution,  -O3 -fomit-frame-pointer 
FAIL: gfortran.fortran-torture/execute/forall_3.f90 execution,  -O3 -fomit-frame-pointer -funroll-loops 
FAIL: gfortran.fortran-torture/execute/forall_3.f90 execution,  -O3 -fomit-frame-pointer -funroll-all-loops -finline-functions 
FAIL: gfortran.fortran-torture/execute/forall_3.f90 execution,  -O3 -g 
FAIL: gfortran.fortran-torture/execute/forall_3.f90 execution,  -Os 

		=== gfortran Summary ===

# of expected passes		5275
# of unexpected failures	8
# of unexpected successes	8
# of expected failures		18
# of unsupported tests		8
/mnt/gnu/gcc-3.3/objdir/gcc/testsuite/../gfortran  version 4.0.0 20050222 (experimental)

		=== objc tests ===


Running target unix
FAIL: objc.dg/stabs-1.m scan-assembler .text"?\\n\\t.stabs.*100,0,0,(\\\\.)?L?Letext[0-9]*\\n(\\\\.)?L?Letext
UNRESOLVED: objc.dg/weak-1.m

		=== objc Summary ===

# of expected passes		1531
# of unexpected failures	1
# of unresolved testcases	1
# of unsupported tests		11
/mnt/gnu/gcc-3.3/objdir/gcc/xgcc  version 4.0.0 20050222 (experimental)

		=== libstdc++ tests ===


Running target unix
FAIL: 18_support/14026.cc execution test
WARNING: tr1/2_general_utilities/memory/shared_ptr/assign/auto_ptr_neg.cc compilation failed to produce executable
WARNING: tr1/2_general_utilities/memory/shared_ptr/assign/auto_ptr_rvalue_neg.cc compilation failed to produce executable
WARNING: tr1/2_general_utilities/memory/shared_ptr/assign/shared_ptr_neg.cc compilation failed to produce executable
WARNING: tr1/2_general_utilities/memory/shared_ptr/cons/auto_ptr_neg.cc compilation failed to produce executable
WARNING: tr1/2_general_utilities/memory/shared_ptr/modifiers/reset_neg.cc compilation failed to produce executable
WARNING: tr1/2_general_utilities/memory/shared_ptr/modifiers/swap_neg.cc compilation failed to produce executable

		=== libstdc++ Summary ===

# of expected passes		3542
# of unexpected failures	1
# of expected failures		8
# of unsupported tests		19

Compiler version: 4.0.0 20050222 (experimental) 
Platform: hppa2.0w-hp-hpux11.11
configure flags: --with-gnu-as --with-as=/opt/gnu/bin/as --enable-shared --disable-nls --with-local-prefix=/opt/gnu --prefix=/opt/gnu/gcc/gcc-4.0.0 --enable-debug=no --enable-threads=posix --with-gmp=/opt/gnu --disable-libmudflap --enable-languages=c,ada,c++,f95,java,objc



More information about the Gcc-testresults mailing list