Results for 4.0.0 20050221 (experimental) testsuite on x86_64-mandrake-linux-gnu

Eric Botcazou eric@localhost.localhost
Tue Feb 22 08:07:00 GMT 2005


LAST_UPDATED: Mon Feb 21 05:28:50 UTC 2005

Native configuration is x86_64-mandrake-linux-gnu

		=== libffi tests ===


Running target unix

		=== libffi Summary for unix ===

# of expected passes		216
# of unsupported tests		2

Running target unix/-m32

		=== libffi Summary for unix/-m32 ===

# of expected passes		216
# of unsupported tests		2

		=== libffi Summary ===

# of expected passes		432
# of unsupported tests		4
		=== libjava tests ===


Running target unix
FAIL: PR20056 execution - gij test
FAIL: PR20056 execution - gij test

		=== libjava Summary for unix ===

# of expected passes		3765
# of unexpected failures	2
# of expected failures		14
# of untested testcases		18

Running target unix/-m32
FAIL: PR20056 execution - gij test
FAIL: PR20056 execution - gij test

		=== libjava Summary for unix/-m32 ===

# of expected passes		3765
# of unexpected failures	2
# of expected failures		14
# of untested testcases		18

		=== libjava Summary ===

# of expected passes		7530
# of unexpected failures	4
# of expected failures		28
# of untested testcases		36

		=== libstdc++-v3 check-abi Summary ===

# of added symbols:		 102
# of missing symbols:		 46
# of incompatible symbols:	 48

using: /home/eric/cvs/gcc/libstdc++-v3/config/abi/x86_64-linux-gnu/baseline_symbols.txt

		=== libstdc++ tests ===


Running target unix
FAIL: 18_support/14026.cc execution test
XPASS: 22_locale/locale/cons/12658_thread-1.cc execution test
XPASS: 26_numerics/cmath/c99_classification_macros_c.cc (test for excess errors)
XPASS: 27_io/fpos/14320-1.cc execution test

		=== libstdc++ Summary for unix ===

# of expected passes		3512
# of unexpected failures	1
# of unexpected successes	3
# of expected failures		4

Running target unix/-m32
FAIL: 18_support/14026.cc execution test
XPASS: 22_locale/locale/cons/12658_thread-1.cc execution test
XPASS: 26_numerics/cmath/c99_classification_macros_c.cc (test for excess errors)

		=== libstdc++ Summary for unix/-m32 ===

# of expected passes		3512
# of unexpected failures	1
# of unexpected successes	2
# of expected failures		5

		=== libstdc++ Summary ===

# of expected passes		7024
# of unexpected failures	2
# of unexpected successes	5
# of expected failures		9
		=== gcc tests ===


Running target unix
XPASS: gcc.dg/cpp/cmdlne-dI-M.c scan-file (^|\\\\n)cmdlne-dI-M.*:[^\\\\n]*cmdlne-dI-M.c
XPASS: gcc.dg/cpp/cmdlne-dM-M.c scan-file (^|\\\\n)cmdlne-dM-M[^\\\\n]*:[^\\\\n]*cmdlne-dM-M.c
XPASS: gcc.dg/vect/vect-22.c scan-tree-dump-times vectorized 3 loops 1

		=== gcc Summary for unix ===

# of expected passes		32955
# of unexpected successes	3
# of expected failures		102
# of untested testcases		28
# of unsupported tests		418

Running target unix/-m32
FAIL: gcc.c-torture/execute/ieee/20010114-2.c execution,  -O1 
FAIL: gcc.c-torture/execute/ieee/20010114-2.c execution,  -O2 
FAIL: gcc.c-torture/execute/ieee/20010114-2.c execution,  -Os 
FAIL: gcc.c-torture/execute/ieee/20030331-1.c execution,  -O1 
FAIL: gcc.c-torture/execute/ieee/20030331-1.c execution,  -O2 
FAIL: gcc.c-torture/execute/ieee/20030331-1.c execution,  -O3 -fomit-frame-pointer 
FAIL: gcc.c-torture/execute/ieee/20030331-1.c execution,  -O3 -g 
FAIL: gcc.c-torture/execute/ieee/20030331-1.c execution,  -Os 
FAIL: gcc.c-torture/execute/ieee/980619-1.c execution,  -O1 
FAIL: gcc.c-torture/execute/ieee/980619-1.c execution,  -O2 
FAIL: gcc.c-torture/execute/ieee/980619-1.c execution,  -O3 -fomit-frame-pointer 
FAIL: gcc.c-torture/execute/ieee/980619-1.c execution,  -O3 -fomit-frame-pointer -funroll-loops 
FAIL: gcc.c-torture/execute/ieee/980619-1.c execution,  -O3 -fomit-frame-pointer -funroll-all-loops -finline-functions 
FAIL: gcc.c-torture/execute/ieee/980619-1.c execution,  -O3 -g 
FAIL: gcc.c-torture/execute/ieee/980619-1.c execution,  -Os 
XPASS: gcc.dg/cpp/cmdlne-dI-M.c scan-file (^|\\\\n)cmdlne-dI-M.*:[^\\\\n]*cmdlne-dI-M.c
XPASS: gcc.dg/cpp/cmdlne-dM-M.c scan-file (^|\\\\n)cmdlne-dM-M[^\\\\n]*:[^\\\\n]*cmdlne-dM-M.c
XPASS: gcc.dg/vect/vect-22.c scan-tree-dump-times vectorized 3 loops 1
WARNING: program timed out.
FAIL: gcc.misc-tests/gcov-9.c execution test
WARNING: program timed out.
FAIL: gcc.misc-tests/linkage.c compile
WARNING: program timed out.
FAIL: gcc.misc-tests/mg.c
WARNING: program timed out.
FAIL: gcc.target/i386/vect-args.c   (test for excess errors)
WARNING: program timed out.
FAIL: gcc.target/i386/vect-args.c  -O (test for excess errors)
WARNING: program timed out.
FAIL: gcc.target/i386/vect-args.c -mmmx  (test for excess errors)
WARNING: program timed out.
FAIL: gcc.target/i386/vect-args.c -mmmx -O (test for excess errors)
WARNING: program timed out.
FAIL: gcc.target/i386/vect-args.c -m3dnow  (test for excess errors)
WARNING: program timed out.
FAIL: gcc.target/i386/vect-args.c -m3dnow -O (test for excess errors)
WARNING: program timed out.
FAIL: gcc.target/i386/vect-args.c -msse  (test for excess errors)
WARNING: program timed out.
FAIL: gcc.target/i386/vect-args.c -msse -O (test for excess errors)
WARNING: program timed out.
FAIL: gcc.target/i386/vect-args.c -msse2  (test for excess errors)
WARNING: program timed out.
FAIL: gcc.target/i386/vect-args.c -msse2 -O (test for excess errors)
WARNING: program timed out.
FAIL: gcc.target/i386/abi-1.c (test for excess errors)
WARNING: program timed out.
FAIL: gcc.target/i386/defines-1.c (test for excess errors)
WARNING: program timed out.
FAIL: gcc.target/i386/defines-2.c (test for excess errors)
WARNING: program timed out.
FAIL: gcc.target/i386/pr13366.c (test for excess errors)
WARNING: program timed out.
FAIL: gcc.target/i386/sse-1.c (test for excess errors)

		=== gcc Summary for unix/-m32 ===

# of expected passes		32925
# of unexpected failures	33
# of unexpected successes	3
# of expected failures		98
# of untested testcases		28
# of unsupported tests		418

		=== gcc Summary ===

# of expected passes		65880
# of unexpected failures	33
# of unexpected successes	6
# of expected failures		200
# of untested testcases		56
# of unsupported tests		836
WARNING: program timed out.
		=== gfortran tests ===


Running target unix
XPASS: gfortran.dg/ret_pointer_1.f90  -O0  execution test
XPASS: gfortran.dg/ret_pointer_1.f90  -O1  execution test
XPASS: gfortran.dg/ret_pointer_1.f90  -O2  execution test
XPASS: gfortran.dg/ret_pointer_1.f90  -O3 -fomit-frame-pointer  execution test
XPASS: gfortran.dg/ret_pointer_1.f90  -O3 -fomit-frame-pointer -funroll-loops  execution test
XPASS: gfortran.dg/ret_pointer_1.f90  -O3 -fomit-frame-pointer -funroll-all-loops -finline-functions  execution test
XPASS: gfortran.dg/ret_pointer_1.f90  -O3 -g  execution test
XPASS: gfortran.dg/ret_pointer_1.f90  -Os  execution test
FAIL: gfortran.fortran-torture/execute/forall_3.f90 execution,  -O0 
FAIL: gfortran.fortran-torture/execute/forall_3.f90 execution,  -O2 
FAIL: gfortran.fortran-torture/execute/forall_3.f90 execution,  -O3 -fomit-frame-pointer 
FAIL: gfortran.fortran-torture/execute/forall_3.f90 execution,  -O3 -fomit-frame-pointer -funroll-loops 
FAIL: gfortran.fortran-torture/execute/forall_3.f90 execution,  -O3 -fomit-frame-pointer -funroll-all-loops -finline-functions 
FAIL: gfortran.fortran-torture/execute/forall_3.f90 execution,  -O3 -g 
FAIL: gfortran.fortran-torture/execute/forall_3.f90 execution,  -Os 

		=== gfortran Summary for unix ===

# of expected passes		5262
# of unexpected failures	7
# of unexpected successes	8
# of expected failures		18
# of unsupported tests		8

Running target unix/-m32
XPASS: gfortran.dg/ret_pointer_1.f90  -O0  execution test
XPASS: gfortran.dg/ret_pointer_1.f90  -O1  execution test
XPASS: gfortran.dg/ret_pointer_1.f90  -O2  execution test
XPASS: gfortran.dg/ret_pointer_1.f90  -O3 -fomit-frame-pointer  execution test
XPASS: gfortran.dg/ret_pointer_1.f90  -O3 -fomit-frame-pointer -funroll-loops  execution test
XPASS: gfortran.dg/ret_pointer_1.f90  -O3 -fomit-frame-pointer -funroll-all-loops -finline-functions  execution test
XPASS: gfortran.dg/ret_pointer_1.f90  -O3 -g  execution test
XPASS: gfortran.dg/ret_pointer_1.f90  -Os  execution test
FAIL: gfortran.fortran-torture/execute/forall_3.f90 execution,  -O1 

		=== gfortran Summary for unix/-m32 ===

# of expected passes		5268
# of unexpected failures	1
# of unexpected successes	8
# of expected failures		18
# of unsupported tests		8

		=== gfortran Summary ===

# of expected passes		10530
# of unexpected failures	8
# of unexpected successes	16
# of expected failures		36
# of unsupported tests		16
/home/eric/build/gcc/native/gcc/testsuite/../gfortran  version 4.0.0 20050221 (experimental)

		=== g++ tests ===


Running target unix
XPASS: g++.old-deja/g++.other/init5.C execution test

		=== g++ Summary for unix ===

# of expected passes		10631
# of unexpected successes	1
# of expected failures		72
# of unsupported tests		90

Running target unix/-m32
FAIL: g++.dg/eh/simd-1.C (test for excess errors)
FAIL: g++.dg/eh/simd-2.C (test for excess errors)
XPASS: g++.old-deja/g++.other/init5.C execution test

		=== g++ Summary for unix/-m32 ===

# of expected passes		10661
# of unexpected failures	2
# of unexpected successes	1
# of expected failures		72
# of unsupported tests		88

		=== g++ Summary ===

# of expected passes		21292
# of unexpected failures	2
# of unexpected successes	2
# of expected failures		144
# of unsupported tests		178
/home/eric/build/gcc/native/gcc/testsuite/../g++  version 4.0.0 20050221 (experimental)

		=== objc tests ===


Running target unix

		=== objc Summary for unix ===

# of expected passes		1534
# of unsupported tests		10

Running target unix/-m32

		=== objc Summary for unix/-m32 ===

# of expected passes		1534
# of unsupported tests		10

		=== objc Summary ===

# of expected passes		3068
# of unsupported tests		20
/home/eric/build/gcc/native/gcc/xgcc  version 4.0.0 20050221 (experimental)


Compiler version: 4.0.0 20050221 (experimental) 
Platform: x86_64-mandrake-linux-gnu
configure flags: amd64-mandrake-linux-gnu --prefix=/home/eric/install/gcc/native --enable-__cxa_atexit --enable-checking=assert,misc,tree,rtl,rtlflag --disable-libmudflap --enable-languages=c,c++,f95,java,objc
BOOT_CFLAGS=-g -O2



More information about the Gcc-testresults mailing list