Results for 4.0.0 20050220 (experimental) testsuite on powerpc-unknown-linux-gnu

Toon Moene toon@moene.indiv.nluug.nl
Tue Feb 22 04:10:00 GMT 2005


LAST_UPDATED: Sun Feb 20 20:11:26 UTC 2005

		=== acats tests ===
FAIL:	c32001e
FAIL:	c34002a
FAIL:	c37402a
FAIL:	c391002
FAIL:	c432002
FAIL:	c43214c
FAIL:	c460007
FAIL:	c52011a
FAIL:	c64105b
FAIL:	c85006e
FAIL:	c95086b
FAIL:	cc1221d
FAIL:	cd2b11a
FAIL:	cd2b11b
FAIL:	cdd2a02
FAIL:	cxa3004
FAIL:	cxa4006
FAIL:	cxa4017
FAIL:	cxb3006

		=== acats Summary ===
# of expected passes		2303
# of unexpected failures	19
Native configuration is powerpc-unknown-linux-gnu

		=== g++ tests ===


Running target unix
FAIL: g++.old-deja/g++.other/init5.C execution test

		=== g++ Summary ===

# of expected passes		10755
# of unexpected failures	1
# of expected failures		72
# of unsupported tests		76
/home/toon/compilers/snapshots/obj/gcc/testsuite/../g++  version 4.0.0 20050220 (experimental)

		=== gcc tests ===


Running target unix
FAIL: gcc.dg/20020103-1.c scan-assembler-not LC
FAIL: gcc.dg/vect/vect-82_64.c execution test
FAIL: gcc.dg/vect/vect-83_64.c execution test

		=== gcc Summary ===

# of expected passes		34135
# of unexpected failures	3
# of expected failures		100
# of untested testcases		28
# of unsupported tests		418
/home/toon/compilers/snapshots/obj/gcc/xgcc  version 4.0.0 20050220 (experimental)

		=== gfortran tests ===


Running target unix
XPASS: gfortran.dg/ret_pointer_1.f90  -O0  execution test
XPASS: gfortran.dg/ret_pointer_1.f90  -O1  execution test
XPASS: gfortran.dg/ret_pointer_1.f90  -O2  execution test
XPASS: gfortran.dg/ret_pointer_1.f90  -O3 -fomit-frame-pointer  execution test
XPASS: gfortran.dg/ret_pointer_1.f90  -O3 -fomit-frame-pointer -funroll-loops  execution test
XPASS: gfortran.dg/ret_pointer_1.f90  -O3 -fomit-frame-pointer -funroll-all-loops -finline-functions  execution test
XPASS: gfortran.dg/ret_pointer_1.f90  -O3 -g  execution test
XPASS: gfortran.dg/ret_pointer_1.f90  -Os  execution test
FAIL: gfortran.fortran-torture/execute/forall_3.f90 execution,  -O0 
FAIL: gfortran.fortran-torture/execute/forall_3.f90 execution,  -O1 
FAIL: gfortran.fortran-torture/execute/forall_3.f90 execution,  -O2 
FAIL: gfortran.fortran-torture/execute/forall_3.f90 execution,  -O3 -fomit-frame-pointer 
FAIL: gfortran.fortran-torture/execute/forall_3.f90 execution,  -O3 -fomit-frame-pointer -funroll-loops 
FAIL: gfortran.fortran-torture/execute/forall_3.f90 execution,  -O3 -fomit-frame-pointer -funroll-all-loops -finline-functions 
FAIL: gfortran.fortran-torture/execute/forall_3.f90 execution,  -O3 -g 
FAIL: gfortran.fortran-torture/execute/forall_3.f90 execution,  -Os 

		=== gfortran Summary ===

# of expected passes		5261
# of unexpected failures	8
# of unexpected successes	8
# of expected failures		18
# of unsupported tests		8
/home/toon/compilers/snapshots/obj/gcc/testsuite/../gfortran  version 4.0.0 20050220 (experimental)

		=== objc tests ===


Running target unix

		=== objc Summary ===

# of expected passes		1534
# of unsupported tests		10
/home/toon/compilers/snapshots/obj/gcc/xgcc  version 4.0.0 20050220 (experimental)

		=== libffi tests ===


Running target unix

		=== libffi Summary ===

# of expected passes		216
# of unsupported tests		2
		=== libjava tests ===


Running target unix
FAIL: PR20056 execution - gij test
FAIL: PR20056 execution - gij test

		=== libjava Summary ===

# of expected passes		3765
# of unexpected failures	2
# of expected failures		14
# of untested testcases		18
		=== libmudflap tests ===


Running target unix

		=== libmudflap Summary ===

# of expected passes		1288

		=== libstdc++-v3 check-abi Summary ===

# of added symbols:		 111
# of missing symbols:		 46
# of incompatible symbols:	 48

using: /home/toon/compilers/snapshots/gcc/libstdc++-v3/config/abi/powerpc-linux-gnu/baseline_symbols.txt

		=== libstdc++ tests ===


Running target unix
FAIL: 18_support/14026.cc execution test
XPASS: 22_locale/locale/cons/12658_thread-1.cc execution test
XPASS: 26_numerics/cmath/c99_classification_macros_c.cc (test for excess errors)

		=== libstdc++ Summary ===

# of expected passes		3511
# of unexpected failures	1
# of unexpected successes	2
# of expected failures		6

Compiler version: 4.0.0 20050220 (experimental) 
Platform: powerpc-unknown-linux-gnu
configure flags: --prefix=/usr/snp --disable-nls --disable-multilib --enable-languages=c,ada,c++,f95,java,objc



More information about the Gcc-testresults mailing list