Results for 4.0.0 20050221 (experimental) testsuite on ia64-hp-hpux11.23

Joseph Myers joseph@sirius.codesourcery.com
Tue Feb 22 02:32:00 GMT 2005


LAST_UPDATED: 
Native configuration is ia64-hp-hpux11.23

		=== g++ tests ===


Running target unix/-milp32
FAIL: g++.dg/opt/longbranch1.C (test for excess errors)
XPASS: g++.dg/other/packed1.C execution test
FAIL: g++.dg/warn/weak1.C (test for excess errors)
WARNING: g++.dg/warn/weak1.C compilation failed to produce executable
FAIL: g++.old-deja/g++.eh/badalloc1.C execution test
FAIL: g++.old-deja/g++.law/profile1.C execution test

		=== g++ Summary for unix/-milp32 ===

# of expected passes		10304
# of unexpected failures	4
# of unexpected successes	1
# of expected failures		77
# of unsupported tests		104

Running target unix/-mlp64
FAIL: g++.dg/opt/longbranch1.C (test for excess errors)
XPASS: g++.dg/other/packed1.C execution test
FAIL: g++.dg/warn/weak1.C (test for excess errors)
WARNING: g++.dg/warn/weak1.C compilation failed to produce executable
FAIL: g++.old-deja/g++.eh/badalloc1.C execution test
FAIL: g++.old-deja/g++.law/profile1.C execution test

		=== g++ Summary for unix/-mlp64 ===

# of expected passes		10272
# of unexpected failures	4
# of unexpected successes	1
# of expected failures		77
# of unsupported tests		106

		=== g++ Summary ===

# of expected passes		20576
# of unexpected failures	8
# of unexpected successes	2
# of expected failures		154
# of unsupported tests		210
/scratch/joseph/gcc-build/gcc/testsuite/../g++  version 4.0.0 20050221 (experimental)

		=== gcc tests ===


Running target unix/-milp32
FAIL: gcc.c-torture/execute/bf64-1.c execution,  -O1 
FAIL: gcc.dg/charset/builtin1.c (test for excess errors)
WARNING: gcc.dg/charset/builtin1.c compilation failed to produce executable
FAIL: gcc.dg/20020219-1.c execution test
FAIL: gcc.dg/20021014-1.c execution test
WARNING: program timed out.
FAIL: gcc.dg/c99-intconst-1.c (test for excess errors)
FAIL: gcc.dg/cleanup-5.c (test for excess errors)
WARNING: gcc.dg/cleanup-5.c compilation failed to produce executable
FAIL: gcc.dg/ia64-fptr-1.c (test for excess errors)
WARNING: gcc.dg/ia64-fptr-1.c compilation failed to produce executable
FAIL: gcc.dg/nest.c execution test
FAIL: gcc.dg/pr19402-2.c (test for excess errors)
WARNING: gcc.dg/pr19402-2.c compilation failed to produce executable
FAIL: gcc.dg/transparent-union-1.c (test for excess errors)
FAIL: gcc.dg/transparent-union-2.c (test for excess errors)
FAIL: largefile.c (test for excess errors)
FAIL: largefile.c (test for excess errors)
FAIL: largefile.c (test for excess errors)
FAIL: largefile.c (test for excess errors)
FAIL: largefile.c (test for excess errors)
FAIL: largefile.c (test for excess errors)
FAIL: largefile.c (test for excess errors)
XPASS: gcc.dg/vect/vect-22.c scan-tree-dump-times vectorized 3 loops 1
XPASS: gcc.dg/vect/vect-44.c scan-tree-dump-times Alignment of access forced using peeling 1
XPASS: gcc.dg/vect/vect-50.c scan-tree-dump-times Alignment of access forced using peeling 1
XPASS: gcc.dg/vect/vect-54.c scan-tree-dump-times Alignment of access forced using peeling 1
XPASS: gcc.dg/vect/vect-58.c scan-tree-dump-times Alignment of access forced using peeling 1
FAIL: gcc.dg/vect/vect-76.c execution test

		=== gcc Summary for unix/-milp32 ===

# of expected passes		33440
# of unexpected failures	19
# of unexpected successes	5
# of expected failures		132
# of untested testcases		35
# of unsupported tests		473

Running target unix/-mlp64
FAIL: gcc.c-torture/execute/bf64-1.c execution,  -O1 
FAIL: gcc.dg/charset/builtin1.c (test for excess errors)
WARNING: gcc.dg/charset/builtin1.c compilation failed to produce executable
FAIL: gcc.dg/20021014-1.c execution test
FAIL: gcc.dg/cleanup-5.c (test for excess errors)
WARNING: gcc.dg/cleanup-5.c compilation failed to produce executable
FAIL: gcc.dg/ia64-fptr-1.c (test for excess errors)
WARNING: gcc.dg/ia64-fptr-1.c compilation failed to produce executable
WARNING: program timed out.
FAIL: gcc.dg/nest.c execution test
FAIL: gcc.dg/pr19402-2.c (test for excess errors)
WARNING: gcc.dg/pr19402-2.c compilation failed to produce executable
FAIL: gcc.dg/transparent-union-1.c (test for excess errors)
FAIL: gcc.dg/transparent-union-2.c (test for excess errors)
FAIL: largefile.c (test for excess errors)
FAIL: largefile.c (test for excess errors)
FAIL: largefile.c (test for excess errors)
FAIL: largefile.c (test for excess errors)
FAIL: largefile.c (test for excess errors)
FAIL: largefile.c (test for excess errors)
FAIL: largefile.c (test for excess errors)
XPASS: gcc.dg/vect/vect-22.c scan-tree-dump-times vectorized 3 loops 1
XPASS: gcc.dg/vect/vect-44.c scan-tree-dump-times Alignment of access forced using peeling 1
XPASS: gcc.dg/vect/vect-50.c scan-tree-dump-times Alignment of access forced using peeling 1
XPASS: gcc.dg/vect/vect-54.c scan-tree-dump-times Alignment of access forced using peeling 1
XPASS: gcc.dg/vect/vect-58.c scan-tree-dump-times Alignment of access forced using peeling 1
FAIL: gcc.dg/vect/vect-76.c execution test

		=== gcc Summary for unix/-mlp64 ===

# of expected passes		33441
# of unexpected failures	17
# of unexpected successes	5
# of expected failures		132
# of untested testcases		35
# of unsupported tests		474

		=== gcc Summary ===

# of expected passes		66881
# of unexpected failures	36
# of unexpected successes	10
# of expected failures		264
# of untested testcases		70
# of unsupported tests		947
/scratch/joseph/gcc-build/gcc/xgcc  version 4.0.0 20050221 (experimental)

		=== libstdc++ tests ===


Running target unix/-milp32
FAIL: 18_support/14026.cc execution test
FAIL: 23_containers/deque/cons/2.cc execution test
FAIL: tr1/6_containers/unordered/instantiate/hash.cc (test for excess errors)

		=== libstdc++ Summary for unix/-milp32 ===

# of expected passes		2423
# of unexpected failures	3
# of expected failures		4
# of unsupported tests		10

Running target unix/-mlp64
FAIL: 18_support/14026.cc execution test
FAIL: tr1/6_containers/unordered/instantiate/hash.cc (test for excess errors)

		=== libstdc++ Summary for unix/-mlp64 ===

# of expected passes		2424
# of unexpected failures	2
# of expected failures		4
# of unsupported tests		10

		=== libstdc++ Summary ===

# of expected passes		4847
# of unexpected failures	5
# of expected failures		8
# of unsupported tests		20

Compiler version: 4.0.0 20050221 (experimental) 
Platform: ia64-hp-hpux11.23
configure flags: --prefix=/scratch/joseph/gcc-install-mainline --enable-threads=posix --with-gnu-as --without-gnu-ld --with-as=/usr/local/tools/gcc-3.3.1/bin/as --enable-languages=c,c++



More information about the Gcc-testresults mailing list