Results for 4.0.0 20050221 (experimental) testsuite on hppa64-hp-hpux11.11
Joseph Myers
joseph@sirius.codesourcery.com
Mon Feb 21 20:48:00 GMT 2005
LAST_UPDATED:
Native configuration is hppa64-hp-hpux11.11
=== g++ tests ===
Running target unix
FAIL: g++.dg/abi/inline1.C scan-assembler-not _ZTV1S
WARNING: program timed out.
FAIL: g++.dg/eh/cleanup1.C (test for excess errors)
FAIL: g++.dg/warn/weak1.C (test for excess errors)
WARNING: g++.dg/warn/weak1.C compilation failed to produce executable
=== g++ Summary ===
# of expected passes 10248
# of unexpected failures 3
# of expected failures 74
# of unsupported tests 109
/scratch/joseph/gcc-build/gcc/testsuite/../g++ version 4.0.0 20050221 (experimental)
=== gcc tests ===
Running target unix
WARNING: program timed out.
FAIL: gcc.c-torture/compile/20001226-1.c (test for excess errors)
WARNING: program timed out.
FAIL: gcc.c-torture/compile/20001226-1.c (test for excess errors)
WARNING: program timed out.
FAIL: gcc.c-torture/compile/20001226-1.c (test for excess errors)
WARNING: program timed out.
FAIL: gcc.c-torture/compile/20001226-1.c (test for excess errors)
FAIL: gcc.dg/charset/builtin1.c (test for excess errors)
WARNING: gcc.dg/charset/builtin1.c compilation failed to produce executable
WARNING: Could not compile gcc.dg/compat/struct-layout-1 generator
FAIL: gcc.dg/20020425-1.c (test for excess errors)
XPASS: gcc.dg/funcorder.c scan-assembler-not link_error,%r
FAIL: gcc.dg/titype-1.c (test for excess errors)
WARNING: gcc.dg/titype-1.c compilation failed to produce executable
FAIL: gcc.dg/uninit-C.c (test for excess errors)
=== gcc Summary ===
# of expected passes 32904
# of unexpected failures 8
# of unexpected successes 1
# of expected failures 77
# of untested testcases 28
# of unsupported tests 484
/scratch/joseph/gcc-build/gcc/xgcc version 4.0.0 20050221 (experimental)
=== libstdc++ tests ===
Running target unix
FAIL: 18_support/14026.cc execution test
=== libstdc++ Summary ===
# of expected passes 3476
# of unexpected failures 1
# of expected failures 5
# of unsupported tests 19
Compiler version: 4.0.0 20050221 (experimental)
Platform: hppa64-hp-hpux11.11
configure flags: --prefix=/scratch/joseph/gcc-install-mainline-64bit --enable-threads=posix --disable-nls --with-gnu-as --without-gnu-ld --with-as=/usr/local/tools/gcc-3.3.1/hppa64-hp-hpux11.11/bin/as --with-ld=/usr/ccs/bin/ld --host=hppa64-hp-hpux11.11 --target=hppa64-hp-hpux11.11 --with-libiconv-prefix=/usr/local --enable-languages=c,c++
More information about the Gcc-testresults
mailing list