Results for 4.0.0 20050221 (experimental) testsuite on mips-sgi-irix6.5

David Billinghurst David.Billinghurst@riotinto.com
Mon Feb 21 17:46:00 GMT 2005


This run on SGI Origin 300 cru300 running IRIX 6.5.22m
Bootstrap compiler gcc (GCC) 3.3.1
Using GNU binutils with -mabi=32 multilib disabled

dejagnu version:
Expect version is	5.40.0
Tcl version is		8.4
Framework version is	1.4.4

LAST_UPDATED: Mon Feb 21 09:07:10 GMT 2005

Native configuration is mips-sgi-irix6.5

		=== g++ tests ===


Running target unix
FAIL: g++.dg/special/conpr-1.C execution test
FAIL: g++.dg/special/conpr-2.C execution test
FAIL: g++.dg/special/conpr-3.C execution test
FAIL: g++.dg/special/conpr-4.C execution test
FAIL: g++.dg/special/initp1.C execution test

		=== g++ Summary for unix ===

# of expected passes		10566
# of unexpected failures	5
# of expected failures		73
# of unsupported tests		123

Running target unix/-mabi=64
FAIL: g++.dg/special/conpr-1.C execution test
FAIL: g++.dg/special/conpr-2.C execution test
FAIL: g++.dg/special/conpr-3.C execution test
FAIL: g++.dg/special/conpr-4.C execution test
FAIL: g++.dg/special/initp1.C execution test

		=== g++ Summary for unix/-mabi=64 ===

# of expected passes		10534
# of unexpected failures	5
# of expected failures		73
# of unsupported tests		125

		=== g++ Summary ===

# of expected passes		21100
# of unexpected failures	10
# of expected failures		146
# of unsupported tests		248
/disk4/billingd/obj/gcc/gcc/testsuite/../g++  version 4.0.0 20050221
(experimental)

		=== gcc tests ===


Running target unix
FAIL: gcc.c-torture/execute/ieee/mul-subnormal-single-1.c execution,  -O0
FAIL: gcc.c-torture/execute/ieee/mul-subnormal-single-1.c execution,  -O1
FAIL: gcc.c-torture/execute/ieee/mul-subnormal-single-1.c execution,  -O2
FAIL: gcc.c-torture/execute/ieee/mul-subnormal-single-1.c
execution,  -O3 -fomit-frame-pointer
FAIL: gcc.c-torture/execute/ieee/mul-subnormal-single-1.c
execution,  -O3 -fomit-frame-pointer -funroll-loops
FAIL: gcc.c-torture/execute/ieee/mul-subnormal-single-1.c
execution,  -O3 -fomit-frame-pointer -funroll-all-loops -finline-functions
FAIL: gcc.c-torture/execute/ieee/mul-subnormal-single-1.c
execution,  -O3 -g
FAIL: gcc.c-torture/execute/ieee/mul-subnormal-single-1.c execution,  -Os
FAIL: gcc.dg/charset/builtin1.c (test for excess errors)
WARNING: gcc.dg/charset/builtin1.c compilation failed to produce
executable

		=== gcc Summary for unix ===

# of expected passes		32454
# of unexpected failures	9
# of expected failures		74
# of untested testcases		28
# of unsupported tests		450

Running target unix/-mabi=64
FAIL: gcc.c-torture/execute/ieee/mul-subnormal-single-1.c execution,  -O0
FAIL: gcc.c-torture/execute/ieee/mul-subnormal-single-1.c execution,  -O1
FAIL: gcc.c-torture/execute/ieee/mul-subnormal-single-1.c execution,  -O2
FAIL: gcc.c-torture/execute/ieee/mul-subnormal-single-1.c
execution,  -O3 -fomit-frame-pointer
FAIL: gcc.c-torture/execute/ieee/mul-subnormal-single-1.c
execution,  -O3 -fomit-frame-pointer -funroll-loops
FAIL: gcc.c-torture/execute/ieee/mul-subnormal-single-1.c
execution,  -O3 -fomit-frame-pointer -funroll-all-loops -finline-functions
FAIL: gcc.c-torture/execute/ieee/mul-subnormal-single-1.c
execution,  -O3 -g
FAIL: gcc.c-torture/execute/ieee/mul-subnormal-single-1.c execution,  -Os
FAIL: gcc.dg/charset/builtin1.c (test for excess errors)
WARNING: gcc.dg/charset/builtin1.c compilation failed to produce
executable

		=== gcc Summary for unix/-mabi=64 ===

# of expected passes		32453
# of unexpected failures	9
# of expected failures		74
# of untested testcases		28
# of unsupported tests		451

		=== gcc Summary ===

# of expected passes		64907
# of unexpected failures	18
# of expected failures		148
# of untested testcases		56
# of unsupported tests		901
/disk4/billingd/obj/gcc/gcc/xgcc  version 4.0.0 20050221 (experimental)

		=== gfortran tests ===


Running target unix
XPASS: gfortran.dg/ret_pointer_1.f90  -O0  execution test
XPASS: gfortran.dg/ret_pointer_1.f90  -O1  execution test
XPASS: gfortran.dg/ret_pointer_1.f90  -O2  execution test
XPASS: gfortran.dg/ret_pointer_1.f90  -O3 -fomit-frame-pointer  execution
test
XPASS:
gfortran.dg/ret_pointer_1.f90  -O3 -fomit-frame-pointer -funroll-loops
execution test
XPASS:
gfortran.dg/ret_pointer_1.f90  -O3 -fomit-frame-pointer -funroll-all-loops
 -finline-functions  execution test
XPASS: gfortran.dg/ret_pointer_1.f90  -O3 -g  execution test
XPASS: gfortran.dg/ret_pointer_1.f90  -Os  execution test
FAIL: gfortran.fortran-torture/execute/arrayarg2.f90
execution,  -O3 -fomit-frame-pointer -funroll-loops
FAIL: gfortran.fortran-torture/execute/arrayarg2.f90
execution,  -O3 -fomit-frame-pointer -funroll-all-loops -finline-functions
FAIL: gfortran.fortran-torture/execute/forall_3.f90 execution,  -O1
FAIL: gfortran.fortran-torture/execute/forall_3.f90 execution,  -O2
FAIL: gfortran.fortran-torture/execute/forall_3.f90
execution,  -O3 -fomit-frame-pointer
FAIL: gfortran.fortran-torture/execute/forall_3.f90
execution,  -O3 -fomit-frame-pointer -funroll-loops
FAIL: gfortran.fortran-torture/execute/forall_3.f90
execution,  -O3 -fomit-frame-pointer -funroll-all-loops -finline-functions
FAIL: gfortran.fortran-torture/execute/forall_3.f90 execution,  -O3 -g
FAIL: gfortran.fortran-torture/execute/forall_3.f90 execution,  -Os
FAIL: gfortran.fortran-torture/execute/intrinsic_abs.f90 execution,  -O0
FAIL: gfortran.fortran-torture/execute/intrinsic_abs.f90 execution,  -O1
FAIL: gfortran.fortran-torture/execute/intrinsic_abs.f90 execution,  -O2
FAIL: gfortran.fortran-torture/execute/intrinsic_abs.f90
execution,  -O3 -fomit-frame-pointer
FAIL: gfortran.fortran-torture/execute/intrinsic_abs.f90
execution,  -O3 -fomit-frame-pointer -funroll-loops
FAIL: gfortran.fortran-torture/execute/intrinsic_abs.f90
execution,  -O3 -fomit-frame-pointer -funroll-all-loops -finline-functions
FAIL: gfortran.fortran-torture/execute/intrinsic_abs.f90
execution,  -O3 -g
FAIL: gfortran.fortran-torture/execute/intrinsic_abs.f90 execution,  -Os
FAIL: gfortran.fortran-torture/execute/strarray_3.f90 execution,  -O2
FAIL: gfortran.fortran-torture/execute/strarray_3.f90
execution,  -O3 -fomit-frame-pointer
FAIL: gfortran.fortran-torture/execute/strarray_3.f90
execution,  -O3 -fomit-frame-pointer -funroll-loops
FAIL: gfortran.fortran-torture/execute/strarray_3.f90
execution,  -O3 -fomit-frame-pointer -funroll-all-loops -finline-functions
FAIL: gfortran.fortran-torture/execute/strarray_3.f90 execution,  -O3 -g

		=== gfortran Summary for unix ===

# of expected passes		5239
# of unexpected failures	22
# of unexpected successes	8
# of expected failures		26
# of unsupported tests		8

Running target unix/-mabi=64
XPASS: gfortran.dg/ret_pointer_1.f90  -O0  execution test
XPASS: gfortran.dg/ret_pointer_1.f90  -O1  execution test
XPASS: gfortran.dg/ret_pointer_1.f90  -O2  execution test
XPASS: gfortran.dg/ret_pointer_1.f90  -O3 -fomit-frame-pointer  execution
test
XPASS:
gfortran.dg/ret_pointer_1.f90  -O3 -fomit-frame-pointer -funroll-loops
execution test
XPASS:
gfortran.dg/ret_pointer_1.f90  -O3 -fomit-frame-pointer -funroll-all-loops
 -finline-functions  execution test
XPASS: gfortran.dg/ret_pointer_1.f90  -O3 -g  execution test
XPASS: gfortran.dg/ret_pointer_1.f90  -Os  execution test
FAIL: gfortran.fortran-torture/execute/arrayarg2.f90 execution,  -O2
FAIL: gfortran.fortran-torture/execute/arrayarg2.f90
execution,  -O3 -fomit-frame-pointer
FAIL: gfortran.fortran-torture/execute/arrayarg2.f90
execution,  -O3 -fomit-frame-pointer -funroll-loops
FAIL: gfortran.fortran-torture/execute/arrayarg2.f90
execution,  -O3 -fomit-frame-pointer -funroll-all-loops -finline-functions
FAIL: gfortran.fortran-torture/execute/arrayarg2.f90 execution,  -O3 -g
FAIL: gfortran.fortran-torture/execute/forall_3.f90 execution,  -O0
FAIL: gfortran.fortran-torture/execute/forall_3.f90 execution,  -O1
FAIL: gfortran.fortran-torture/execute/forall_3.f90 execution,  -O2
FAIL: gfortran.fortran-torture/execute/forall_3.f90
execution,  -O3 -fomit-frame-pointer
FAIL: gfortran.fortran-torture/execute/forall_3.f90
execution,  -O3 -fomit-frame-pointer -funroll-loops
FAIL: gfortran.fortran-torture/execute/forall_3.f90
execution,  -O3 -fomit-frame-pointer -funroll-all-loops -finline-functions
FAIL: gfortran.fortran-torture/execute/forall_3.f90 execution,  -O3 -g
FAIL: gfortran.fortran-torture/execute/forall_3.f90 execution,  -Os
FAIL: gfortran.fortran-torture/execute/intrinsic_abs.f90 execution,  -O0
FAIL: gfortran.fortran-torture/execute/intrinsic_abs.f90 execution,  -O1
FAIL: gfortran.fortran-torture/execute/intrinsic_abs.f90 execution,  -O2
FAIL: gfortran.fortran-torture/execute/intrinsic_abs.f90
execution,  -O3 -fomit-frame-pointer
FAIL: gfortran.fortran-torture/execute/intrinsic_abs.f90
execution,  -O3 -fomit-frame-pointer -funroll-loops
FAIL: gfortran.fortran-torture/execute/intrinsic_abs.f90
execution,  -O3 -fomit-frame-pointer -funroll-all-loops -finline-functions
FAIL: gfortran.fortran-torture/execute/intrinsic_abs.f90
execution,  -O3 -g
FAIL: gfortran.fortran-torture/execute/intrinsic_abs.f90 execution,  -Os
FAIL: gfortran.fortran-torture/execute/strarray_3.f90 execution,  -O2
FAIL: gfortran.fortran-torture/execute/strarray_3.f90
execution,  -O3 -fomit-frame-pointer
FAIL: gfortran.fortran-torture/execute/strarray_3.f90
execution,  -O3 -fomit-frame-pointer -funroll-loops
FAIL: gfortran.fortran-torture/execute/strarray_3.f90
execution,  -O3 -fomit-frame-pointer -funroll-all-loops -finline-functions
FAIL: gfortran.fortran-torture/execute/strarray_3.f90 execution,  -O3 -g

		=== gfortran Summary for unix/-mabi=64 ===

# of expected passes		5235
# of unexpected failures	26
# of unexpected successes	8
# of expected failures		26
# of unsupported tests		8

		=== gfortran Summary ===

# of expected passes		10474
# of unexpected failures	48
# of unexpected successes	16
# of expected failures		52
# of unsupported tests		16
/disk4/billingd/obj/gcc/gcc/testsuite/../gfortran  version 4.0.0 20050221
(experimental)

		=== objc tests ===


Running target unix
FAIL: objc.dg/stabs-1.m scan-assembler
.text"?\\n\\t.stabs.*100,0,0,(\\\\.)?L?Letext[0-9]*\\n(\\\\.)?L?Letext

		=== objc Summary for unix ===

# of expected passes		1533
# of unexpected failures	1
# of unsupported tests		10

Running target unix/-mabi=64
FAIL: objc.dg/stabs-1.m scan-assembler
.text"?\\n\\t.stabs.*100,0,0,(\\\\.)?L?Letext[0-9]*\\n(\\\\.)?L?Letext

		=== objc Summary for unix/-mabi=64 ===

# of expected passes		1533
# of unexpected failures	1
# of unsupported tests		10

		=== objc Summary ===

# of expected passes		3066
# of unexpected failures	2
# of unsupported tests		20
/disk4/billingd/obj/gcc/gcc/xgcc  version 4.0.0 20050221 (experimental)

		=== libstdc++ tests ===


Running target unix
FAIL: 18_support/14026.cc execution test
FAIL: 18_support/numeric_limits.cc execution test
FAIL: 21_strings/basic_string/inserters_extractors/wchar_t/1.cc execution
test
FAIL: 21_strings/basic_string/inserters_extractors/wchar_t/11.cc execution
test
FAIL: 21_strings/basic_string/inserters_extractors/wchar_t/5.cc execution
test
FAIL: 22_locale/ctype/cons/char/1.cc execution test
FAIL: 22_locale/ctype/is/wchar_t/1.cc execution test
FAIL: 22_locale/ctype/scan/wchar_t/1.cc execution test
FAIL: 22_locale/money_get/get/wchar_t/19.cc execution test
FAIL: 22_locale/money_get/get/wchar_t/8.cc execution test
FAIL: 22_locale/num_put/put/char/14220.cc execution test
FAIL: 22_locale/num_put/put/wchar_t/14220.cc execution test
FAIL: 26_numerics/complex/13450.cc execution test
FAIL: 27_io/basic_istream/extractors_arithmetic/wchar_t/01.cc execution
test
FAIL: 27_io/basic_istream/extractors_arithmetic/wchar_t/07.cc execution
test
FAIL: 27_io/basic_istream/extractors_arithmetic/wchar_t/08.cc execution
test
FAIL: 27_io/basic_istream/extractors_arithmetic/wchar_t/10.cc execution
test
FAIL: 27_io/basic_istream/extractors_arithmetic/wchar_t/13.cc execution
test
FAIL: 27_io/basic_istream/extractors_character/wchar_t/1.cc execution test
FAIL: 27_io/basic_istream/extractors_character/wchar_t/11095-i.cc
execution test
FAIL: 27_io/basic_istream/extractors_character/wchar_t/2.cc execution test
FAIL: 27_io/basic_istream/extractors_character/wchar_t/3.cc execution test
FAIL: 27_io/basic_istream/sentry/wchar_t/2.cc execution test
FAIL: 27_io/basic_istream/ws/wchar_t/1.cc execution test
FAIL: 27_io/basic_ostream/inserters_arithmetic/char/4402.cc execution test
FAIL: 27_io/basic_ostream/inserters_arithmetic/wchar_t/4402.cc execution
test

		=== libstdc++ Summary for unix ===

# of expected passes		3459
# of unexpected failures	26
# of expected failures		5

Running target unix/-mabi=64
FAIL: 18_support/14026.cc execution test
FAIL: 18_support/numeric_limits.cc execution test
FAIL: 21_strings/basic_string/inserters_extractors/wchar_t/1.cc execution
test
FAIL: 21_strings/basic_string/inserters_extractors/wchar_t/11.cc execution
test
FAIL: 21_strings/basic_string/inserters_extractors/wchar_t/5.cc execution
test
FAIL: 22_locale/ctype/cons/char/1.cc execution test
FAIL: 22_locale/ctype/is/wchar_t/1.cc execution test
FAIL: 22_locale/ctype/scan/wchar_t/1.cc execution test
FAIL: 22_locale/money_get/get/wchar_t/19.cc execution test
FAIL: 22_locale/money_get/get/wchar_t/8.cc execution test
FAIL: 22_locale/num_put/put/char/14220.cc execution test
FAIL: 22_locale/num_put/put/wchar_t/14220.cc execution test
FAIL: 26_numerics/complex/13450.cc execution test
FAIL: 27_io/basic_istream/extractors_arithmetic/wchar_t/01.cc execution
test
FAIL: 27_io/basic_istream/extractors_arithmetic/wchar_t/07.cc execution
test
FAIL: 27_io/basic_istream/extractors_arithmetic/wchar_t/08.cc execution
test
FAIL: 27_io/basic_istream/extractors_arithmetic/wchar_t/10.cc execution
test
FAIL: 27_io/basic_istream/extractors_arithmetic/wchar_t/13.cc execution
test
FAIL: 27_io/basic_istream/extractors_character/wchar_t/1.cc execution test
FAIL: 27_io/basic_istream/extractors_character/wchar_t/11095-i.cc
execution test
FAIL: 27_io/basic_istream/extractors_character/wchar_t/2.cc execution test
FAIL: 27_io/basic_istream/extractors_character/wchar_t/3.cc execution test
FAIL: 27_io/basic_istream/sentry/wchar_t/2.cc execution test
FAIL: 27_io/basic_istream/ws/wchar_t/1.cc execution test
FAIL: 27_io/basic_ostream/inserters_arithmetic/char/4402.cc execution test
FAIL: 27_io/basic_ostream/inserters_arithmetic/wchar_t/4402.cc execution
test

		=== libstdc++ Summary for unix/-mabi=64 ===

# of expected passes		3459
# of unexpected failures	26
# of expected failures		5

		=== libstdc++ Summary ===

# of expected passes		6918
# of unexpected failures	52
# of expected failures		10

Compiler version: 4.0.0 20050221 (experimental)
Platform: mips-sgi-irix6.5
configure
flags: --enable-shared --enable-haifa --enable-threads=single --enable-lib
java --with-as=/disk4/billingd/tmp/binutils/bin/as --disable-nls --with-gm
p=/usr/local --disable-libmudflap --prefix=/disk4/billingd/tmp/gcc --enabl
e-languages=c,c++,f95,java,objc
Counting all warnings,
there are 35 warnings in stage3 of this bootstrap.

Number of warnings per file:
  13 gcc/config/mips/mips.md
   7 /usr/local/share/bison/bison.simple
   3 gengtype-lex.c
   3 gcc/gcc.c
   2 gcc/objc/lang-specs.h
   2 gcc/java/jcf-io.c
   1 gcc/java/jvspec.c
   1 gcc/fortran/trans-common.c
   1 gcc/fortran/simplify.c
   1 gcc/fortran/resolve.c
   1 gcc/fortran/expr.c

Number of warning types:
   8 old-style function definition
   7 operand 1 missing mode?
   5 operand 0 missing mode?
   4 control may reach end of non-void function '__gmpz_get_ui' being
inlined
   2 label 'yyoverflowlab' defined but not used
   1 string length '844' is greater than the length '509' ISO C89
compilers are required to support
   1 string length '834' is greater than the length '509' ISO C89
compilers are required to support
   1 string length '829' is greater than the length '509' ISO C89
compilers are required to support
   1 string length '783' is greater than the length '509' ISO C89
compilers are required to support
   1 string length '643' is greater than the length '509' ISO C89
compilers are required to support
   1 string length '608' is greater than the length '509' ISO C89
compilers are required to support
   1 source missing a mode?
   1 ISO C forbids passing argument 3 of 'scandir' between function
pointer and 'void *'
   1 ISO C forbids conversion of function pointer to object pointer type


NOTICE
This e-mail and any attachments are private and confidential and may
contain privileged information. If you are not an authorised recipient,
the copying or distribution of this e-mail and any attachments is
prohibited and you must not read, print or act in reliance on this e-mail
or attachments.
This notice should not be removed.



More information about the Gcc-testresults mailing list