Results for 4.0.0 20050221 (experimental) testsuite on ia64-suse-linux-gnu

Andreas Schwab schwab@suse.de
Mon Feb 21 17:46:00 GMT 2005


LAST_UPDATED: Mon Feb 21 09:07:44 UTC 2005

		=== acats tests ===
FAIL:	c32001b
FAIL:	c32001e
FAIL:	c32107a
FAIL:	c32113a
FAIL:	c32115a
FAIL:	c32115b
FAIL:	c34002a
FAIL:	c34005a
FAIL:	c34005d
FAIL:	c34005g
FAIL:	c34005j
FAIL:	c34005m
FAIL:	c34005p
FAIL:	c34005r
FAIL:	c34005s
FAIL:	c34005u
FAIL:	c34006d
FAIL:	c34006j
FAIL:	c34007d
FAIL:	c34007g
FAIL:	c34007p
FAIL:	c34007s
FAIL:	c34011b
FAIL:	c354002
FAIL:	c35502c
FAIL:	c35503c
FAIL:	c35503e
FAIL:	c35503f
FAIL:	c35507c
FAIL:	c35508c
FAIL:	c36104b
FAIL:	c371002
FAIL:	c371003
FAIL:	c37211b
FAIL:	c37213f
FAIL:	c37213h
FAIL:	c37213l
FAIL:	c37402a
FAIL:	c391001
FAIL:	c391002
FAIL:	c392c07
FAIL:	c41203b
FAIL:	c41325a
FAIL:	c432002
FAIL:	c432003
FAIL:	c43204c
FAIL:	c43204e
FAIL:	c43206a
FAIL:	c43208b
FAIL:	c43214c
FAIL:	c45112a
FAIL:	c45112b
FAIL:	c45262a
FAIL:	c45262b
FAIL:	c45262c
FAIL:	c45331a
FAIL:	c45504d
FAIL:	c45504e
FAIL:	c45504f
FAIL:	c460009
FAIL:	c46014a
FAIL:	c46044b
FAIL:	c48006b
FAIL:	c48008a
FAIL:	c52011a
FAIL:	c52102a
FAIL:	c52102b
FAIL:	c52102c
FAIL:	c52102d
FAIL:	c61010a
FAIL:	c64105b
FAIL:	c64106a
FAIL:	c74004a
FAIL:	c761011
FAIL:	c83030a
FAIL:	c83030c
FAIL:	c85005a
FAIL:	c85005c
FAIL:	c85005d
FAIL:	c85005e
FAIL:	c85005g
FAIL:	c85006a
FAIL:	c85006b
FAIL:	c85006c
FAIL:	c85006d
FAIL:	c85006e
FAIL:	c95067a
FAIL:	c95086b
FAIL:	c95087a
FAIL:	c96006a
FAIL:	c9a009a
FAIL:	c9a009c
FAIL:	c9a009h
FAIL:	c9a010a
FAIL:	cb4009a
FAIL:	cc1220a
FAIL:	cc3019c
FAIL:	cc3601a
FAIL:	cd2a21a
FAIL:	cd2a22a
FAIL:	cd2a22e
FAIL:	cd2a23a
FAIL:	cd2a24a
FAIL:	cd2a24e
FAIL:	cd2a32e
FAIL:	cd2b11a
FAIL:	cd2b11b
FAIL:	cdd2a01
FAIL:	ce2102k
FAIL:	ce2401a
FAIL:	ce2401b
FAIL:	ce2401c
FAIL:	ce2411a
FAIL:	ce3102b
FAIL:	ce3103a
FAIL:	ce3104a
FAIL:	ce3603a
FAIL:	ce3704f
FAIL:	ce3809a
FAIL:	ce3809b
FAIL:	ce3905l
FAIL:	cxa3001
FAIL:	cxa3002
FAIL:	cxa3004
FAIL:	cxa4003
FAIL:	cxa4004
FAIL:	cxa4005
FAIL:	cxa4006
FAIL:	cxa4008
FAIL:	cxa4009
FAIL:	cxa4011
FAIL:	cxa4014
FAIL:	cxa4015
FAIL:	cxa4016
FAIL:	cxa4017
FAIL:	cxa4019
FAIL:	cxa4020
FAIL:	cxa4021
FAIL:	cxa4022
FAIL:	cxa4023
FAIL:	cxa4025
FAIL:	cxa4026
FAIL:	cxa4027
FAIL:	cxa4028
FAIL:	cxa4029
FAIL:	cxa4030
FAIL:	cxa4031
FAIL:	cxa4032
FAIL:	cxa4033
FAIL:	cxa4034
FAIL:	cxa5011
FAIL:	cxa5012
FAIL:	cxa5a10
FAIL:	cxaa016
FAIL:	cxac002
FAIL:	cxac003
FAIL:	cxac004
FAIL:	cxaca01
FAIL:	cxaca02
FAIL:	cxb3005
FAIL:	cxb3006
FAIL:	cxb3007
FAIL:	cxb3010
FAIL:	cxb3012
FAIL:	cxb3015
FAIL:	cxb4002
FAIL:	cxb4003
FAIL:	cxb4005
FAIL:	cxb5002
FAIL:	cxb5003
FAIL:	cxf3003
FAIL:	cxf3004
FAIL:	cxf3a01
FAIL:	cxf3a02
FAIL:	cxg1003
FAIL:	cxg2002
FAIL:	cxg2003
FAIL:	cxg2010
FAIL:	cxg2011
FAIL:	cxg2012
FAIL:	cxg2015
FAIL:	cz1102a
FAIL:	cz1103a

		=== acats Summary ===
# of expected passes		2139
# of unexpected failures	183
Native configuration is ia64-suse-linux-gnu

		=== g++ tests ===


Running target unix
FAIL: g++.dg/opt/longbranch1.C (test for excess errors)
XPASS: g++.old-deja/g++.other/init5.C execution test

		=== g++ Summary ===

# of expected passes		10273
# of unexpected failures	1
# of unexpected successes	1
# of expected failures		72
# of unsupported tests		90
/tmp/cvs/gcc-20050221/Build/gcc/testsuite/../g++  version 4.0.0 20050221 (experimental)

		=== gcc tests ===


Running target unix
XPASS: gcc.dg/tree-ssa/loop-1.c scan-assembler-times foo 5
XPASS: gcc.dg/vect/vect-22.c scan-tree-dump-times vectorized 3 loops 1
XPASS: gcc.dg/vect/vect-44.c scan-tree-dump-times Alignment of access forced using peeling 1
XPASS: gcc.dg/vect/vect-50.c scan-tree-dump-times Alignment of access forced using peeling 1
XPASS: gcc.dg/vect/vect-54.c scan-tree-dump-times Alignment of access forced using peeling 1
XPASS: gcc.dg/vect/vect-58.c scan-tree-dump-times Alignment of access forced using peeling 1

		=== gcc Summary ===

# of expected passes		32284
# of unexpected successes	6
# of expected failures		131
# of untested testcases		28
# of unsupported tests		452
/tmp/cvs/gcc-20050221/Build/gcc/xgcc  version 4.0.0 20050221 (experimental)

		=== gfortran tests ===


Running target unix
XPASS: gfortran.dg/ret_pointer_1.f90 execution test
XPASS: gfortran.dg/ret_pointer_1.f90 execution test
XPASS: gfortran.dg/ret_pointer_1.f90 execution test
XPASS: gfortran.dg/ret_pointer_1.f90 execution test
XPASS: gfortran.dg/ret_pointer_1.f90 execution test
XPASS: gfortran.dg/ret_pointer_1.f90 execution test
XPASS: gfortran.dg/ret_pointer_1.f90 execution test
XPASS: gfortran.dg/ret_pointer_1.f90 execution test
FAIL: gfortran.fortran-torture/execute/forall_3.f90 execution,  -O0 
FAIL: gfortran.fortran-torture/execute/forall_3.f90 execution,  -O1 
FAIL: gfortran.fortran-torture/execute/forall_3.f90 execution,  -O2 
FAIL: gfortran.fortran-torture/execute/forall_3.f90 execution,  -O3 -fomit-frame-pointer 
FAIL: gfortran.fortran-torture/execute/forall_3.f90 execution,  -O3 -fomit-frame-pointer -funroll-loops 
FAIL: gfortran.fortran-torture/execute/forall_3.f90 execution,  -O3 -fomit-frame-pointer -funroll-all-loops -finline-functions 
FAIL: gfortran.fortran-torture/execute/forall_3.f90 execution,  -O3 -g 
FAIL: gfortran.fortran-torture/execute/forall_3.f90 execution,  -Os 

		=== gfortran Summary ===

# of expected passes		5261
# of unexpected failures	8
# of unexpected successes	8
# of expected failures		18
# of unsupported tests		8
/tmp/cvs/gcc-20050221/Build/gcc/testsuite/../gfortran  version 4.0.0 20050221 (experimental)

		=== objc tests ===


Running target unix

		=== objc Summary ===

# of expected passes		1532
# of unsupported tests		11
/tmp/cvs/gcc-20050221/Build/gcc/xgcc  version 4.0.0 20050221 (experimental)

		=== libffi tests ===


Running target unix

		=== libffi Summary ===

# of expected passes		216
# of unsupported tests		2
		=== libjava tests ===


Running target unix
FAIL: PR20056 execution - gij test
FAIL: PR20056 execution - gij test

		=== libjava Summary ===

# of expected passes		3765
# of unexpected failures	2
# of expected failures		14
# of untested testcases		18
		=== libmudflap tests ===


Running target unix

		=== libmudflap Summary ===

# of expected passes		1288

		=== libstdc++-v3 check-abi Summary ===

# of added symbols:		 56
# of missing symbols:		 0
# of incompatible symbols:	 2

using: /tmp/cvs/gcc-20050221/libstdc++-v3/config/abi/ia64-linux-gnu/baseline_symbols.txt

		=== libstdc++ tests ===


Running target unix
FAIL: 18_support/14026.cc execution test
XPASS: 22_locale/locale/cons/12658_thread-1.cc execution test
FAIL: 23_containers/vector/capacity/8230.cc execution test
XPASS: 26_numerics/cmath/c99_classification_macros_c.cc (test for excess errors)
XPASS: 27_io/fpos/14320-1.cc execution test

		=== libstdc++ Summary ===

# of expected passes		3511
# of unexpected failures	2
# of unexpected successes	3
# of expected failures		4

Compiler version: 4.0.0 20050221 (experimental) 
Platform: ia64-suse-linux-gnu
configure flags: --host=ia64-suse-linux --enable-shared --enable-threads --enable-__cxa_atexit --with-system-zlib --with-system-libunwind --enable-languages=c,ada,c++,f95,java,objc



More information about the Gcc-testresults mailing list