Results for 4.0.0 20050219 (experimental) testsuite on sparc-sun-solaris2.8

Eric Botcazou eric@localhost.localhost
Sun Feb 20 20:01:00 GMT 2005


LAST_UPDATED: Sat Feb 19 05:47:05 UTC 2005

		=== acats tests ===
FAIL:	c32001e
FAIL:	c391002
FAIL:	c432002
FAIL:	c43214c
FAIL:	c52011a
FAIL:	c64105b
FAIL:	c85006e
FAIL:	c95086b
FAIL:	cc1221d
FAIL:	cd2b11a
FAIL:	cd2b11b
FAIL:	cxa3004
FAIL:	cxa4006
FAIL:	cxa4017
FAIL:	cxb3006

		=== acats Summary ===
# of expected passes		2307
# of unexpected failures	15
Native configuration is sparc-sun-solaris2.8

		=== g++ tests ===


Running target unix

		=== g++ Summary ===

# of expected passes		10573
# of expected failures		73
# of unsupported tests		117
/opt/build/eric/gcc/gcc/testsuite/../g++  version 4.0.0 20050219 (experimental)

		=== gcc tests ===


Running target unix
XPASS: gcc.dg/cpp/cmdlne-dI-M.c scan-file (^|\\\\n)cmdlne-dI-M.*:[^\\\\n]*cmdlne-dI-M.c
XPASS: gcc.dg/cpp/cmdlne-dM-M.c scan-file (^|\\\\n)cmdlne-dM-M[^\\\\n]*:[^\\\\n]*cmdlne-dM-M.c

		=== gcc Summary ===

# of expected passes		32666
# of unexpected successes	2
# of expected failures		104
# of untested testcases		28
# of unsupported tests		505
/opt/build/eric/gcc/gcc/xgcc  version 4.0.0 20050219 (experimental)

		=== gfortran tests ===


Running target unix
XPASS: gfortran.dg/ret_pointer_1.f90  -O0  execution test
XPASS: gfortran.dg/ret_pointer_1.f90  -O1  execution test
XPASS: gfortran.dg/ret_pointer_1.f90  -O2  execution test
XPASS: gfortran.dg/ret_pointer_1.f90  -O3 -fomit-frame-pointer  execution test
XPASS: gfortran.dg/ret_pointer_1.f90  -O3 -fomit-frame-pointer -funroll-loops  execution test
XPASS: gfortran.dg/ret_pointer_1.f90  -O3 -fomit-frame-pointer -funroll-all-loops -finline-functions  execution test
XPASS: gfortran.dg/ret_pointer_1.f90  -O3 -g  execution test
FAIL: gfortran.fortran-torture/execute/forall_3.f90 execution,  -O1 

		=== gfortran Summary ===

# of expected passes		5236
# of unexpected failures	1
# of unexpected successes	7
# of expected failures		19
# of unsupported tests		8
/opt/build/eric/gcc/gcc/testsuite/../gfortran  version 4.0.0 20050219 (experimental)

		=== objc tests ===


Running target unix

		=== objc Summary ===

# of expected passes		1534
# of unsupported tests		10
/opt/build/eric/gcc/gcc/xgcc  version 4.0.0 20050219 (experimental)

		=== libffi tests ===


Running target unix

		=== libffi Summary ===

# of expected passes		216
# of unsupported tests		2
		=== libjava tests ===


Running target unix
FAIL: Array_3 execution - gij test
FAIL: Array_3 execution - gij test
FAIL: FileHandleGcTest execution - source compiled test
FAIL: FileHandleGcTest execution - gij test
FAIL: FileHandleGcTest execution - bytecode->native test
FAIL: FileHandleGcTest -O3 execution - source compiled test
FAIL: FileHandleGcTest execution - gij test
FAIL: FileHandleGcTest -O3 execution - bytecode->native test
FAIL: PR20056 execution - gij test
FAIL: PR20056 execution - gij test

		=== libjava Summary ===

# of expected passes		3749
# of unexpected failures	10
# of expected failures		14
# of untested testcases		26
		=== libstdc++ tests ===


Running target unix
FAIL: 18_support/14026.cc execution test

		=== libstdc++ Summary ===

# of expected passes		3504
# of unexpected failures	1
# of expected failures		7

Compiler version: 4.0.0 20050219 (experimental) 
Platform: sparc-sun-solaris2.8
configure flags: --prefix=/opt/build/eric/local/gcc --with-gmp=/opt/build/eric/local --with-mpfr=/opt/build/eric/local --with-local-prefix=/opt/build/eric/local --enable-checking=assert,misc,rtlflag --disable-multilib --enable-languages=c,ada,c++,f95,java,objc
BOOT_CFLAGS=-g -O2



More information about the Gcc-testresults mailing list