Results for 4.0.0 20050218 (experimental) testsuite on powerpc-apple-darwin7.8.0
Geert Bosch
bosch@gnat.com
Sun Feb 20 00:58:00 GMT 2005
Results of run with C, Objective-C, Ada, Fortran, as both
Java and C++ had build failures in their libraries.
This is a run with Jason's gimplify.c patch reverted.
For the rest this is an unpatched tree, except for
the changes mentioned in
http://gcc.gnu.org/bugzilla/show_bug.cgi?id=18692
to add an initial Ada dg testsuite. However, the
configuration of that isn't exactly right yet.
-Geert
LAST_UPDATED:
Native configuration is powerpc-apple-darwin7.8.0
=== ada tests ===
Running target unix
ERROR: (DejaGnu) proc "find_gnatmake" does not exist.
=== ada Summary ===
=== acats tests ===
FAIL: c250002
FAIL: c32001e
FAIL: c34002a
FAIL: c37402a
FAIL: c391002
FAIL: c432002
FAIL: c43214c
FAIL: c460007
FAIL: c52011a
FAIL: c64105b
FAIL: c85006e
FAIL: c95086b
FAIL: cc1221d
FAIL: cc3230a
FAIL: cd2b11a
FAIL: cd2b11b
FAIL: cdd2a02
FAIL: cxa3004
FAIL: cxa4006
FAIL: cxa4017
FAIL: cxaca01
FAIL: cxb3006
=== acats Summary ===
# of expected passes 2300
# of unexpected failures 22
=== gcc tests ===
Running target unix
FAIL: tmpdir-gcc.dg-struct-layout-1/t001 c_compat_x_tst.o-c_compat_y_tst.o execute
FAIL: tmpdir-gcc.dg-struct-layout-1/t024 c_compat_x_tst.o-c_compat_y_tst.o execute
FAIL: tmpdir-gcc.dg-struct-layout-1/t025 c_compat_x_tst.o-c_compat_y_tst.o execute
FAIL: tmpdir-gcc.dg-struct-layout-1/t026 c_compat_x_tst.o-c_compat_y_tst.o execute
FAIL: tmpdir-gcc.dg-struct-layout-1/t027 c_compat_x_tst.o-c_compat_y_tst.o execute
FAIL: tmpdir-gcc.dg-struct-layout-1/t028 c_compat_x_tst.o-c_compat_y_tst.o execute
XPASS: gcc.dg/cpp/cmdlne-dI-M.c scan-file (^|\\\\n)cmdlne-dI-M.*:[^\\\\n]*cmdlne-dI-M.c
XPASS: gcc.dg/cpp/cmdlne-dM-M.c scan-file (^|\\\\n)cmdlne-dM-M[^\\\\n]*:[^\\\\n]*cmdlne-dM-M.c
FAIL: gcc.dg/altivec-1.c (test for excess errors)
WARNING: gcc.dg/altivec-1.c compilation failed to produce executable
FAIL: gcc.dg/altivec-12.c (test for excess errors)
WARNING: gcc.dg/altivec-12.c compilation failed to produce executable
FAIL: gcc.dg/altivec-3.c (test for excess errors)
WARNING: gcc.dg/altivec-3.c compilation failed to produce executable
FAIL: gcc.dg/altivec-varargs-1.c (test for excess errors)
WARNING: gcc.dg/altivec-varargs-1.c compilation failed to produce executable
FAIL: gcc.dg/darwin-longlong.c (test for excess errors)
WARNING: gcc.dg/darwin-longlong.c compilation failed to produce executable
FAIL: gcc.dg/rs6000-power2-2.c scan-assembler-not lfd
FAIL: gcc.dg/rs6000-power2-2.c scan-assembler lfq
FAIL: gcc.dg/rs6000-power2-2.c scan-assembler stfq
FAIL: gcc.dg/vect/vect-82_64.c (test for excess errors)
WARNING: gcc.dg/vect/vect-82_64.c compilation failed to produce executable
FAIL: gcc.dg/vect/vect-83_64.c (test for excess errors)
WARNING: gcc.dg/vect/vect-83_64.c compilation failed to produce executable
FAIL: gcc.dg/vmx/darwin-abi-3.c -O0 execution test
FAIL: gcc.dg/vmx/darwin-abi-3.c -O1 execution test
FAIL: gcc.dg/vmx/darwin-abi-3.c -O2 execution test
FAIL: gcc.dg/vmx/darwin-abi-3.c -O3 -fomit-frame-pointer execution test
FAIL: gcc.dg/vmx/darwin-abi-3.c -O3 -g execution test
FAIL: gcc.dg/vmx/darwin-abi-3.c -Os execution test
=== gcc Summary ===
# of expected passes 33398
# of unexpected failures 22
# of unexpected successes 2
# of expected failures 97
# of untested testcases 28
# of unsupported tests 424
/Users/bosch/bld/gcc/xgcc version 4.0.0 20050218 (experimental)
=== gfortran tests ===
Running target unix
XPASS: gfortran.dg/ret_pointer_1.f90 -O0 execution test
XPASS: gfortran.dg/ret_pointer_1.f90 -O1 execution test
XPASS: gfortran.dg/ret_pointer_1.f90 -O2 execution test
XPASS: gfortran.dg/ret_pointer_1.f90 -O3 -fomit-frame-pointer execution test
XPASS: gfortran.dg/ret_pointer_1.f90 -O3 -fomit-frame-pointer -funroll-loops execution test
XPASS: gfortran.dg/ret_pointer_1.f90 -O3 -fomit-frame-pointer -funroll-all-loops -finline-functions execution test
XPASS: gfortran.dg/ret_pointer_1.f90 -O3 -g execution test
XPASS: gfortran.dg/ret_pointer_1.f90 -Os execution test
FAIL: gfortran.fortran-torture/execute/forall_3.f90 execution, -O1
FAIL: gfortran.fortran-torture/execute/forall_3.f90 execution, -O2
FAIL: gfortran.fortran-torture/execute/forall_3.f90 execution, -O3 -fomit-frame-pointer
FAIL: gfortran.fortran-torture/execute/forall_3.f90 execution, -O3 -fomit-frame-pointer -funroll-loops
FAIL: gfortran.fortran-torture/execute/forall_3.f90 execution, -O3 -fomit-frame-pointer -funroll-all-loops -finline-functions
FAIL: gfortran.fortran-torture/execute/forall_3.f90 execution, -O3 -g
FAIL: gfortran.fortran-torture/execute/forall_3.f90 execution, -Os
=== gfortran Summary ===
# of expected passes 5230
# of unexpected failures 7
# of unexpected successes 8
# of expected failures 18
# of unsupported tests 8
/Users/bosch/bld/gcc/testsuite/../gfortran version 4.0.0 20050218 (experimental)
=== objc tests ===
Running target unix
FAIL: objc.dg/selector-2.m (test for excess errors)
=== objc Summary ===
# of expected passes 1556
# of unexpected failures 1
# of unsupported tests 1
/Users/bosch/bld/gcc/xgcc version 4.0.0 20050218 (experimental)
Compiler version: 4.0.0 20050218 (experimental)
Platform: powerpc-apple-darwin7.8.0
configure flags: --prefix=/opt/gcc-head --with-mpfr=/opt --with-gmp=/opt --enable-languages=c,objc,ada,f95,;t t
More information about the Gcc-testresults
mailing list