Results for 4.0.0 20050217 (experimental) testsuite on hppa-unknown-linux-gnu

John David Anglin dave@hiauly6.hia.nrc.ca
Sat Feb 19 22:07:00 GMT 2005


LAST_UPDATED: Sat Feb 19 15:41:28 UTC 2005

		=== acats tests ===
FAIL:	c32001e
FAIL:	c391002
FAIL:	c432002
FAIL:	c43214c
FAIL:	c45532j
FAIL:	c45532l
FAIL:	c45532m
FAIL:	c45532n
FAIL:	c45532o
FAIL:	c45532p
FAIL:	c52011a
FAIL:	c62003a
FAIL:	c62003b
FAIL:	c64103e
FAIL:	c64103f
FAIL:	c64104j
FAIL:	c64104k
FAIL:	c64104l
FAIL:	c64104m
FAIL:	c64104n
FAIL:	c64105b
FAIL:	c95086b
FAIL:	c96005d
FAIL:	cb3004a
FAIL:	cb4001a
FAIL:	cc1221d
FAIL:	cc3017c
FAIL:	cc3120a
FAIL:	cd2b11a
FAIL:	cd2b11b
FAIL:	ce3806g
FAIL:	ce3806h
FAIL:	ce3810b
FAIL:	cxa3004
FAIL:	cxa4006
FAIL:	cxa4017
FAIL:	cxa5015
FAIL:	cxaa008
FAIL:	cxb3006
FAIL:	cxf2001
FAIL:	cxf2002
FAIL:	cxf2003
FAIL:	cxf2004
FAIL:	cxf2005
FAIL:	cxf2a02
FAIL:	cxg2004
FAIL:	cxg2013
FAIL:	cxg2022
FAIL:	cxg2024

		=== acats Summary ===
# of expected passes		1918
# of unexpected failures	49
# of unsupported tests		355
Native configuration is hppa-unknown-linux-gnu

		=== g++ tests ===


Running target unix
FAIL: g++.dg/conversion/simd1.C (test for excess errors)
FAIL: g++.dg/ext/attribute-test-1.C (test for excess errors)
WARNING: g++.dg/ext/attribute-test-1.C compilation failed to produce executable
FAIL: g++.dg/ext/attribute-test-2.C (test for excess errors)
WARNING: g++.dg/ext/attribute-test-2.C compilation failed to produce executable
FAIL: g++.dg/ext/attribute-test-3.C (test for excess errors)
WARNING: g++.dg/ext/attribute-test-3.C compilation failed to produce executable
FAIL: g++.dg/ext/attribute-test-4.C (test for excess errors)
WARNING: g++.dg/ext/attribute-test-4.C compilation failed to produce executable
FAIL: g++.dg/inherit/thunk2.C (test for excess errors)
XPASS: g++.old-deja/g++.other/init5.C execution test

		=== g++ Summary ===

# of expected passes		10617
# of unexpected failures	6
# of unexpected successes	1
# of expected failures		69
# of unsupported tests		92
/home/dave/gnu/gcc-4.0/objdir/gcc/testsuite/../g++  version 4.0.0 20050217 (experimental)

		=== gcc tests ===


Running target unix
FAIL: gcc.c-torture/execute/20050121-1.c execution,  -O0 
FAIL: gcc.c-torture/execute/20050121-1.c execution,  -O1 
FAIL: gcc.c-torture/execute/20050121-1.c execution,  -O2 
FAIL: gcc.c-torture/execute/20050121-1.c execution,  -O3 -fomit-frame-pointer 
FAIL: gcc.c-torture/execute/20050121-1.c execution,  -O3 -g 
FAIL: gcc.c-torture/execute/20050121-1.c execution,  -Os 
FAIL: gcc.c-torture/execute/complex-1.c execution,  -O0 
FAIL: gcc.c-torture/execute/complex-1.c execution,  -O1 
FAIL: gcc.c-torture/execute/complex-1.c execution,  -O2 
FAIL: gcc.c-torture/execute/complex-1.c execution,  -O3 -fomit-frame-pointer 
FAIL: gcc.c-torture/execute/complex-1.c execution,  -O3 -g 
FAIL: gcc.c-torture/execute/complex-1.c execution,  -Os 
FAIL: gcc.c-torture/unsorted/USIcmp.c,  -O1  
FAIL: gcc.c-torture/unsorted/USIcmp.c,  -O2  
FAIL: gcc.c-torture/unsorted/USIcmp.c,  -O3 -fomit-frame-pointer  
FAIL: gcc.c-torture/unsorted/USIcmp.c,  -O3 -g  
FAIL: gcc.c-torture/unsorted/USIcmp.c,  -Os  
XPASS: gcc.dg/const-elim-1.c scan-assembler-not L\\\\\$?C[^A-Z]
FAIL: gcc.dg/pr19633-1.c (test for excess errors)
WARNING: gcc.dg/pr19633-1.c compilation failed to produce executable
XPASS: gcc.dg/tree-ssa/loop-1.c scan-assembler-times foo 5

		=== gcc Summary ===

# of expected passes		32327
# of unexpected failures	18
# of unexpected successes	2
# of expected failures		74
# of untested testcases		28
# of unsupported tests		462
/home/dave/gnu/gcc-4.0/objdir/gcc/xgcc  version 4.0.0 20050217 (experimental)

		=== gfortran tests ===


Running target unix
XPASS: gfortran.dg/ret_pointer_1.f90  -O0  execution test
XPASS: gfortran.dg/ret_pointer_1.f90  -O1  execution test
XPASS: gfortran.dg/ret_pointer_1.f90  -O2  execution test
XPASS: gfortran.dg/ret_pointer_1.f90  -O3 -fomit-frame-pointer  execution test
XPASS: gfortran.dg/ret_pointer_1.f90  -O3 -fomit-frame-pointer -funroll-loops  execution test
XPASS: gfortran.dg/ret_pointer_1.f90  -O3 -fomit-frame-pointer -funroll-all-loops -finline-functions  execution test
XPASS: gfortran.dg/ret_pointer_1.f90  -O3 -g  execution test
XPASS: gfortran.dg/ret_pointer_1.f90  -Os  execution test
FAIL: gfortran.fortran-torture/execute/forall_3.f90 execution,  -O1 
FAIL: gfortran.fortran-torture/execute/forall_3.f90 execution,  -Os 

		=== gfortran Summary ===

# of expected passes		5219
# of unexpected failures	2
# of unexpected successes	8
# of expected failures		18
# of unsupported tests		8
/home/dave/gnu/gcc-4.0/objdir/gcc/testsuite/../gfortran  version 4.0.0 20050217 (experimental)

		=== objc tests ===


Running target unix

		=== objc Summary ===

# of expected passes		1534
# of unsupported tests		10
/home/dave/gnu/gcc-4.0/objdir/gcc/xgcc  version 4.0.0 20050217 (experimental)

		=== libffi tests ===


Running target unix
FAIL: libffi.call/cls_5byte.c output pattern test, is 127 120 1 12 128 9: 139 248 10
FAIL: libffi.call/cls_6byte.c output pattern test, is 127 120 1 128 12 128 9 127: 139 248 10 255
FAIL: libffi.call/cls_align_sint16.c output pattern test, is 12 4951 127 1 9320 13: 13 14271 140
FAIL: libffi.call/cls_align_uint16.c output pattern test, is 12 4951 127 1 9320 13: 13 14271 140

		=== libffi Summary ===

# of expected passes		212
# of unexpected failures	4
# of unsupported tests		2
		=== libjava tests ===


Running target unix
WARNING: program timed out.
FAIL: PR218 execution - source compiled test
WARNING: program timed out.
FAIL: PR218 execution - bytecode->native test
WARNING: program timed out.
FAIL: PR218 -O3 execution - source compiled test
WARNING: program timed out.
FAIL: PR218 -O3 execution - bytecode->native test
FAIL: Serialization output - gij test
FAIL: Serialization output - gij test
WARNING: program timed out.
FAIL: SyncTest -O3 execution - source compiled test
FAIL: negzero output - gij test
FAIL: negzero output - gij test

		=== libjava Summary ===

# of expected passes		3737
# of unexpected failures	9
# of expected failures		14
# of untested testcases		21
		=== libmudflap tests ===


Running target unix
FAIL: libmudflap.c/pass49-frag.c execution test
FAIL: libmudflap.c/pass49-frag.c output pattern test
FAIL: libmudflap.c/pass49-frag.c (-static) execution test
FAIL: libmudflap.c/pass49-frag.c (-static) output pattern test
FAIL: libmudflap.c/pass49-frag.c (-O2) execution test
FAIL: libmudflap.c/pass49-frag.c (-O2) output pattern test
FAIL: libmudflap.c/pass49-frag.c (-O3) execution test
FAIL: libmudflap.c/pass49-frag.c (-O3) output pattern test
FAIL: libmudflap.cth/pass40-frag.c execution test
FAIL: libmudflap.cth/pass40-frag.c output pattern test
FAIL: libmudflap.cth/pass40-frag.c (-O2) execution test
FAIL: libmudflap.cth/pass40-frag.c (-O2) output pattern test
FAIL: libmudflap.cth/pass40-frag.c (-O3) execution test
FAIL: libmudflap.cth/pass40-frag.c (-O3) output pattern test

		=== libmudflap Summary ===

# of expected passes		1274
# of unexpected failures	14

		=== libstdc++-v3 check-abi Summary ===

# of added symbols:		 63
# of missing symbols:		 0
# of incompatible symbols:	 0

using: /home/dave/gnu/gcc-4.0/gcc/libstdc++-v3/config/abi/hppa-linux-gnu/baseline_symbols.txt

		=== libstdc++ tests ===


Running target unix
XPASS: 26_numerics/cmath/c99_classification_macros_c.cc (test for excess errors)
FAIL: 26_numerics/complex/13450.cc execution test
FAIL: 27_io/basic_filebuf/sgetn/char/1-in.cc execution test
FAIL: 27_io/basic_filebuf/sgetn/char/1-io.cc execution test
FAIL: 27_io/basic_filebuf/sgetn/char/2-in.cc execution test
FAIL: 27_io/basic_filebuf/sgetn/char/2-io.cc execution test
FAIL: 27_io/basic_filebuf/underflow/wchar_t/11603.cc execution test
FAIL: 27_io/basic_istream/readsome/char/6746-2.cc execution test
FAIL: 27_io/basic_istream/readsome/wchar_t/6746-2.cc execution test

		=== libstdc++ Summary ===

# of expected passes		3474
# of unexpected failures	8
# of unexpected successes	1
# of expected failures		6

Compiler version: 4.0.0 20050217 (experimental) 
Platform: hppa-unknown-linux-gnu
configure flags: --with-gnu-as --with-as=/home/dave/opt/gnu/bin/as --with-gnu-ld --with-ld=/home/dave/opt/gnu/bin/ld --enable-shared --prefix=/home/dave/opt/gnu/gcc/gcc-4.0.0 --with-local-prefix=/home/dave/opt/gnu --enable-threads=posix --enable-__cxa_atexit --host=hppa-linux --enable-clocale=gnu --enable-java-gc=boehm --enable-java-awt=xlib --enable-languages=c,ada,c++,f95,java,objc



More information about the Gcc-testresults mailing list